{"id":9654,"date":"2024-05-28T20:56:19","date_gmt":"2024-05-28T19:56:19","guid":{"rendered":"https:\/\/store.microbiotech.dz\/?post_type=product&#038;p=9654"},"modified":"2024-06-01T10:43:03","modified_gmt":"2024-06-01T09:43:03","slug":"multiparametre-4-en-1","status":"publish","type":"product","link":"https:\/\/store.microbiotech.dz\/index.php\/produit\/multiparametre-4-en-1\/","title":{"rendered":"Multiparam\u00e8tre 4 en 1"},"content":{"rendered":"<p>Ce Multiparam\u00e8tre 4 en 1 est de haute qualit\u00e9, est id\u00e9al pour multiples applications. Il permet de mesurer la salinit\u00e9 (0 ~ 10000 ppm\/10.1 ~ 250.0 ppt ou 0.01-25.00%), le TDS, l&rsquo;EC et la temp\u00e9rature avec pr\u00e9cision et rapidit\u00e9. Il dispose d&rsquo;une fonction de compensation automatique de la temp\u00e9rature (0 \u2103 ~ 60 \u2103) pour r\u00e9duire les erreurs dues aux variations de temp\u00e9rature des liquides.<\/p>\n<p>Gr\u00e2ce \u00e0 son \u00e9cran LCD r\u00e9tro\u00e9clair\u00e9 vert, les valeurs mesur\u00e9es sont facilement lisibles m\u00eame en cas de faible luminosit\u00e9. Il est possible d&rsquo;utiliser cet instrument polyvalent pour v\u00e9rifier la teneur en sel d&rsquo;aliments, de piscines, d&rsquo;\u00e9tangs, ainsi que la salinit\u00e9 de l&rsquo;eau de mer et des aquariums.<\/p>\n","protected":false},"excerpt":{"rendered":"<p>&nbsp;<\/p>\n<p>Origine : <strong>Chine<\/strong> <img loading=\"lazy\" decoding=\"async\" class=\"alignnone wp-image-1795\" src=\"https:\/\/store.microbiotech.dz\/wp-content\/uploads\/2022\/04\/China-Flag.png\" alt=\"\" width=\"28\" height=\"28\" srcset=\"https:\/\/store.microbiotech.dz\/wp-content\/uploads\/2022\/04\/China-Flag.png 224w, https:\/\/store.microbiotech.dz\/wp-content\/uploads\/2022\/04\/China-Flag-150x150.png 150w, https:\/\/store.microbiotech.dz\/wp-content\/uploads\/2022\/04\/China-Flag-100x100.png 100w\" sizes=\"auto, (max-width: 28px) 100vw, 28px\" \/><br \/>\n<span id=\"tl_9\" data-spm-anchor-id=\"a2g0o.detail.1000023.i0.6146dDAVdDAVsa\">SEL:<\/span><br \/>\n<span id=\"tl_10\">Plage de mesure: <strong>1-10000ppm, 10.1-250.0ppt, 0.01%-25.0%<\/strong><\/span><br \/>\n<span id=\"tl_11\">R\u00e9solution: <strong>1ppm, 0.1ppt, 0.01%<\/strong><\/span><br \/>\n<span id=\"tl_12\">Pr\u00e9cision: <strong>0.01%-5.00%(\u00b1 0.1%), 5.10%-25.00%(\u00b1 1%)<\/strong><\/span><br \/>\n<span id=\"tl_13\">EC:<\/span><br \/>\n<span id=\"tl_14\">Plage de mesure: <strong>0-10000us\/cm,10.01-19.99 mS\/cm, 20.1-400 mS\/cm<\/strong><\/span><br \/>\n<span id=\"tl_15\">R\u00e9solution: <strong>1us\/cm, 0.1 mS\/cm<\/strong><\/span><br \/>\n<span id=\"tl_16\">Pr\u00e9cision: <strong>\u00b1 2% F.S.<\/strong><\/span><br \/>\n<span id=\"tl_17\">TDS:<\/span><br \/>\n<span id=\"tl_18\">Plage de mesure: <strong>0-10000ppm 10.1-200.0ppt<\/strong><\/span><br \/>\n<span id=\"tl_19\">R\u00e9solution: <strong>1ppm, 0.1ppt<\/strong><\/span><br \/>\n<span id=\"tl_20\">Pr\u00e9cision: <strong>\u00b1 2% F.S.<\/strong><\/span><br \/>\n<span id=\"tl_21\">Temp\u00e9rature<\/span><br \/>\n<span id=\"tl_22\">Plage de mesure: <strong>0.1 \u2103-60 \u2103\/32-140 \u2109<\/strong><\/span><br \/>\n<span id=\"tl_23\">Pr\u00e9cision: <strong>\u00b1 0.5 \u2103<\/strong><\/span><br \/>\n<span id=\"tl_24\">Environnement d&rsquo;op\u00e9ration: <strong>0 \u2103-60 \u2103, RH100 %<\/strong><\/span><br \/>\n<span id=\"tl_25\">Batterie: <strong>3*1.5V(LR44), non incluse<\/strong><\/span><br \/>\n<span id=\"tl_27\">Affichage: <strong>Affichage num\u00e9rique LCD<\/strong><\/span><br \/>\n<span id=\"tl_29\" data-spm-anchor-id=\"a2g0o.detail.1000023.i2.6146dDAVdDAVsa\">Arr\u00eat automatique: <strong>5 minutes<\/strong><\/span><\/p>\n","protected":false},"featured_media":9656,"comment_status":"open","ping_status":"closed","template":"","meta":{"site-sidebar-layout":"default","site-content-layout":"default","ast-site-content-layout":"default","site-content-style":"default","site-sidebar-style":"default","ast-global-header-display":"","ast-banner-title-visibility":"","ast-main-header-display":"","ast-hfb-above-header-display":"","ast-hfb-below-header-display":"","ast-hfb-mobile-header-display":"","site-post-title":"","ast-breadcrumbs-content":"","ast-featured-img":"","footer-sml-layout":"","ast-disable-related-posts":"","theme-transparent-header-meta":"default","adv-header-id-meta":"","stick-header-meta":"","header-above-stick-meta":"","header-main-stick-meta":"","header-below-stick-meta":"","astra-migrate-meta-layouts":"set","ast-page-background-enabled":"default","ast-page-background-meta":{"desktop":{"background-color":"var(--ast-global-color-4)","background-image":"","background-repeat":"repeat","background-position":"center center","background-size":"auto","background-attachment":"scroll","background-type":"","background-media":"","overlay-type":"","overlay-color":"","overlay-opacity":"","overlay-gradient":""},"tablet":{"background-color":"","background-image":"","background-repeat":"repeat","background-position":"center center","background-size":"auto","background-attachment":"scroll","background-type":"","background-media":"","overlay-type":"","overlay-color":"","overlay-opacity":"","overlay-gradient":""},"mobile":{"background-color":"","background-image":"","background-repeat":"repeat","background-position":"center center","background-size":"auto","background-attachment":"scroll","background-type":"","background-media":"","overlay-type":"","overlay-color":"","overlay-opacity":"","overlay-gradient":""}},"ast-content-background-meta":{"desktop":{"background-color":"var(--ast-global-color-5)","background-image":"","background-repeat":"repeat","background-position":"center center","background-size":"auto","background-attachment":"scroll","background-type":"","background-media":"","overlay-type":"","overlay-color":"","overlay-opacity":"","overlay-gradient":""},"tablet":{"background-color":"var(--ast-global-color-5)","background-image":"","background-repeat":"repeat","background-position":"center center","background-size":"auto","background-attachment":"scroll","background-type":"","background-media":"","overlay-type":"","overlay-color":"","overlay-opacity":"","overlay-gradient":""},"mobile":{"background-color":"var(--ast-global-color-5)","background-image":"","background-repeat":"repeat","background-position":"center center","background-size":"auto","background-attachment":"scroll","background-type":"","background-media":"","overlay-type":"","overlay-color":"","overlay-opacity":"","overlay-gradient":""}},"jetpack_post_was_ever_published":false},"product_brand":[],"product_cat":[238],"product_tag":[1106,1107,220,930,1231,1896,1155,1156,1262,548],"class_list":{"0":"post-9654","1":"product","2":"type-product","3":"status-publish","4":"has-post-thumbnail","6":"product_cat-equipements","7":"product_tag-conductimetre","8":"product_tag-conductivite","9":"product_tag-ec","10":"product_tag-f90","11":"product_tag-multiparametre","12":"product_tag-salinite","13":"product_tag-tds","14":"product_tag-tds-ec-metre","15":"product_tag-temperature","16":"product_tag-temperature-meter","17":"product_shipping_class-temperature-ambiante","18":"desktop-align-center","19":"tablet-align-left","20":"mobile-align-left","22":"first","23":"instock","24":"taxable","25":"shipping-taxable","26":"purchasable","27":"product-type-simple"},"yoast_head":"<!-- This site is optimized with the Yoast SEO plugin v27.4 - https:\/\/yoast.com\/product\/yoast-seo-wordpress\/ -->\n<title>Multiparam\u00e8tre 4 en 1 - La Boutique en ligne<\/title>\n<meta name=\"description\" content=\"Si vous cherchez un Multiparam\u00e8tre 4 en 1 (salinit\u00e9, temp\u00e9rature, TDS, EC) super pr\u00e9cis et fiable, c&#039;est celui qu&#039;il vous faut. Disponible au meilleur prix.\" \/>\n<meta name=\"robots\" content=\"index, follow, max-snippet:-1, max-image-preview:large, max-video-preview:-1\" \/>\n<link rel=\"canonical\" href=\"https:\/\/store.microbiotech.dz\/index.php\/produit\/multiparametre-4-en-1\/\" \/>\n<meta property=\"og:locale\" content=\"fr_FR\" \/>\n<meta property=\"og:type\" content=\"article\" \/>\n<meta property=\"og:title\" content=\"Multiparam\u00e8tre 4 en 1 - La Boutique en ligne\" \/>\n<meta property=\"og:description\" content=\"Si vous cherchez un Multiparam\u00e8tre 4 en 1 (salinit\u00e9, temp\u00e9rature, TDS, EC) super pr\u00e9cis et fiable, c&#039;est celui qu&#039;il vous faut. Disponible au meilleur prix.\" \/>\n<meta property=\"og:url\" content=\"https:\/\/store.microbiotech.dz\/index.php\/produit\/multiparametre-4-en-1\/\" \/>\n<meta property=\"og:site_name\" content=\"La Boutique en ligne\" \/>\n<meta property=\"article:publisher\" content=\"https:\/\/www.facebook.com\/MicroBiotech.dz\" \/>\n<meta property=\"article:modified_time\" content=\"2024-06-01T09:43:03+00:00\" \/>\n<meta property=\"og:image\" content=\"https:\/\/store.microbiotech.dz\/wp-content\/uploads\/2024\/05\/4en1.webp\" \/>\n\t<meta property=\"og:image:width\" content=\"600\" \/>\n\t<meta property=\"og:image:height\" content=\"600\" \/>\n\t<meta property=\"og:image:type\" content=\"image\/webp\" \/>\n<meta name=\"twitter:card\" content=\"summary_large_image\" \/>\n<meta name=\"twitter:site\" content=\"@MicrobiotechD\" \/>\n<meta name=\"twitter:label1\" content=\"Dur\u00e9e de lecture estim\u00e9e\" \/>\n\t<meta name=\"twitter:data1\" content=\"1 minute\" \/>\n<script type=\"application\/ld+json\" class=\"yoast-schema-graph\">{\"@context\":\"https:\\\/\\\/schema.org\",\"@graph\":[{\"@type\":\"WebPage\",\"@id\":\"https:\\\/\\\/store.microbiotech.dz\\\/index.php\\\/produit\\\/multiparametre-4-en-1\\\/\",\"url\":\"https:\\\/\\\/store.microbiotech.dz\\\/index.php\\\/produit\\\/multiparametre-4-en-1\\\/\",\"name\":\"Multiparam\u00e8tre 4 en 1 - La Boutique en ligne\",\"isPartOf\":{\"@id\":\"https:\\\/\\\/store.microbiotech.dz\\\/#website\"},\"primaryImageOfPage\":{\"@id\":\"https:\\\/\\\/store.microbiotech.dz\\\/index.php\\\/produit\\\/multiparametre-4-en-1\\\/#primaryimage\"},\"image\":{\"@id\":\"https:\\\/\\\/store.microbiotech.dz\\\/index.php\\\/produit\\\/multiparametre-4-en-1\\\/#primaryimage\"},\"thumbnailUrl\":\"https:\\\/\\\/store.microbiotech.dz\\\/wp-content\\\/uploads\\\/2024\\\/05\\\/4en1.webp\",\"datePublished\":\"2024-05-28T19:56:19+00:00\",\"dateModified\":\"2024-06-01T09:43:03+00:00\",\"description\":\"Si vous cherchez un Multiparam\u00e8tre 4 en 1 (salinit\u00e9, temp\u00e9rature, TDS, EC) super pr\u00e9cis et fiable, c'est celui qu'il vous faut. Disponible au meilleur prix.\",\"breadcrumb\":{\"@id\":\"https:\\\/\\\/store.microbiotech.dz\\\/index.php\\\/produit\\\/multiparametre-4-en-1\\\/#breadcrumb\"},\"inLanguage\":\"fr-FR\",\"potentialAction\":[{\"@type\":\"ReadAction\",\"target\":[\"https:\\\/\\\/store.microbiotech.dz\\\/index.php\\\/produit\\\/multiparametre-4-en-1\\\/\"]}]},{\"@type\":\"ImageObject\",\"inLanguage\":\"fr-FR\",\"@id\":\"https:\\\/\\\/store.microbiotech.dz\\\/index.php\\\/produit\\\/multiparametre-4-en-1\\\/#primaryimage\",\"url\":\"https:\\\/\\\/store.microbiotech.dz\\\/wp-content\\\/uploads\\\/2024\\\/05\\\/4en1.webp\",\"contentUrl\":\"https:\\\/\\\/store.microbiotech.dz\\\/wp-content\\\/uploads\\\/2024\\\/05\\\/4en1.webp\",\"width\":600,\"height\":600,\"caption\":\"Multiparam\u00e8tre 4 en 1\"},{\"@type\":\"BreadcrumbList\",\"@id\":\"https:\\\/\\\/store.microbiotech.dz\\\/index.php\\\/produit\\\/multiparametre-4-en-1\\\/#breadcrumb\",\"itemListElement\":[{\"@type\":\"ListItem\",\"position\":1,\"name\":\"Accueil\",\"item\":\"https:\\\/\\\/store.microbiotech.dz\\\/\"},{\"@type\":\"ListItem\",\"position\":2,\"name\":\"Nos Produits\",\"item\":\"https:\\\/\\\/store.microbiotech.dz\\\/index.php\\\/nos-produits\\\/\"},{\"@type\":\"ListItem\",\"position\":3,\"name\":\"Multiparam\u00e8tre 4 en 1\"}]},{\"@type\":\"WebSite\",\"@id\":\"https:\\\/\\\/store.microbiotech.dz\\\/#website\",\"url\":\"https:\\\/\\\/store.microbiotech.dz\\\/\",\"name\":\"La Boutique en ligne\",\"description\":\"Qualit\u00e9 - Rapidit\u00e9 - Tranquillit\u00e9\",\"publisher\":{\"@id\":\"https:\\\/\\\/store.microbiotech.dz\\\/#organization\"},\"potentialAction\":[{\"@type\":\"SearchAction\",\"target\":{\"@type\":\"EntryPoint\",\"urlTemplate\":\"https:\\\/\\\/store.microbiotech.dz\\\/?s={search_term_string}\"},\"query-input\":{\"@type\":\"PropertyValueSpecification\",\"valueRequired\":true,\"valueName\":\"search_term_string\"}}],\"inLanguage\":\"fr-FR\"},{\"@type\":\"Organization\",\"@id\":\"https:\\\/\\\/store.microbiotech.dz\\\/#organization\",\"name\":\"Microbiotech EURL\",\"url\":\"https:\\\/\\\/store.microbiotech.dz\\\/\",\"logo\":{\"@type\":\"ImageObject\",\"inLanguage\":\"fr-FR\",\"@id\":\"https:\\\/\\\/store.microbiotech.dz\\\/#\\\/schema\\\/logo\\\/image\\\/\",\"url\":\"https:\\\/\\\/store.microbiotech.dz\\\/wp-content\\\/uploads\\\/2021\\\/09\\\/cropped-logo-microbiotech-2.jpg\",\"contentUrl\":\"https:\\\/\\\/store.microbiotech.dz\\\/wp-content\\\/uploads\\\/2021\\\/09\\\/cropped-logo-microbiotech-2.jpg\",\"width\":815,\"height\":586,\"caption\":\"Microbiotech EURL\"},\"image\":{\"@id\":\"https:\\\/\\\/store.microbiotech.dz\\\/#\\\/schema\\\/logo\\\/image\\\/\"},\"sameAs\":[\"https:\\\/\\\/www.facebook.com\\\/MicroBiotech.dz\",\"https:\\\/\\\/x.com\\\/MicrobiotechD\",\"https:\\\/\\\/www.linkedin.com\\\/in\\\/microbiotech\\\/\",\"https:\\\/\\\/www.youtube.com\\\/channel\\\/UCTxc3VIiX7LXD2LQYfZEcDg\"]}]}<\/script>\n<!-- \/ Yoast SEO plugin. -->","yoast_head_json":{"title":"Multiparam\u00e8tre 4 en 1 - La Boutique en ligne","description":"Si vous cherchez un Multiparam\u00e8tre 4 en 1 (salinit\u00e9, temp\u00e9rature, TDS, EC) super pr\u00e9cis et fiable, c'est celui qu'il vous faut. Disponible au meilleur prix.","robots":{"index":"index","follow":"follow","max-snippet":"max-snippet:-1","max-image-preview":"max-image-preview:large","max-video-preview":"max-video-preview:-1"},"canonical":"https:\/\/store.microbiotech.dz\/index.php\/produit\/multiparametre-4-en-1\/","og_locale":"fr_FR","og_type":"article","og_title":"Multiparam\u00e8tre 4 en 1 - La Boutique en ligne","og_description":"Si vous cherchez un Multiparam\u00e8tre 4 en 1 (salinit\u00e9, temp\u00e9rature, TDS, EC) super pr\u00e9cis et fiable, c'est celui qu'il vous faut. Disponible au meilleur prix.","og_url":"https:\/\/store.microbiotech.dz\/index.php\/produit\/multiparametre-4-en-1\/","og_site_name":"La Boutique en ligne","article_publisher":"https:\/\/www.facebook.com\/MicroBiotech.dz","article_modified_time":"2024-06-01T09:43:03+00:00","og_image":[{"width":600,"height":600,"url":"https:\/\/store.microbiotech.dz\/wp-content\/uploads\/2024\/05\/4en1.webp","type":"image\/webp"}],"twitter_card":"summary_large_image","twitter_site":"@MicrobiotechD","twitter_misc":{"Dur\u00e9e de lecture estim\u00e9e":"1 minute"},"schema":{"@context":"https:\/\/schema.org","@graph":[{"@type":"WebPage","@id":"https:\/\/store.microbiotech.dz\/index.php\/produit\/multiparametre-4-en-1\/","url":"https:\/\/store.microbiotech.dz\/index.php\/produit\/multiparametre-4-en-1\/","name":"Multiparam\u00e8tre 4 en 1 - La Boutique en ligne","isPartOf":{"@id":"https:\/\/store.microbiotech.dz\/#website"},"primaryImageOfPage":{"@id":"https:\/\/store.microbiotech.dz\/index.php\/produit\/multiparametre-4-en-1\/#primaryimage"},"image":{"@id":"https:\/\/store.microbiotech.dz\/index.php\/produit\/multiparametre-4-en-1\/#primaryimage"},"thumbnailUrl":"https:\/\/store.microbiotech.dz\/wp-content\/uploads\/2024\/05\/4en1.webp","datePublished":"2024-05-28T19:56:19+00:00","dateModified":"2024-06-01T09:43:03+00:00","description":"Si vous cherchez un Multiparam\u00e8tre 4 en 1 (salinit\u00e9, temp\u00e9rature, TDS, EC) super pr\u00e9cis et fiable, c'est celui qu'il vous faut. Disponible au meilleur prix.","breadcrumb":{"@id":"https:\/\/store.microbiotech.dz\/index.php\/produit\/multiparametre-4-en-1\/#breadcrumb"},"inLanguage":"fr-FR","potentialAction":[{"@type":"ReadAction","target":["https:\/\/store.microbiotech.dz\/index.php\/produit\/multiparametre-4-en-1\/"]}]},{"@type":"ImageObject","inLanguage":"fr-FR","@id":"https:\/\/store.microbiotech.dz\/index.php\/produit\/multiparametre-4-en-1\/#primaryimage","url":"https:\/\/store.microbiotech.dz\/wp-content\/uploads\/2024\/05\/4en1.webp","contentUrl":"https:\/\/store.microbiotech.dz\/wp-content\/uploads\/2024\/05\/4en1.webp","width":600,"height":600,"caption":"Multiparam\u00e8tre 4 en 1"},{"@type":"BreadcrumbList","@id":"https:\/\/store.microbiotech.dz\/index.php\/produit\/multiparametre-4-en-1\/#breadcrumb","itemListElement":[{"@type":"ListItem","position":1,"name":"Accueil","item":"https:\/\/store.microbiotech.dz\/"},{"@type":"ListItem","position":2,"name":"Nos Produits","item":"https:\/\/store.microbiotech.dz\/index.php\/nos-produits\/"},{"@type":"ListItem","position":3,"name":"Multiparam\u00e8tre 4 en 1"}]},{"@type":"WebSite","@id":"https:\/\/store.microbiotech.dz\/#website","url":"https:\/\/store.microbiotech.dz\/","name":"La Boutique en ligne","description":"Qualit\u00e9 - Rapidit\u00e9 - Tranquillit\u00e9","publisher":{"@id":"https:\/\/store.microbiotech.dz\/#organization"},"potentialAction":[{"@type":"SearchAction","target":{"@type":"EntryPoint","urlTemplate":"https:\/\/store.microbiotech.dz\/?s={search_term_string}"},"query-input":{"@type":"PropertyValueSpecification","valueRequired":true,"valueName":"search_term_string"}}],"inLanguage":"fr-FR"},{"@type":"Organization","@id":"https:\/\/store.microbiotech.dz\/#organization","name":"Microbiotech EURL","url":"https:\/\/store.microbiotech.dz\/","logo":{"@type":"ImageObject","inLanguage":"fr-FR","@id":"https:\/\/store.microbiotech.dz\/#\/schema\/logo\/image\/","url":"https:\/\/store.microbiotech.dz\/wp-content\/uploads\/2021\/09\/cropped-logo-microbiotech-2.jpg","contentUrl":"https:\/\/store.microbiotech.dz\/wp-content\/uploads\/2021\/09\/cropped-logo-microbiotech-2.jpg","width":815,"height":586,"caption":"Microbiotech EURL"},"image":{"@id":"https:\/\/store.microbiotech.dz\/#\/schema\/logo\/image\/"},"sameAs":["https:\/\/www.facebook.com\/MicroBiotech.dz","https:\/\/x.com\/MicrobiotechD","https:\/\/www.linkedin.com\/in\/microbiotech\/","https:\/\/www.youtube.com\/channel\/UCTxc3VIiX7LXD2LQYfZEcDg"]}]}},"jetpack_sharing_enabled":true,"_links":{"self":[{"href":"https:\/\/store.microbiotech.dz\/index.php\/wp-json\/wp\/v2\/product\/9654","targetHints":{"allow":["GET"]}}],"collection":[{"href":"https:\/\/store.microbiotech.dz\/index.php\/wp-json\/wp\/v2\/product"}],"about":[{"href":"https:\/\/store.microbiotech.dz\/index.php\/wp-json\/wp\/v2\/types\/product"}],"replies":[{"embeddable":true,"href":"https:\/\/store.microbiotech.dz\/index.php\/wp-json\/wp\/v2\/comments?post=9654"}],"wp:featuredmedia":[{"embeddable":true,"href":"https:\/\/store.microbiotech.dz\/index.php\/wp-json\/wp\/v2\/media\/9656"}],"wp:attachment":[{"href":"https:\/\/store.microbiotech.dz\/index.php\/wp-json\/wp\/v2\/media?parent=9654"}],"wp:term":[{"taxonomy":"product_brand","embeddable":true,"href":"https:\/\/store.microbiotech.dz\/index.php\/wp-json\/wp\/v2\/product_brand?post=9654"},{"taxonomy":"product_cat","embeddable":true,"href":"https:\/\/store.microbiotech.dz\/index.php\/wp-json\/wp\/v2\/product_cat?post=9654"},{"taxonomy":"product_tag","embeddable":true,"href":"https:\/\/store.microbiotech.dz\/index.php\/wp-json\/wp\/v2\/product_tag?post=9654"}],"curies":[{"name":"wp","href":"https:\/\/api.w.org\/{rel}","templated":true}]}}