{"id":7620,"date":"2024-02-07T13:33:46","date_gmt":"2024-02-07T12:33:46","guid":{"rendered":"https:\/\/store.microbiotech.dz\/?post_type=product&#038;p=7620"},"modified":"2025-12-09T10:15:42","modified_gmt":"2025-12-09T09:15:42","slug":"osmoseur-aquascan-systeme-de-purification-deau","status":"publish","type":"product","link":"https:\/\/store.microbiotech.dz\/index.php\/produit\/osmoseur-aquascan-systeme-de-purification-deau\/","title":{"rendered":"Osmoseur AQUASCAN (syst\u00e8me de purification d&rsquo;eau)"},"content":{"rendered":"<p>Cet Osmoseur AQUASCAN (syst\u00e8me de purification d&rsquo;eau) sert \u00e0 \u00e9liminer jusqu&rsquo;\u00e0 99,9% des sels et des contaminants de diff\u00e9rentes sources d&rsquo;eau d&rsquo;alimentation impure y compris les eaux municipales, saum\u00e2tres et de surface, en utilisant des membranes d&rsquo;osmose inverse tr\u00e8s efficaces. <a href=\"https:\/\/store.microbiotech.dz\/index.php\/categorie-produit\/eaux-analytiques\/\" target=\"_blank\" rel=\"noopener\">L&rsquo;eau<\/a> produite est utilisable dans les semi-conducteurs, l&rsquo;eau d&rsquo;alimentation des chaudi\u00e8res, les produits pharmaceutiques, les municipalit\u00e9s, la r\u00e9utilisation de l&rsquo;eau, la transformation des aliments, l&#8217;embouteillage, les usines et une vari\u00e9t\u00e9 d&rsquo;autres applications.<br \/>\nCes Osmoseur AQUASCAN (syst\u00e8me de purification d&rsquo;eau) sont des syst\u00e8mes de premier ordre qui appliquent la technologie de l&rsquo;<a href=\"https:\/\/fr.pureaqua.com\/quest-ce-que-losmose-inverse\/#:~:text=L'osmose%20inverse%20fonctionne%20en,travers%20une%20membrane%20semi%2Dperm%C3%A9able.\" target=\"_blank\" rel=\"noopener\">osmose inverse<\/a> en transportant l&rsquo;eau d&rsquo;alimentation \u00e0 travers un pr\u00e9filtre multim\u00e9dia pour \u00e9liminer les particules de plus de 10 microns.<br \/>\nEnsuite, l&rsquo;eau est injectee par un produit chimique antitartre pour contr\u00f4ler l&rsquo;encrassement de duret\u00e9 qui peut endommager les membranes de la machine RO. Ces options de pr\u00e9traitement ont la capacit\u00e9 d&rsquo;\u00e9liminer la duret\u00e9, le chlore, les odeurs, la couleur, le fer et le soufre. L&rsquo;eau continue ensuite dans l&rsquo;unit\u00e9 d&rsquo;osmose inverse o\u00f9 une pompe haute pression applique une pression extr\u00eame \u00e0 la solution hautement concentr\u00e9e, s\u00e9parant les sels, min\u00e9raux et impuret\u00e9s restants que le pr\u00e9filtre ne peut pas capturer. De l&rsquo;eau potable fra\u00eeche sort de l&rsquo;extr\u00e9mit\u00e9 basse pression de la membrane tandis que les sels, min\u00e9raux et autres impuret\u00e9s sortent dans un drain \u00e0 l&rsquo;autre extr\u00e9mit\u00e9.<br \/>\nEnfin, l&rsquo;eau passe \u00e0 travers un st\u00e9rilisateur UV (ou post chloration) pour tuer les bact\u00e9ries et microbes qui existent encore dans l&rsquo;eau.<\/p>\n","protected":false},"excerpt":{"rendered":"<p>&nbsp;<\/p>\n<p><strong><span style=\"font-size: 16px;font-style: normal\">Pi\u00e8ces d\u00e9tach\u00e9es et service apr\u00e8s vente disponible<\/span><\/strong><\/p>\n<p>Marque : <strong>Aquascan <img loading=\"lazy\" decoding=\"async\" class=\"alignnone wp-image-7647\" src=\"https:\/\/store.microbiotech.dz\/wp-content\/uploads\/2024\/02\/vietnam.png\" alt=\"\" width=\"32\" height=\"32\" srcset=\"https:\/\/store.microbiotech.dz\/wp-content\/uploads\/2024\/02\/vietnam.png 225w, https:\/\/store.microbiotech.dz\/wp-content\/uploads\/2024\/02\/vietnam-150x150.png 150w, https:\/\/store.microbiotech.dz\/wp-content\/uploads\/2024\/02\/vietnam-100x100.png 100w\" sizes=\"auto, (max-width: 32px) 100vw, 32px\" \/><\/strong><br \/>\nR\u00e9servoir : <strong>50 L<\/strong><br \/>\nD\u00e9contamination par irradiation UV optionnelle (prix : <strong>62475 DA ttc<\/strong>), UV (25w) 0.6 GAL (1.4 m\u00b3)<\/p>\n","protected":false},"featured_media":7638,"comment_status":"open","ping_status":"closed","template":"","meta":{"site-sidebar-layout":"default","site-content-layout":"","ast-site-content-layout":"default","site-content-style":"default","site-sidebar-style":"default","ast-global-header-display":"","ast-banner-title-visibility":"","ast-main-header-display":"","ast-hfb-above-header-display":"","ast-hfb-below-header-display":"","ast-hfb-mobile-header-display":"","site-post-title":"","ast-breadcrumbs-content":"","ast-featured-img":"","footer-sml-layout":"","ast-disable-related-posts":"","theme-transparent-header-meta":"default","adv-header-id-meta":"","stick-header-meta":"","header-above-stick-meta":"","header-main-stick-meta":"","header-below-stick-meta":"","astra-migrate-meta-layouts":"set","ast-page-background-enabled":"default","ast-page-background-meta":{"desktop":{"background-color":"var(--ast-global-color-4)","background-image":"","background-repeat":"repeat","background-position":"center center","background-size":"auto","background-attachment":"scroll","background-type":"","background-media":"","overlay-type":"","overlay-color":"","overlay-opacity":"","overlay-gradient":""},"tablet":{"background-color":"","background-image":"","background-repeat":"repeat","background-position":"center center","background-size":"auto","background-attachment":"scroll","background-type":"","background-media":"","overlay-type":"","overlay-color":"","overlay-opacity":"","overlay-gradient":""},"mobile":{"background-color":"","background-image":"","background-repeat":"repeat","background-position":"center center","background-size":"auto","background-attachment":"scroll","background-type":"","background-media":"","overlay-type":"","overlay-color":"","overlay-opacity":"","overlay-gradient":""}},"ast-content-background-meta":{"desktop":{"background-color":"var(--ast-global-color-5)","background-image":"","background-repeat":"repeat","background-position":"center center","background-size":"auto","background-attachment":"scroll","background-type":"","background-media":"","overlay-type":"","overlay-color":"","overlay-opacity":"","overlay-gradient":""},"tablet":{"background-color":"var(--ast-global-color-5)","background-image":"","background-repeat":"repeat","background-position":"center center","background-size":"auto","background-attachment":"scroll","background-type":"","background-media":"","overlay-type":"","overlay-color":"","overlay-opacity":"","overlay-gradient":""},"mobile":{"background-color":"var(--ast-global-color-5)","background-image":"","background-repeat":"repeat","background-position":"center center","background-size":"auto","background-attachment":"scroll","background-type":"","background-media":"","overlay-type":"","overlay-color":"","overlay-opacity":"","overlay-gradient":""}},"jetpack_post_was_ever_published":true},"product_brand":[],"product_cat":[238,358],"product_tag":[1915,1901,1907,1900,1906,1902],"class_list":{"0":"post-7620","1":"product","2":"type-product","3":"status-publish","4":"has-post-thumbnail","6":"product_cat-equipements","7":"product_cat-filtration-millipore","8":"product_tag-aquascan","9":"product_tag-diascan","10":"product_tag-f125","11":"product_tag-osmose-inverse","12":"product_tag-ro","13":"product_tag-systeme-dosmose","14":"desktop-align-center","15":"tablet-align-left","16":"mobile-align-left","18":"first","19":"instock","20":"taxable","21":"shipping-taxable","22":"purchasable","23":"product-type-variable"},"yoast_head":"<!-- This site is optimized with the Yoast SEO plugin v27.4 - https:\/\/yoast.com\/product\/yoast-seo-wordpress\/ -->\n<title>Osmoseur AQUASCAN (syst\u00e8me de purification d&#039;eau) - La Boutique en ligne<\/title>\n<meta name=\"description\" content=\"Osmoseur AQUASCAN (syst\u00e8me de purification d&#039;eau) pour fournir les solutions les plus avanc\u00e9es que l&#039;industrie du traitement de l&#039;eau puisse offrir.\" \/>\n<meta name=\"robots\" content=\"index, follow, max-snippet:-1, max-image-preview:large, max-video-preview:-1\" \/>\n<link rel=\"canonical\" href=\"https:\/\/store.microbiotech.dz\/index.php\/produit\/osmoseur-aquascan-systeme-de-purification-deau\/\" \/>\n<meta property=\"og:locale\" content=\"fr_FR\" \/>\n<meta property=\"og:type\" content=\"article\" \/>\n<meta property=\"og:title\" content=\"Osmoseur AQUASCAN (syst\u00e8me de purification d&#039;eau) - La Boutique en ligne\" \/>\n<meta property=\"og:description\" content=\"Osmoseur AQUASCAN (syst\u00e8me de purification d&#039;eau) pour fournir les solutions les plus avanc\u00e9es que l&#039;industrie du traitement de l&#039;eau puisse offrir.\" \/>\n<meta property=\"og:url\" content=\"https:\/\/store.microbiotech.dz\/index.php\/produit\/osmoseur-aquascan-systeme-de-purification-deau\/\" \/>\n<meta property=\"og:site_name\" content=\"La Boutique en ligne\" \/>\n<meta property=\"article:publisher\" content=\"https:\/\/www.facebook.com\/MicroBiotech.dz\" \/>\n<meta property=\"article:modified_time\" content=\"2025-12-09T09:15:42+00:00\" \/>\n<meta property=\"og:image\" content=\"https:\/\/store.microbiotech.dz\/wp-content\/uploads\/2024\/02\/osmose.png\" \/>\n\t<meta property=\"og:image:width\" content=\"600\" \/>\n\t<meta property=\"og:image:height\" content=\"600\" \/>\n\t<meta property=\"og:image:type\" content=\"image\/png\" \/>\n<meta name=\"twitter:card\" content=\"summary_large_image\" \/>\n<meta name=\"twitter:site\" content=\"@MicrobiotechD\" \/>\n<meta name=\"twitter:label1\" content=\"Dur\u00e9e de lecture estim\u00e9e\" \/>\n\t<meta name=\"twitter:data1\" content=\"1 minute\" \/>\n<script type=\"application\/ld+json\" class=\"yoast-schema-graph\">{\"@context\":\"https:\\\/\\\/schema.org\",\"@graph\":[{\"@type\":\"WebPage\",\"@id\":\"https:\\\/\\\/store.microbiotech.dz\\\/index.php\\\/produit\\\/osmoseur-aquascan-systeme-de-purification-deau\\\/\",\"url\":\"https:\\\/\\\/store.microbiotech.dz\\\/index.php\\\/produit\\\/osmoseur-aquascan-systeme-de-purification-deau\\\/\",\"name\":\"Osmoseur AQUASCAN (syst\u00e8me de purification d'eau) - La Boutique en ligne\",\"isPartOf\":{\"@id\":\"https:\\\/\\\/store.microbiotech.dz\\\/#website\"},\"primaryImageOfPage\":{\"@id\":\"https:\\\/\\\/store.microbiotech.dz\\\/index.php\\\/produit\\\/osmoseur-aquascan-systeme-de-purification-deau\\\/#primaryimage\"},\"image\":{\"@id\":\"https:\\\/\\\/store.microbiotech.dz\\\/index.php\\\/produit\\\/osmoseur-aquascan-systeme-de-purification-deau\\\/#primaryimage\"},\"thumbnailUrl\":\"https:\\\/\\\/store.microbiotech.dz\\\/wp-content\\\/uploads\\\/2024\\\/02\\\/osmose.png\",\"datePublished\":\"2024-02-07T12:33:46+00:00\",\"dateModified\":\"2025-12-09T09:15:42+00:00\",\"description\":\"Osmoseur AQUASCAN (syst\u00e8me de purification d'eau) pour fournir les solutions les plus avanc\u00e9es que l'industrie du traitement de l'eau puisse offrir.\",\"breadcrumb\":{\"@id\":\"https:\\\/\\\/store.microbiotech.dz\\\/index.php\\\/produit\\\/osmoseur-aquascan-systeme-de-purification-deau\\\/#breadcrumb\"},\"inLanguage\":\"fr-FR\",\"potentialAction\":[{\"@type\":\"ReadAction\",\"target\":[\"https:\\\/\\\/store.microbiotech.dz\\\/index.php\\\/produit\\\/osmoseur-aquascan-systeme-de-purification-deau\\\/\"]}]},{\"@type\":\"ImageObject\",\"inLanguage\":\"fr-FR\",\"@id\":\"https:\\\/\\\/store.microbiotech.dz\\\/index.php\\\/produit\\\/osmoseur-aquascan-systeme-de-purification-deau\\\/#primaryimage\",\"url\":\"https:\\\/\\\/store.microbiotech.dz\\\/wp-content\\\/uploads\\\/2024\\\/02\\\/osmose.png\",\"contentUrl\":\"https:\\\/\\\/store.microbiotech.dz\\\/wp-content\\\/uploads\\\/2024\\\/02\\\/osmose.png\",\"width\":600,\"height\":600,\"caption\":\"Osmoseur AQUASCAN (syst\u00e8me de purification d'eau)\"},{\"@type\":\"BreadcrumbList\",\"@id\":\"https:\\\/\\\/store.microbiotech.dz\\\/index.php\\\/produit\\\/osmoseur-aquascan-systeme-de-purification-deau\\\/#breadcrumb\",\"itemListElement\":[{\"@type\":\"ListItem\",\"position\":1,\"name\":\"Accueil\",\"item\":\"https:\\\/\\\/store.microbiotech.dz\\\/\"},{\"@type\":\"ListItem\",\"position\":2,\"name\":\"Nos Produits\",\"item\":\"https:\\\/\\\/store.microbiotech.dz\\\/index.php\\\/nos-produits\\\/\"},{\"@type\":\"ListItem\",\"position\":3,\"name\":\"Osmoseur AQUASCAN (syst\u00e8me de purification d&rsquo;eau)\"}]},{\"@type\":\"WebSite\",\"@id\":\"https:\\\/\\\/store.microbiotech.dz\\\/#website\",\"url\":\"https:\\\/\\\/store.microbiotech.dz\\\/\",\"name\":\"La Boutique en ligne\",\"description\":\"Qualit\u00e9 - Rapidit\u00e9 - Tranquillit\u00e9\",\"publisher\":{\"@id\":\"https:\\\/\\\/store.microbiotech.dz\\\/#organization\"},\"potentialAction\":[{\"@type\":\"SearchAction\",\"target\":{\"@type\":\"EntryPoint\",\"urlTemplate\":\"https:\\\/\\\/store.microbiotech.dz\\\/?s={search_term_string}\"},\"query-input\":{\"@type\":\"PropertyValueSpecification\",\"valueRequired\":true,\"valueName\":\"search_term_string\"}}],\"inLanguage\":\"fr-FR\"},{\"@type\":\"Organization\",\"@id\":\"https:\\\/\\\/store.microbiotech.dz\\\/#organization\",\"name\":\"Microbiotech EURL\",\"url\":\"https:\\\/\\\/store.microbiotech.dz\\\/\",\"logo\":{\"@type\":\"ImageObject\",\"inLanguage\":\"fr-FR\",\"@id\":\"https:\\\/\\\/store.microbiotech.dz\\\/#\\\/schema\\\/logo\\\/image\\\/\",\"url\":\"https:\\\/\\\/store.microbiotech.dz\\\/wp-content\\\/uploads\\\/2021\\\/09\\\/cropped-logo-microbiotech-2.jpg\",\"contentUrl\":\"https:\\\/\\\/store.microbiotech.dz\\\/wp-content\\\/uploads\\\/2021\\\/09\\\/cropped-logo-microbiotech-2.jpg\",\"width\":815,\"height\":586,\"caption\":\"Microbiotech EURL\"},\"image\":{\"@id\":\"https:\\\/\\\/store.microbiotech.dz\\\/#\\\/schema\\\/logo\\\/image\\\/\"},\"sameAs\":[\"https:\\\/\\\/www.facebook.com\\\/MicroBiotech.dz\",\"https:\\\/\\\/x.com\\\/MicrobiotechD\",\"https:\\\/\\\/www.linkedin.com\\\/in\\\/microbiotech\\\/\",\"https:\\\/\\\/www.youtube.com\\\/channel\\\/UCTxc3VIiX7LXD2LQYfZEcDg\"]}]}<\/script>\n<!-- \/ Yoast SEO plugin. -->","yoast_head_json":{"title":"Osmoseur AQUASCAN (syst\u00e8me de purification d'eau) - La Boutique en ligne","description":"Osmoseur AQUASCAN (syst\u00e8me de purification d'eau) pour fournir les solutions les plus avanc\u00e9es que l'industrie du traitement de l'eau puisse offrir.","robots":{"index":"index","follow":"follow","max-snippet":"max-snippet:-1","max-image-preview":"max-image-preview:large","max-video-preview":"max-video-preview:-1"},"canonical":"https:\/\/store.microbiotech.dz\/index.php\/produit\/osmoseur-aquascan-systeme-de-purification-deau\/","og_locale":"fr_FR","og_type":"article","og_title":"Osmoseur AQUASCAN (syst\u00e8me de purification d'eau) - La Boutique en ligne","og_description":"Osmoseur AQUASCAN (syst\u00e8me de purification d'eau) pour fournir les solutions les plus avanc\u00e9es que l'industrie du traitement de l'eau puisse offrir.","og_url":"https:\/\/store.microbiotech.dz\/index.php\/produit\/osmoseur-aquascan-systeme-de-purification-deau\/","og_site_name":"La Boutique en ligne","article_publisher":"https:\/\/www.facebook.com\/MicroBiotech.dz","article_modified_time":"2025-12-09T09:15:42+00:00","og_image":[{"width":600,"height":600,"url":"https:\/\/store.microbiotech.dz\/wp-content\/uploads\/2024\/02\/osmose.png","type":"image\/png"}],"twitter_card":"summary_large_image","twitter_site":"@MicrobiotechD","twitter_misc":{"Dur\u00e9e de lecture estim\u00e9e":"1 minute"},"schema":{"@context":"https:\/\/schema.org","@graph":[{"@type":"WebPage","@id":"https:\/\/store.microbiotech.dz\/index.php\/produit\/osmoseur-aquascan-systeme-de-purification-deau\/","url":"https:\/\/store.microbiotech.dz\/index.php\/produit\/osmoseur-aquascan-systeme-de-purification-deau\/","name":"Osmoseur AQUASCAN (syst\u00e8me de purification d'eau) - La Boutique en ligne","isPartOf":{"@id":"https:\/\/store.microbiotech.dz\/#website"},"primaryImageOfPage":{"@id":"https:\/\/store.microbiotech.dz\/index.php\/produit\/osmoseur-aquascan-systeme-de-purification-deau\/#primaryimage"},"image":{"@id":"https:\/\/store.microbiotech.dz\/index.php\/produit\/osmoseur-aquascan-systeme-de-purification-deau\/#primaryimage"},"thumbnailUrl":"https:\/\/store.microbiotech.dz\/wp-content\/uploads\/2024\/02\/osmose.png","datePublished":"2024-02-07T12:33:46+00:00","dateModified":"2025-12-09T09:15:42+00:00","description":"Osmoseur AQUASCAN (syst\u00e8me de purification d'eau) pour fournir les solutions les plus avanc\u00e9es que l'industrie du traitement de l'eau puisse offrir.","breadcrumb":{"@id":"https:\/\/store.microbiotech.dz\/index.php\/produit\/osmoseur-aquascan-systeme-de-purification-deau\/#breadcrumb"},"inLanguage":"fr-FR","potentialAction":[{"@type":"ReadAction","target":["https:\/\/store.microbiotech.dz\/index.php\/produit\/osmoseur-aquascan-systeme-de-purification-deau\/"]}]},{"@type":"ImageObject","inLanguage":"fr-FR","@id":"https:\/\/store.microbiotech.dz\/index.php\/produit\/osmoseur-aquascan-systeme-de-purification-deau\/#primaryimage","url":"https:\/\/store.microbiotech.dz\/wp-content\/uploads\/2024\/02\/osmose.png","contentUrl":"https:\/\/store.microbiotech.dz\/wp-content\/uploads\/2024\/02\/osmose.png","width":600,"height":600,"caption":"Osmoseur AQUASCAN (syst\u00e8me de purification d'eau)"},{"@type":"BreadcrumbList","@id":"https:\/\/store.microbiotech.dz\/index.php\/produit\/osmoseur-aquascan-systeme-de-purification-deau\/#breadcrumb","itemListElement":[{"@type":"ListItem","position":1,"name":"Accueil","item":"https:\/\/store.microbiotech.dz\/"},{"@type":"ListItem","position":2,"name":"Nos Produits","item":"https:\/\/store.microbiotech.dz\/index.php\/nos-produits\/"},{"@type":"ListItem","position":3,"name":"Osmoseur AQUASCAN (syst\u00e8me de purification d&rsquo;eau)"}]},{"@type":"WebSite","@id":"https:\/\/store.microbiotech.dz\/#website","url":"https:\/\/store.microbiotech.dz\/","name":"La Boutique en ligne","description":"Qualit\u00e9 - Rapidit\u00e9 - Tranquillit\u00e9","publisher":{"@id":"https:\/\/store.microbiotech.dz\/#organization"},"potentialAction":[{"@type":"SearchAction","target":{"@type":"EntryPoint","urlTemplate":"https:\/\/store.microbiotech.dz\/?s={search_term_string}"},"query-input":{"@type":"PropertyValueSpecification","valueRequired":true,"valueName":"search_term_string"}}],"inLanguage":"fr-FR"},{"@type":"Organization","@id":"https:\/\/store.microbiotech.dz\/#organization","name":"Microbiotech EURL","url":"https:\/\/store.microbiotech.dz\/","logo":{"@type":"ImageObject","inLanguage":"fr-FR","@id":"https:\/\/store.microbiotech.dz\/#\/schema\/logo\/image\/","url":"https:\/\/store.microbiotech.dz\/wp-content\/uploads\/2021\/09\/cropped-logo-microbiotech-2.jpg","contentUrl":"https:\/\/store.microbiotech.dz\/wp-content\/uploads\/2021\/09\/cropped-logo-microbiotech-2.jpg","width":815,"height":586,"caption":"Microbiotech EURL"},"image":{"@id":"https:\/\/store.microbiotech.dz\/#\/schema\/logo\/image\/"},"sameAs":["https:\/\/www.facebook.com\/MicroBiotech.dz","https:\/\/x.com\/MicrobiotechD","https:\/\/www.linkedin.com\/in\/microbiotech\/","https:\/\/www.youtube.com\/channel\/UCTxc3VIiX7LXD2LQYfZEcDg"]}]}},"jetpack_sharing_enabled":true,"_links":{"self":[{"href":"https:\/\/store.microbiotech.dz\/index.php\/wp-json\/wp\/v2\/product\/7620","targetHints":{"allow":["GET"]}}],"collection":[{"href":"https:\/\/store.microbiotech.dz\/index.php\/wp-json\/wp\/v2\/product"}],"about":[{"href":"https:\/\/store.microbiotech.dz\/index.php\/wp-json\/wp\/v2\/types\/product"}],"replies":[{"embeddable":true,"href":"https:\/\/store.microbiotech.dz\/index.php\/wp-json\/wp\/v2\/comments?post=7620"}],"wp:featuredmedia":[{"embeddable":true,"href":"https:\/\/store.microbiotech.dz\/index.php\/wp-json\/wp\/v2\/media\/7638"}],"wp:attachment":[{"href":"https:\/\/store.microbiotech.dz\/index.php\/wp-json\/wp\/v2\/media?parent=7620"}],"wp:term":[{"taxonomy":"product_brand","embeddable":true,"href":"https:\/\/store.microbiotech.dz\/index.php\/wp-json\/wp\/v2\/product_brand?post=7620"},{"taxonomy":"product_cat","embeddable":true,"href":"https:\/\/store.microbiotech.dz\/index.php\/wp-json\/wp\/v2\/product_cat?post=7620"},{"taxonomy":"product_tag","embeddable":true,"href":"https:\/\/store.microbiotech.dz\/index.php\/wp-json\/wp\/v2\/product_tag?post=7620"}],"curies":[{"name":"wp","href":"https:\/\/api.w.org\/{rel}","templated":true}]}}