{"id":7241,"date":"2024-01-07T15:53:09","date_gmt":"2024-01-07T14:53:09","guid":{"rendered":"https:\/\/store.microbiotech.dz\/?post_type=product&#038;p=7241"},"modified":"2025-04-30T11:37:18","modified_gmt":"2025-04-30T10:37:18","slug":"thermocycleur-pcr-en-temps-reel-qtower","status":"publish","type":"product","link":"https:\/\/store.microbiotech.dz\/index.php\/produit\/thermocycleur-pcr-en-temps-reel-qtower\/","title":{"rendered":"Thermocycleur PCR en temps r\u00e9el qTOWER"},"content":{"rendered":"<p>Thermocycleur <a href=\"https:\/\/store.microbiotech.dz\/?s=pcr\" target=\"_blank\" rel=\"noopener\">PCR<\/a> en temps r\u00e9el qTOWER\u00a0<a href=\"https:\/\/www.analytik-jena.de\/\" target=\"_blank\" rel=\"noopener\">Analytik Jena<\/a> <span style=\"font-size: 16px; font-style: normal; font-weight: 400;\">combine un thermocycleur PCR de pointe avec un photom\u00e8tre de fluorescence\u00a0<\/span><span style=\"font-size: 16px; font-style: normal; font-weight: 400;\">brevet\u00e9. Utilis\u00e9 <\/span><span style=\"font-size: 16px;\">pour toutes les applications PCR en temps r\u00e9el, i<\/span><span style=\"font-size: 16px;\">l vous garantit des r\u00e9sultats fond\u00e9s car il b\u00e9n\u00e9ficie d&rsquo;une pr\u00e9cision de contr\u00f4le de temp\u00e9rature in\u00e9gal\u00e9e dans le bloc d&rsquo;\u00e9chantillons, quel que soit le nombre d&rsquo;\u00e9chantillons utilis\u00e9s.<\/span><\/p>\n","protected":false},"excerpt":{"rendered":"<p>&nbsp;<\/p>\n<p>Origine : <strong>Allemagne<\/strong> <img loading=\"lazy\" decoding=\"async\" class=\"\" src=\"https:\/\/store.microbiotech.dz\/wp-content\/uploads\/2022\/04\/51968274-le-drapeau-allemand-icone-matte-ronde-isole-sur-fond-blanc--300x300.webp\" width=\"45\" height=\"45\" \/><br \/>\nCapacit\u00e9 de bloc :<strong> 96 tubes 0,2 ml\/ microplaques 96 puits\/ 12 x barrettes de 8 puits, 0,2 ml<\/strong><br \/>\nChauffage : <strong>Jusqu&rsquo;\u00e0 8 \u00b0C\/s (max.)<\/strong><br \/>\nRefroidissement :<strong> Jusqu&rsquo;\u00e0 6\u00b0C\/s (max.)<\/strong><br \/>\nPlage de temp\u00e9rature : <strong>r\u00e9glable 3\u00b0C \u00e0 99\u00b0C<\/strong><br \/>\nT\u00e9l\u00e9chargements :<br \/>\n<a href=\"https:\/\/store.microbiotech.dz\/wp-content\/uploads\/2024\/01\/Manual_qTOWER_3_fr_03191-MS.pdf\">&#8211; Manuel qTOWER<\/a><br \/>\n<a href=\"https:\/\/store.microbiotech.dz\/wp-content\/uploads\/2024\/01\/qTOWER3_Brochure.pdf\">&#8211; qTOWER3 Brochure<\/a><\/p>\n","protected":false},"featured_media":7243,"comment_status":"open","ping_status":"closed","template":"","meta":{"site-sidebar-layout":"default","site-content-layout":"","ast-site-content-layout":"default","site-content-style":"default","site-sidebar-style":"default","ast-global-header-display":"","ast-banner-title-visibility":"","ast-main-header-display":"","ast-hfb-above-header-display":"","ast-hfb-below-header-display":"","ast-hfb-mobile-header-display":"","site-post-title":"","ast-breadcrumbs-content":"","ast-featured-img":"","footer-sml-layout":"","ast-disable-related-posts":"","theme-transparent-header-meta":"default","adv-header-id-meta":"","stick-header-meta":"","header-above-stick-meta":"","header-main-stick-meta":"","header-below-stick-meta":"","astra-migrate-meta-layouts":"set","ast-page-background-enabled":"default","ast-page-background-meta":{"desktop":{"background-color":"var(--ast-global-color-4)","background-image":"","background-repeat":"repeat","background-position":"center center","background-size":"auto","background-attachment":"scroll","background-type":"","background-media":"","overlay-type":"","overlay-color":"","overlay-opacity":"","overlay-gradient":""},"tablet":{"background-color":"","background-image":"","background-repeat":"repeat","background-position":"center center","background-size":"auto","background-attachment":"scroll","background-type":"","background-media":"","overlay-type":"","overlay-color":"","overlay-opacity":"","overlay-gradient":""},"mobile":{"background-color":"","background-image":"","background-repeat":"repeat","background-position":"center center","background-size":"auto","background-attachment":"scroll","background-type":"","background-media":"","overlay-type":"","overlay-color":"","overlay-opacity":"","overlay-gradient":""}},"ast-content-background-meta":{"desktop":{"background-color":"var(--ast-global-color-5)","background-image":"","background-repeat":"repeat","background-position":"center center","background-size":"auto","background-attachment":"scroll","background-type":"","background-media":"","overlay-type":"","overlay-color":"","overlay-opacity":"","overlay-gradient":""},"tablet":{"background-color":"var(--ast-global-color-5)","background-image":"","background-repeat":"repeat","background-position":"center center","background-size":"auto","background-attachment":"scroll","background-type":"","background-media":"","overlay-type":"","overlay-color":"","overlay-opacity":"","overlay-gradient":""},"mobile":{"background-color":"var(--ast-global-color-5)","background-image":"","background-repeat":"repeat","background-position":"center center","background-size":"auto","background-attachment":"scroll","background-type":"","background-media":"","overlay-type":"","overlay-color":"","overlay-opacity":"","overlay-gradient":""}},"jetpack_post_was_ever_published":false},"product_brand":[],"product_cat":[87,238],"product_tag":[1811,2976,1807,85,1812,335,92,1810],"class_list":{"0":"post-7241","1":"product","2":"type-product","3":"status-publish","4":"has-post-thumbnail","6":"product_cat-biomol","7":"product_cat-equipements","8":"product_tag-analytikjena","9":"product_tag-f165","10":"product_tag-f84","11":"product_tag-pcr","12":"product_tag-qtower","13":"product_tag-rt-pcr","14":"product_tag-rtpcr","15":"product_tag-thermocycleur","16":"desktop-align-center","17":"tablet-align-left","18":"mobile-align-left","20":"first","21":"instock","22":"taxable","23":"shipping-taxable","24":"purchasable","25":"product-type-simple"},"yoast_head":"<!-- This site is optimized with the Yoast SEO plugin v27.4 - https:\/\/yoast.com\/product\/yoast-seo-wordpress\/ -->\n<title>Thermocycleur PCR en temps r\u00e9el qTOWER - La Boutique en ligne<\/title>\n<meta name=\"description\" content=\"R\u00e9duisez le nombre d&#039;analyses, augmentez la vitesse et r\u00e9duisez consid\u00e9rablement votre co\u00fbt par \u00e9chantillon avec le Thermocycleur PCR en temps r\u00e9el qTOWER\" \/>\n<meta name=\"robots\" content=\"index, follow, max-snippet:-1, max-image-preview:large, max-video-preview:-1\" \/>\n<link rel=\"canonical\" href=\"https:\/\/store.microbiotech.dz\/index.php\/produit\/thermocycleur-pcr-en-temps-reel-qtower\/\" \/>\n<meta property=\"og:locale\" content=\"fr_FR\" \/>\n<meta property=\"og:type\" content=\"article\" \/>\n<meta property=\"og:title\" content=\"Thermocycleur PCR en temps r\u00e9el qTOWER - La Boutique en ligne\" \/>\n<meta property=\"og:description\" content=\"R\u00e9duisez le nombre d&#039;analyses, augmentez la vitesse et r\u00e9duisez consid\u00e9rablement votre co\u00fbt par \u00e9chantillon avec le Thermocycleur PCR en temps r\u00e9el qTOWER\" \/>\n<meta property=\"og:url\" content=\"https:\/\/store.microbiotech.dz\/index.php\/produit\/thermocycleur-pcr-en-temps-reel-qtower\/\" \/>\n<meta property=\"og:site_name\" content=\"La Boutique en ligne\" \/>\n<meta property=\"article:publisher\" content=\"https:\/\/www.facebook.com\/MicroBiotech.dz\" \/>\n<meta property=\"article:modified_time\" content=\"2025-04-30T10:37:18+00:00\" \/>\n<meta property=\"og:image\" content=\"https:\/\/store.microbiotech.dz\/wp-content\/uploads\/2024\/01\/qtower.png\" \/>\n\t<meta property=\"og:image:width\" content=\"600\" \/>\n\t<meta property=\"og:image:height\" content=\"600\" \/>\n\t<meta property=\"og:image:type\" content=\"image\/png\" \/>\n<meta name=\"twitter:card\" content=\"summary_large_image\" \/>\n<meta name=\"twitter:site\" content=\"@MicrobiotechD\" \/>\n<script type=\"application\/ld+json\" class=\"yoast-schema-graph\">{\"@context\":\"https:\\\/\\\/schema.org\",\"@graph\":[{\"@type\":\"WebPage\",\"@id\":\"https:\\\/\\\/store.microbiotech.dz\\\/index.php\\\/produit\\\/thermocycleur-pcr-en-temps-reel-qtower\\\/\",\"url\":\"https:\\\/\\\/store.microbiotech.dz\\\/index.php\\\/produit\\\/thermocycleur-pcr-en-temps-reel-qtower\\\/\",\"name\":\"Thermocycleur PCR en temps r\u00e9el qTOWER - La Boutique en ligne\",\"isPartOf\":{\"@id\":\"https:\\\/\\\/store.microbiotech.dz\\\/#website\"},\"primaryImageOfPage\":{\"@id\":\"https:\\\/\\\/store.microbiotech.dz\\\/index.php\\\/produit\\\/thermocycleur-pcr-en-temps-reel-qtower\\\/#primaryimage\"},\"image\":{\"@id\":\"https:\\\/\\\/store.microbiotech.dz\\\/index.php\\\/produit\\\/thermocycleur-pcr-en-temps-reel-qtower\\\/#primaryimage\"},\"thumbnailUrl\":\"https:\\\/\\\/store.microbiotech.dz\\\/wp-content\\\/uploads\\\/2024\\\/01\\\/qtower.png\",\"datePublished\":\"2024-01-07T14:53:09+00:00\",\"dateModified\":\"2025-04-30T10:37:18+00:00\",\"description\":\"R\u00e9duisez le nombre d'analyses, augmentez la vitesse et r\u00e9duisez consid\u00e9rablement votre co\u00fbt par \u00e9chantillon avec le Thermocycleur PCR en temps r\u00e9el qTOWER\",\"breadcrumb\":{\"@id\":\"https:\\\/\\\/store.microbiotech.dz\\\/index.php\\\/produit\\\/thermocycleur-pcr-en-temps-reel-qtower\\\/#breadcrumb\"},\"inLanguage\":\"fr-FR\",\"potentialAction\":[{\"@type\":\"ReadAction\",\"target\":[\"https:\\\/\\\/store.microbiotech.dz\\\/index.php\\\/produit\\\/thermocycleur-pcr-en-temps-reel-qtower\\\/\"]}]},{\"@type\":\"ImageObject\",\"inLanguage\":\"fr-FR\",\"@id\":\"https:\\\/\\\/store.microbiotech.dz\\\/index.php\\\/produit\\\/thermocycleur-pcr-en-temps-reel-qtower\\\/#primaryimage\",\"url\":\"https:\\\/\\\/store.microbiotech.dz\\\/wp-content\\\/uploads\\\/2024\\\/01\\\/qtower.png\",\"contentUrl\":\"https:\\\/\\\/store.microbiotech.dz\\\/wp-content\\\/uploads\\\/2024\\\/01\\\/qtower.png\",\"width\":600,\"height\":600,\"caption\":\"Thermocycleur PCR en temps r\u00e9el qTOWER\"},{\"@type\":\"BreadcrumbList\",\"@id\":\"https:\\\/\\\/store.microbiotech.dz\\\/index.php\\\/produit\\\/thermocycleur-pcr-en-temps-reel-qtower\\\/#breadcrumb\",\"itemListElement\":[{\"@type\":\"ListItem\",\"position\":1,\"name\":\"Accueil\",\"item\":\"https:\\\/\\\/store.microbiotech.dz\\\/\"},{\"@type\":\"ListItem\",\"position\":2,\"name\":\"Nos Produits\",\"item\":\"https:\\\/\\\/store.microbiotech.dz\\\/index.php\\\/nos-produits\\\/\"},{\"@type\":\"ListItem\",\"position\":3,\"name\":\"Thermocycleur PCR en temps r\u00e9el qTOWER\"}]},{\"@type\":\"WebSite\",\"@id\":\"https:\\\/\\\/store.microbiotech.dz\\\/#website\",\"url\":\"https:\\\/\\\/store.microbiotech.dz\\\/\",\"name\":\"La Boutique en ligne\",\"description\":\"Qualit\u00e9 - Rapidit\u00e9 - Tranquillit\u00e9\",\"publisher\":{\"@id\":\"https:\\\/\\\/store.microbiotech.dz\\\/#organization\"},\"potentialAction\":[{\"@type\":\"SearchAction\",\"target\":{\"@type\":\"EntryPoint\",\"urlTemplate\":\"https:\\\/\\\/store.microbiotech.dz\\\/?s={search_term_string}\"},\"query-input\":{\"@type\":\"PropertyValueSpecification\",\"valueRequired\":true,\"valueName\":\"search_term_string\"}}],\"inLanguage\":\"fr-FR\"},{\"@type\":\"Organization\",\"@id\":\"https:\\\/\\\/store.microbiotech.dz\\\/#organization\",\"name\":\"Microbiotech EURL\",\"url\":\"https:\\\/\\\/store.microbiotech.dz\\\/\",\"logo\":{\"@type\":\"ImageObject\",\"inLanguage\":\"fr-FR\",\"@id\":\"https:\\\/\\\/store.microbiotech.dz\\\/#\\\/schema\\\/logo\\\/image\\\/\",\"url\":\"https:\\\/\\\/store.microbiotech.dz\\\/wp-content\\\/uploads\\\/2021\\\/09\\\/cropped-logo-microbiotech-2.jpg\",\"contentUrl\":\"https:\\\/\\\/store.microbiotech.dz\\\/wp-content\\\/uploads\\\/2021\\\/09\\\/cropped-logo-microbiotech-2.jpg\",\"width\":815,\"height\":586,\"caption\":\"Microbiotech EURL\"},\"image\":{\"@id\":\"https:\\\/\\\/store.microbiotech.dz\\\/#\\\/schema\\\/logo\\\/image\\\/\"},\"sameAs\":[\"https:\\\/\\\/www.facebook.com\\\/MicroBiotech.dz\",\"https:\\\/\\\/x.com\\\/MicrobiotechD\",\"https:\\\/\\\/www.linkedin.com\\\/in\\\/microbiotech\\\/\",\"https:\\\/\\\/www.youtube.com\\\/channel\\\/UCTxc3VIiX7LXD2LQYfZEcDg\"]}]}<\/script>\n<!-- \/ Yoast SEO plugin. -->","yoast_head_json":{"title":"Thermocycleur PCR en temps r\u00e9el qTOWER - La Boutique en ligne","description":"R\u00e9duisez le nombre d'analyses, augmentez la vitesse et r\u00e9duisez consid\u00e9rablement votre co\u00fbt par \u00e9chantillon avec le Thermocycleur PCR en temps r\u00e9el qTOWER","robots":{"index":"index","follow":"follow","max-snippet":"max-snippet:-1","max-image-preview":"max-image-preview:large","max-video-preview":"max-video-preview:-1"},"canonical":"https:\/\/store.microbiotech.dz\/index.php\/produit\/thermocycleur-pcr-en-temps-reel-qtower\/","og_locale":"fr_FR","og_type":"article","og_title":"Thermocycleur PCR en temps r\u00e9el qTOWER - La Boutique en ligne","og_description":"R\u00e9duisez le nombre d'analyses, augmentez la vitesse et r\u00e9duisez consid\u00e9rablement votre co\u00fbt par \u00e9chantillon avec le Thermocycleur PCR en temps r\u00e9el qTOWER","og_url":"https:\/\/store.microbiotech.dz\/index.php\/produit\/thermocycleur-pcr-en-temps-reel-qtower\/","og_site_name":"La Boutique en ligne","article_publisher":"https:\/\/www.facebook.com\/MicroBiotech.dz","article_modified_time":"2025-04-30T10:37:18+00:00","og_image":[{"width":600,"height":600,"url":"https:\/\/store.microbiotech.dz\/wp-content\/uploads\/2024\/01\/qtower.png","type":"image\/png"}],"twitter_card":"summary_large_image","twitter_site":"@MicrobiotechD","schema":{"@context":"https:\/\/schema.org","@graph":[{"@type":"WebPage","@id":"https:\/\/store.microbiotech.dz\/index.php\/produit\/thermocycleur-pcr-en-temps-reel-qtower\/","url":"https:\/\/store.microbiotech.dz\/index.php\/produit\/thermocycleur-pcr-en-temps-reel-qtower\/","name":"Thermocycleur PCR en temps r\u00e9el qTOWER - La Boutique en ligne","isPartOf":{"@id":"https:\/\/store.microbiotech.dz\/#website"},"primaryImageOfPage":{"@id":"https:\/\/store.microbiotech.dz\/index.php\/produit\/thermocycleur-pcr-en-temps-reel-qtower\/#primaryimage"},"image":{"@id":"https:\/\/store.microbiotech.dz\/index.php\/produit\/thermocycleur-pcr-en-temps-reel-qtower\/#primaryimage"},"thumbnailUrl":"https:\/\/store.microbiotech.dz\/wp-content\/uploads\/2024\/01\/qtower.png","datePublished":"2024-01-07T14:53:09+00:00","dateModified":"2025-04-30T10:37:18+00:00","description":"R\u00e9duisez le nombre d'analyses, augmentez la vitesse et r\u00e9duisez consid\u00e9rablement votre co\u00fbt par \u00e9chantillon avec le Thermocycleur PCR en temps r\u00e9el qTOWER","breadcrumb":{"@id":"https:\/\/store.microbiotech.dz\/index.php\/produit\/thermocycleur-pcr-en-temps-reel-qtower\/#breadcrumb"},"inLanguage":"fr-FR","potentialAction":[{"@type":"ReadAction","target":["https:\/\/store.microbiotech.dz\/index.php\/produit\/thermocycleur-pcr-en-temps-reel-qtower\/"]}]},{"@type":"ImageObject","inLanguage":"fr-FR","@id":"https:\/\/store.microbiotech.dz\/index.php\/produit\/thermocycleur-pcr-en-temps-reel-qtower\/#primaryimage","url":"https:\/\/store.microbiotech.dz\/wp-content\/uploads\/2024\/01\/qtower.png","contentUrl":"https:\/\/store.microbiotech.dz\/wp-content\/uploads\/2024\/01\/qtower.png","width":600,"height":600,"caption":"Thermocycleur PCR en temps r\u00e9el qTOWER"},{"@type":"BreadcrumbList","@id":"https:\/\/store.microbiotech.dz\/index.php\/produit\/thermocycleur-pcr-en-temps-reel-qtower\/#breadcrumb","itemListElement":[{"@type":"ListItem","position":1,"name":"Accueil","item":"https:\/\/store.microbiotech.dz\/"},{"@type":"ListItem","position":2,"name":"Nos Produits","item":"https:\/\/store.microbiotech.dz\/index.php\/nos-produits\/"},{"@type":"ListItem","position":3,"name":"Thermocycleur PCR en temps r\u00e9el qTOWER"}]},{"@type":"WebSite","@id":"https:\/\/store.microbiotech.dz\/#website","url":"https:\/\/store.microbiotech.dz\/","name":"La Boutique en ligne","description":"Qualit\u00e9 - Rapidit\u00e9 - Tranquillit\u00e9","publisher":{"@id":"https:\/\/store.microbiotech.dz\/#organization"},"potentialAction":[{"@type":"SearchAction","target":{"@type":"EntryPoint","urlTemplate":"https:\/\/store.microbiotech.dz\/?s={search_term_string}"},"query-input":{"@type":"PropertyValueSpecification","valueRequired":true,"valueName":"search_term_string"}}],"inLanguage":"fr-FR"},{"@type":"Organization","@id":"https:\/\/store.microbiotech.dz\/#organization","name":"Microbiotech EURL","url":"https:\/\/store.microbiotech.dz\/","logo":{"@type":"ImageObject","inLanguage":"fr-FR","@id":"https:\/\/store.microbiotech.dz\/#\/schema\/logo\/image\/","url":"https:\/\/store.microbiotech.dz\/wp-content\/uploads\/2021\/09\/cropped-logo-microbiotech-2.jpg","contentUrl":"https:\/\/store.microbiotech.dz\/wp-content\/uploads\/2021\/09\/cropped-logo-microbiotech-2.jpg","width":815,"height":586,"caption":"Microbiotech EURL"},"image":{"@id":"https:\/\/store.microbiotech.dz\/#\/schema\/logo\/image\/"},"sameAs":["https:\/\/www.facebook.com\/MicroBiotech.dz","https:\/\/x.com\/MicrobiotechD","https:\/\/www.linkedin.com\/in\/microbiotech\/","https:\/\/www.youtube.com\/channel\/UCTxc3VIiX7LXD2LQYfZEcDg"]}]}},"jetpack_sharing_enabled":true,"_links":{"self":[{"href":"https:\/\/store.microbiotech.dz\/index.php\/wp-json\/wp\/v2\/product\/7241","targetHints":{"allow":["GET"]}}],"collection":[{"href":"https:\/\/store.microbiotech.dz\/index.php\/wp-json\/wp\/v2\/product"}],"about":[{"href":"https:\/\/store.microbiotech.dz\/index.php\/wp-json\/wp\/v2\/types\/product"}],"replies":[{"embeddable":true,"href":"https:\/\/store.microbiotech.dz\/index.php\/wp-json\/wp\/v2\/comments?post=7241"}],"wp:featuredmedia":[{"embeddable":true,"href":"https:\/\/store.microbiotech.dz\/index.php\/wp-json\/wp\/v2\/media\/7243"}],"wp:attachment":[{"href":"https:\/\/store.microbiotech.dz\/index.php\/wp-json\/wp\/v2\/media?parent=7241"}],"wp:term":[{"taxonomy":"product_brand","embeddable":true,"href":"https:\/\/store.microbiotech.dz\/index.php\/wp-json\/wp\/v2\/product_brand?post=7241"},{"taxonomy":"product_cat","embeddable":true,"href":"https:\/\/store.microbiotech.dz\/index.php\/wp-json\/wp\/v2\/product_cat?post=7241"},{"taxonomy":"product_tag","embeddable":true,"href":"https:\/\/store.microbiotech.dz\/index.php\/wp-json\/wp\/v2\/product_tag?post=7241"}],"curies":[{"name":"wp","href":"https:\/\/api.w.org\/{rel}","templated":true}]}}