{"id":6903,"date":"2024-04-18T14:28:42","date_gmt":"2024-04-18T13:28:42","guid":{"rendered":"https:\/\/store.microbiotech.dz\/?post_type=product&#038;p=6903"},"modified":"2025-05-31T11:07:54","modified_gmt":"2025-05-31T10:07:54","slug":"purificateur-deau","status":"publish","type":"product","link":"https:\/\/store.microbiotech.dz\/index.php\/produit\/purificateur-deau\/","title":{"rendered":"Purificateur d&rsquo;eau ( Osmoseur )"},"content":{"rendered":"<p><a href=\"https:\/\/store.microbiotech.dz\/?s=purification\" target=\"_blank\" rel=\"noopener\">Purificateur<\/a> d&rsquo;eau ( Osmoseur ) s<span style=\"font-size: 16px; font-style: normal; font-weight: 400;\">p\u00e9cialement con\u00e7u pour le laboratoire de haute pr\u00e9cision est c<\/span><span style=\"font-size: 16px; font-style: normal; font-weight: 400;\">onforme aux exigences en mati\u00e8re d&rsquo;eau de la norme nationale GB\/T6682-2008. <\/span><span style=\"font-size: 16px;\">La membrane Nano RO filtre plus efficacement les minuscules substances, le\u00a0<\/span><span style=\"font-size: 16px; font-style: normal; font-weight: 400;\">d\u00e9marrage se fait en une touche, ce qui rend l&rsquo;<\/span><span style=\"font-size: 16px;\">op\u00e9ration tr\u00e8s simple.<\/span><\/p>\n<p>L&rsquo;appareil poss\u00e8de une protection haute et basse pression pour un fonctionnement plus s\u00fbr et une alarme de remplacement des consommables.<\/p>\n","protected":false},"excerpt":{"rendered":"<p>&nbsp;<\/p>\n<p>Origine\u00a0 :\u00a0<strong>Chine<\/strong>\u00a0<img loading=\"lazy\" decoding=\"async\" class=\"alignnone wp-image-1795\" src=\"https:\/\/store.microbiotech.dz\/wp-content\/uploads\/2022\/04\/China-Flag.png\" sizes=\"auto, (max-width: 28px) 100vw, 28px\" srcset=\"https:\/\/store.microbiotech.dz\/wp-content\/uploads\/2022\/04\/China-Flag.png 224w, https:\/\/store.microbiotech.dz\/wp-content\/uploads\/2022\/04\/China-Flag-150x150.png 150w, https:\/\/store.microbiotech.dz\/wp-content\/uploads\/2022\/04\/China-Flag-100x100.png 100w\" alt=\"\" width=\"28\" height=\"28\" \/><br \/>\nType de sortie d&rsquo;eau : <strong>Sortie d&rsquo;eau RO* 1 et sortie d&rsquo;eau DI* 1<\/strong><br \/>\nVitesse de sortie d&rsquo;eau : <strong>10L\/H<\/strong><br \/>\nProc\u00e9dure de purification : <strong>PF+AC+RO+DI<\/strong><br \/>\nBesoin d&rsquo;approvisionnement en eau : <strong>Lors du travail, la pression d&rsquo;entr\u00e9e de l&rsquo;eau est de 0,1 \u00e0 0,3 MPa et la qualit\u00e9 de l&rsquo;eau r\u00e9pond aux exigences de GB5749,15 ~ 35 \u00b0C.<\/strong><br \/>\nExigences environnementales : <strong>Temp\u00e9rature 15 ~ 35\u00b0C \/ Humidit\u00e9 relative\u226480%<\/strong><br \/>\nSyst\u00e8me d&rsquo;\u00e9puration : <strong>10\u201dFiltre TP*1,10\u201dFiltre \u00e0 charbon actif * 2 \/ Membrane RO 50GPD * 1\/ Colonne de purification par d\u00e9sionisation*2<\/strong><br \/>\nQualit\u00e9 de l&rsquo;eau d\u00e9min\u00e9ralis\u00e9e :<br \/>\n&#8211; R\u00e9sistivit\u00e9 <strong>10-18.25MOh.cm<\/strong><br \/>\n&#8211; Conductivit\u00e9 <strong>0,055-0,1ps\/cm<\/strong><br \/>\n&#8211; Heavy m\u00e9tal <strong>&lt;0,1 ppb<\/strong><br \/>\n&#8211; Particule <strong>&lt;1\/ml<\/strong><br \/>\n&#8211; Bact\u00e9ries <strong>&lt;0,1 ufc\/ml<\/strong><br \/>\nQualit\u00e9 de l&rsquo;eau osmos\u00e9e :<br \/>\n&#8211; Taux de rejet d&rsquo;ions<strong> 96%~99%<\/strong><br \/>\n&#8211; Taux de rejet organique <strong>&gt;99 %<\/strong><br \/>\n&#8211; Particules et bact\u00e9ries taux de r\u00e9jection <strong>&gt;99 %<\/strong><br \/>\nD\u00e9bit : <strong>167 ml\/min<\/strong><br \/>\nConsommation : <strong>46W<\/strong><br \/>\nSource de courant : <strong>AC220V \u00b1 10 %, 50 Hz \u00b1 5 % (standard)<\/strong><br \/>\nTaille de l&rsquo;instrument (L*P*H) : <strong>390*400*503mm<\/strong><br \/>\nT\u00e9l\u00e9chargement : <a href=\"https:\/\/store.microbiotech.dz\/wp-content\/uploads\/2023\/11\/Water-Purifier-fiche-technique.pdf\">Water Purifier fiche technique<\/a><\/p>\n","protected":false},"featured_media":8811,"comment_status":"open","ping_status":"closed","template":"","meta":{"site-sidebar-layout":"default","site-content-layout":"","ast-site-content-layout":"default","site-content-style":"default","site-sidebar-style":"default","ast-global-header-display":"","ast-banner-title-visibility":"","ast-main-header-display":"","ast-hfb-above-header-display":"","ast-hfb-below-header-display":"","ast-hfb-mobile-header-display":"","site-post-title":"","ast-breadcrumbs-content":"","ast-featured-img":"","footer-sml-layout":"","ast-disable-related-posts":"","theme-transparent-header-meta":"default","adv-header-id-meta":"","stick-header-meta":"","header-above-stick-meta":"","header-main-stick-meta":"","header-below-stick-meta":"","astra-migrate-meta-layouts":"set","ast-page-background-enabled":"default","ast-page-background-meta":{"desktop":{"background-color":"var(--ast-global-color-4)","background-image":"","background-repeat":"repeat","background-position":"center center","background-size":"auto","background-attachment":"scroll","background-type":"","background-media":"","overlay-type":"","overlay-color":"","overlay-opacity":"","overlay-gradient":""},"tablet":{"background-color":"","background-image":"","background-repeat":"repeat","background-position":"center center","background-size":"auto","background-attachment":"scroll","background-type":"","background-media":"","overlay-type":"","overlay-color":"","overlay-opacity":"","overlay-gradient":""},"mobile":{"background-color":"","background-image":"","background-repeat":"repeat","background-position":"center center","background-size":"auto","background-attachment":"scroll","background-type":"","background-media":"","overlay-type":"","overlay-color":"","overlay-opacity":"","overlay-gradient":""}},"ast-content-background-meta":{"desktop":{"background-color":"var(--ast-global-color-5)","background-image":"","background-repeat":"repeat","background-position":"center center","background-size":"auto","background-attachment":"scroll","background-type":"","background-media":"","overlay-type":"","overlay-color":"","overlay-opacity":"","overlay-gradient":""},"tablet":{"background-color":"var(--ast-global-color-5)","background-image":"","background-repeat":"repeat","background-position":"center center","background-size":"auto","background-attachment":"scroll","background-type":"","background-media":"","overlay-type":"","overlay-color":"","overlay-opacity":"","overlay-gradient":""},"mobile":{"background-color":"var(--ast-global-color-5)","background-image":"","background-repeat":"repeat","background-position":"center center","background-size":"auto","background-attachment":"scroll","background-type":"","background-media":"","overlay-type":"","overlay-color":"","overlay-opacity":"","overlay-gradient":""}},"jetpack_post_was_ever_published":true},"product_brand":[],"product_cat":[238],"product_tag":[1919,383,152,22,930,997,382,465,1789],"class_list":{"0":"post-6903","1":"product","2":"type-product","3":"status-publish","4":"has-post-thumbnail","6":"product_cat-equipements","7":"product_tag-biobase","8":"product_tag-distillateur","9":"product_tag-eau","10":"product_tag-eau-pure","11":"product_tag-f90","12":"product_tag-faithful","13":"product_tag-osmoseur","14":"product_tag-purificateur-deau","15":"product_tag-purification","16":"product_shipping_class-temperature-ambiante","17":"desktop-align-center","18":"tablet-align-left","19":"mobile-align-left","21":"first","22":"instock","23":"taxable","24":"shipping-taxable","25":"purchasable","26":"product-type-simple"},"yoast_head":"<!-- This site is optimized with the Yoast SEO plugin v27.4 - https:\/\/yoast.com\/product\/yoast-seo-wordpress\/ -->\n<title>Purificateur d&#039;eau ( Osmoseur ) - La Boutique en ligne<\/title>\n<meta name=\"description\" content=\"Purificateur d&#039;eau ( Osmoseur ) reconnu depuis des annees surble march\u00e9 algerien, qui fait ses preuves chez des dizaines de laboratoires au meilleur prix !\" \/>\n<meta name=\"robots\" content=\"index, follow, max-snippet:-1, max-image-preview:large, max-video-preview:-1\" \/>\n<link rel=\"canonical\" href=\"https:\/\/store.microbiotech.dz\/index.php\/produit\/purificateur-deau\/\" \/>\n<meta property=\"og:locale\" content=\"fr_FR\" \/>\n<meta property=\"og:type\" content=\"article\" \/>\n<meta property=\"og:title\" content=\"Purificateur d&#039;eau ( Osmoseur ) - La Boutique en ligne\" \/>\n<meta property=\"og:description\" content=\"Purificateur d&#039;eau ( Osmoseur ) reconnu depuis des annees surble march\u00e9 algerien, qui fait ses preuves chez des dizaines de laboratoires au meilleur prix !\" \/>\n<meta property=\"og:url\" content=\"https:\/\/store.microbiotech.dz\/index.php\/produit\/purificateur-deau\/\" \/>\n<meta property=\"og:site_name\" content=\"La Boutique en ligne\" \/>\n<meta property=\"article:publisher\" content=\"https:\/\/www.facebook.com\/MicroBiotech.dz\" \/>\n<meta property=\"article:modified_time\" content=\"2025-05-31T10:07:54+00:00\" \/>\n<meta property=\"og:image\" content=\"https:\/\/store.microbiotech.dz\/wp-content\/uploads\/2023\/11\/biobase.webp\" \/>\n\t<meta property=\"og:image:width\" content=\"600\" \/>\n\t<meta property=\"og:image:height\" content=\"600\" \/>\n\t<meta property=\"og:image:type\" content=\"image\/webp\" \/>\n<meta name=\"twitter:card\" content=\"summary_large_image\" \/>\n<meta name=\"twitter:site\" content=\"@MicrobiotechD\" \/>\n<script type=\"application\/ld+json\" class=\"yoast-schema-graph\">{\"@context\":\"https:\\\/\\\/schema.org\",\"@graph\":[{\"@type\":\"WebPage\",\"@id\":\"https:\\\/\\\/store.microbiotech.dz\\\/index.php\\\/produit\\\/purificateur-deau\\\/\",\"url\":\"https:\\\/\\\/store.microbiotech.dz\\\/index.php\\\/produit\\\/purificateur-deau\\\/\",\"name\":\"Purificateur d'eau ( Osmoseur ) - La Boutique en ligne\",\"isPartOf\":{\"@id\":\"https:\\\/\\\/store.microbiotech.dz\\\/#website\"},\"primaryImageOfPage\":{\"@id\":\"https:\\\/\\\/store.microbiotech.dz\\\/index.php\\\/produit\\\/purificateur-deau\\\/#primaryimage\"},\"image\":{\"@id\":\"https:\\\/\\\/store.microbiotech.dz\\\/index.php\\\/produit\\\/purificateur-deau\\\/#primaryimage\"},\"thumbnailUrl\":\"https:\\\/\\\/store.microbiotech.dz\\\/wp-content\\\/uploads\\\/2023\\\/11\\\/biobase.webp\",\"datePublished\":\"2024-04-18T13:28:42+00:00\",\"dateModified\":\"2025-05-31T10:07:54+00:00\",\"description\":\"Purificateur d'eau ( Osmoseur ) reconnu depuis des annees surble march\u00e9 algerien, qui fait ses preuves chez des dizaines de laboratoires au meilleur prix !\",\"breadcrumb\":{\"@id\":\"https:\\\/\\\/store.microbiotech.dz\\\/index.php\\\/produit\\\/purificateur-deau\\\/#breadcrumb\"},\"inLanguage\":\"fr-FR\",\"potentialAction\":[{\"@type\":\"ReadAction\",\"target\":[\"https:\\\/\\\/store.microbiotech.dz\\\/index.php\\\/produit\\\/purificateur-deau\\\/\"]}]},{\"@type\":\"ImageObject\",\"inLanguage\":\"fr-FR\",\"@id\":\"https:\\\/\\\/store.microbiotech.dz\\\/index.php\\\/produit\\\/purificateur-deau\\\/#primaryimage\",\"url\":\"https:\\\/\\\/store.microbiotech.dz\\\/wp-content\\\/uploads\\\/2023\\\/11\\\/biobase.webp\",\"contentUrl\":\"https:\\\/\\\/store.microbiotech.dz\\\/wp-content\\\/uploads\\\/2023\\\/11\\\/biobase.webp\",\"width\":600,\"height\":600,\"caption\":\"Purificateur d'eau\"},{\"@type\":\"BreadcrumbList\",\"@id\":\"https:\\\/\\\/store.microbiotech.dz\\\/index.php\\\/produit\\\/purificateur-deau\\\/#breadcrumb\",\"itemListElement\":[{\"@type\":\"ListItem\",\"position\":1,\"name\":\"Accueil\",\"item\":\"https:\\\/\\\/store.microbiotech.dz\\\/\"},{\"@type\":\"ListItem\",\"position\":2,\"name\":\"Nos Produits\",\"item\":\"https:\\\/\\\/store.microbiotech.dz\\\/index.php\\\/nos-produits\\\/\"},{\"@type\":\"ListItem\",\"position\":3,\"name\":\"Purificateur d&rsquo;eau ( Osmoseur )\"}]},{\"@type\":\"WebSite\",\"@id\":\"https:\\\/\\\/store.microbiotech.dz\\\/#website\",\"url\":\"https:\\\/\\\/store.microbiotech.dz\\\/\",\"name\":\"La Boutique en ligne\",\"description\":\"Qualit\u00e9 - Rapidit\u00e9 - Tranquillit\u00e9\",\"publisher\":{\"@id\":\"https:\\\/\\\/store.microbiotech.dz\\\/#organization\"},\"potentialAction\":[{\"@type\":\"SearchAction\",\"target\":{\"@type\":\"EntryPoint\",\"urlTemplate\":\"https:\\\/\\\/store.microbiotech.dz\\\/?s={search_term_string}\"},\"query-input\":{\"@type\":\"PropertyValueSpecification\",\"valueRequired\":true,\"valueName\":\"search_term_string\"}}],\"inLanguage\":\"fr-FR\"},{\"@type\":\"Organization\",\"@id\":\"https:\\\/\\\/store.microbiotech.dz\\\/#organization\",\"name\":\"Microbiotech EURL\",\"url\":\"https:\\\/\\\/store.microbiotech.dz\\\/\",\"logo\":{\"@type\":\"ImageObject\",\"inLanguage\":\"fr-FR\",\"@id\":\"https:\\\/\\\/store.microbiotech.dz\\\/#\\\/schema\\\/logo\\\/image\\\/\",\"url\":\"https:\\\/\\\/store.microbiotech.dz\\\/wp-content\\\/uploads\\\/2021\\\/09\\\/cropped-logo-microbiotech-2.jpg\",\"contentUrl\":\"https:\\\/\\\/store.microbiotech.dz\\\/wp-content\\\/uploads\\\/2021\\\/09\\\/cropped-logo-microbiotech-2.jpg\",\"width\":815,\"height\":586,\"caption\":\"Microbiotech EURL\"},\"image\":{\"@id\":\"https:\\\/\\\/store.microbiotech.dz\\\/#\\\/schema\\\/logo\\\/image\\\/\"},\"sameAs\":[\"https:\\\/\\\/www.facebook.com\\\/MicroBiotech.dz\",\"https:\\\/\\\/x.com\\\/MicrobiotechD\",\"https:\\\/\\\/www.linkedin.com\\\/in\\\/microbiotech\\\/\",\"https:\\\/\\\/www.youtube.com\\\/channel\\\/UCTxc3VIiX7LXD2LQYfZEcDg\"]}]}<\/script>\n<!-- \/ Yoast SEO plugin. -->","yoast_head_json":{"title":"Purificateur d'eau ( Osmoseur ) - La Boutique en ligne","description":"Purificateur d'eau ( Osmoseur ) reconnu depuis des annees surble march\u00e9 algerien, qui fait ses preuves chez des dizaines de laboratoires au meilleur prix !","robots":{"index":"index","follow":"follow","max-snippet":"max-snippet:-1","max-image-preview":"max-image-preview:large","max-video-preview":"max-video-preview:-1"},"canonical":"https:\/\/store.microbiotech.dz\/index.php\/produit\/purificateur-deau\/","og_locale":"fr_FR","og_type":"article","og_title":"Purificateur d'eau ( Osmoseur ) - La Boutique en ligne","og_description":"Purificateur d'eau ( Osmoseur ) reconnu depuis des annees surble march\u00e9 algerien, qui fait ses preuves chez des dizaines de laboratoires au meilleur prix !","og_url":"https:\/\/store.microbiotech.dz\/index.php\/produit\/purificateur-deau\/","og_site_name":"La Boutique en ligne","article_publisher":"https:\/\/www.facebook.com\/MicroBiotech.dz","article_modified_time":"2025-05-31T10:07:54+00:00","og_image":[{"width":600,"height":600,"url":"https:\/\/store.microbiotech.dz\/wp-content\/uploads\/2023\/11\/biobase.webp","type":"image\/webp"}],"twitter_card":"summary_large_image","twitter_site":"@MicrobiotechD","schema":{"@context":"https:\/\/schema.org","@graph":[{"@type":"WebPage","@id":"https:\/\/store.microbiotech.dz\/index.php\/produit\/purificateur-deau\/","url":"https:\/\/store.microbiotech.dz\/index.php\/produit\/purificateur-deau\/","name":"Purificateur d'eau ( Osmoseur ) - La Boutique en ligne","isPartOf":{"@id":"https:\/\/store.microbiotech.dz\/#website"},"primaryImageOfPage":{"@id":"https:\/\/store.microbiotech.dz\/index.php\/produit\/purificateur-deau\/#primaryimage"},"image":{"@id":"https:\/\/store.microbiotech.dz\/index.php\/produit\/purificateur-deau\/#primaryimage"},"thumbnailUrl":"https:\/\/store.microbiotech.dz\/wp-content\/uploads\/2023\/11\/biobase.webp","datePublished":"2024-04-18T13:28:42+00:00","dateModified":"2025-05-31T10:07:54+00:00","description":"Purificateur d'eau ( Osmoseur ) reconnu depuis des annees surble march\u00e9 algerien, qui fait ses preuves chez des dizaines de laboratoires au meilleur prix !","breadcrumb":{"@id":"https:\/\/store.microbiotech.dz\/index.php\/produit\/purificateur-deau\/#breadcrumb"},"inLanguage":"fr-FR","potentialAction":[{"@type":"ReadAction","target":["https:\/\/store.microbiotech.dz\/index.php\/produit\/purificateur-deau\/"]}]},{"@type":"ImageObject","inLanguage":"fr-FR","@id":"https:\/\/store.microbiotech.dz\/index.php\/produit\/purificateur-deau\/#primaryimage","url":"https:\/\/store.microbiotech.dz\/wp-content\/uploads\/2023\/11\/biobase.webp","contentUrl":"https:\/\/store.microbiotech.dz\/wp-content\/uploads\/2023\/11\/biobase.webp","width":600,"height":600,"caption":"Purificateur d'eau"},{"@type":"BreadcrumbList","@id":"https:\/\/store.microbiotech.dz\/index.php\/produit\/purificateur-deau\/#breadcrumb","itemListElement":[{"@type":"ListItem","position":1,"name":"Accueil","item":"https:\/\/store.microbiotech.dz\/"},{"@type":"ListItem","position":2,"name":"Nos Produits","item":"https:\/\/store.microbiotech.dz\/index.php\/nos-produits\/"},{"@type":"ListItem","position":3,"name":"Purificateur d&rsquo;eau ( Osmoseur )"}]},{"@type":"WebSite","@id":"https:\/\/store.microbiotech.dz\/#website","url":"https:\/\/store.microbiotech.dz\/","name":"La Boutique en ligne","description":"Qualit\u00e9 - Rapidit\u00e9 - Tranquillit\u00e9","publisher":{"@id":"https:\/\/store.microbiotech.dz\/#organization"},"potentialAction":[{"@type":"SearchAction","target":{"@type":"EntryPoint","urlTemplate":"https:\/\/store.microbiotech.dz\/?s={search_term_string}"},"query-input":{"@type":"PropertyValueSpecification","valueRequired":true,"valueName":"search_term_string"}}],"inLanguage":"fr-FR"},{"@type":"Organization","@id":"https:\/\/store.microbiotech.dz\/#organization","name":"Microbiotech EURL","url":"https:\/\/store.microbiotech.dz\/","logo":{"@type":"ImageObject","inLanguage":"fr-FR","@id":"https:\/\/store.microbiotech.dz\/#\/schema\/logo\/image\/","url":"https:\/\/store.microbiotech.dz\/wp-content\/uploads\/2021\/09\/cropped-logo-microbiotech-2.jpg","contentUrl":"https:\/\/store.microbiotech.dz\/wp-content\/uploads\/2021\/09\/cropped-logo-microbiotech-2.jpg","width":815,"height":586,"caption":"Microbiotech EURL"},"image":{"@id":"https:\/\/store.microbiotech.dz\/#\/schema\/logo\/image\/"},"sameAs":["https:\/\/www.facebook.com\/MicroBiotech.dz","https:\/\/x.com\/MicrobiotechD","https:\/\/www.linkedin.com\/in\/microbiotech\/","https:\/\/www.youtube.com\/channel\/UCTxc3VIiX7LXD2LQYfZEcDg"]}]}},"jetpack_sharing_enabled":true,"_links":{"self":[{"href":"https:\/\/store.microbiotech.dz\/index.php\/wp-json\/wp\/v2\/product\/6903","targetHints":{"allow":["GET"]}}],"collection":[{"href":"https:\/\/store.microbiotech.dz\/index.php\/wp-json\/wp\/v2\/product"}],"about":[{"href":"https:\/\/store.microbiotech.dz\/index.php\/wp-json\/wp\/v2\/types\/product"}],"replies":[{"embeddable":true,"href":"https:\/\/store.microbiotech.dz\/index.php\/wp-json\/wp\/v2\/comments?post=6903"}],"wp:featuredmedia":[{"embeddable":true,"href":"https:\/\/store.microbiotech.dz\/index.php\/wp-json\/wp\/v2\/media\/8811"}],"wp:attachment":[{"href":"https:\/\/store.microbiotech.dz\/index.php\/wp-json\/wp\/v2\/media?parent=6903"}],"wp:term":[{"taxonomy":"product_brand","embeddable":true,"href":"https:\/\/store.microbiotech.dz\/index.php\/wp-json\/wp\/v2\/product_brand?post=6903"},{"taxonomy":"product_cat","embeddable":true,"href":"https:\/\/store.microbiotech.dz\/index.php\/wp-json\/wp\/v2\/product_cat?post=6903"},{"taxonomy":"product_tag","embeddable":true,"href":"https:\/\/store.microbiotech.dz\/index.php\/wp-json\/wp\/v2\/product_tag?post=6903"}],"curies":[{"name":"wp","href":"https:\/\/api.w.org\/{rel}","templated":true}]}}