{"id":4957,"date":"2023-06-25T10:38:12","date_gmt":"2023-06-25T09:38:12","guid":{"rendered":"https:\/\/store.microbiotech.dz\/?post_type=product&#038;p=4957"},"modified":"2024-04-07T09:23:48","modified_gmt":"2024-04-07T08:23:48","slug":"testeur-electronique-dhuile-de-friture-testo","status":"publish","type":"product","link":"https:\/\/store.microbiotech.dz\/index.php\/produit\/testeur-electronique-dhuile-de-friture-testo\/","title":{"rendered":"Testeur \u00e9lectronique d\u2019huile de friture Testo"},"content":{"rendered":"<p>Le Testeur \u00e9lectronique d\u2019huile de friture Testo vous indique de mani\u00e8re fiable la valeur TPM (compos\u00e9s polaires). Car le changement d\u2019huile v\u00e9g\u00e9tale est obligatoire lorsque sa <strong>teneur en compos\u00e9s polaires est sup\u00e9rieure \u00e0 25%<\/strong> (article 3.3 du d\u00e9cret n\u00b0 86-857 du 18\/07\/86 &#8211; J.O. du 24\/07\/86). Au-del\u00e0, l\u2019huile devient impropre \u00e0 la consommation humaine.<\/p>\n<p>Le Testeur \u00e9lectronique d\u2019huile de friture <a href=\"https:\/\/www.testo.com\/en\/\" target=\"_blank\" rel=\"noopener\">Testo<\/a> est caract\u00e9ris\u00e9 par :<\/p>\n<ul>\n<li>\u00e9chelle de 0,5% \u00e0 40% \u00e0 \u00b1 2% de TPM (Total Polar Materials = Total de Particules Polaris\u00e9es)<\/li>\n<li>r\u00e9solution : \u00b1 0,5% TPM<\/li>\n<li>fonction alarme par barrette LED : la couleur de la barrette LED d&rsquo;alarme indique la plage dans laquelle se situe le pourcentage de TPM. Param\u00e9trage d&rsquo;origine pouvant \u00eatre modifi\u00e9:\n<ul>\n<li>vert : huile de bonne qualit\u00e9 (le % de TPM se situe en dessous de la valeur limite inf\u00e9rieure)<\/li>\n<li>orange : limite d&rsquo;utilisation (le % de TPM se situe entre les valeurs limites inf\u00e9rieures et sup\u00e9rieures)<\/li>\n<li>rouge : changement d&rsquo;huile (le % de TPM se situe\u00a0au dessus de la valeur limite sup\u00e9rieure)<\/li>\n<\/ul>\n<\/li>\n<li>fonction d&rsquo;alarme sonore activable<\/li>\n<li>fonctions Hold et Auto-Off<\/li>\n<\/ul>\n","protected":false},"excerpt":{"rendered":"<p>&nbsp;<\/p>\n<p>Marque : <strong>Testo <img loading=\"lazy\" decoding=\"async\" class=\"alignnone wp-image-1649\" src=\"https:\/\/store.microbiotech.dz\/wp-content\/uploads\/2022\/04\/51968274-le-drapeau-allemand-icone-matte-ronde-isole-sur-fond-blanc--300x300.webp\" alt=\"\" width=\"40\" height=\"40\" srcset=\"https:\/\/store.microbiotech.dz\/wp-content\/uploads\/2022\/04\/51968274-le-drapeau-allemand-icone-matte-ronde-isole-sur-fond-blanc--300x300.webp 300w, https:\/\/store.microbiotech.dz\/wp-content\/uploads\/2022\/04\/51968274-le-drapeau-allemand-icone-matte-ronde-isole-sur-fond-blanc--150x150.webp 150w, https:\/\/store.microbiotech.dz\/wp-content\/uploads\/2022\/04\/51968274-le-drapeau-allemand-icone-matte-ronde-isole-sur-fond-blanc--100x100.webp 100w, https:\/\/store.microbiotech.dz\/wp-content\/uploads\/2022\/04\/51968274-le-drapeau-allemand-icone-matte-ronde-isole-sur-fond-blanc-.webp 450w\" sizes=\"auto, (max-width: 40px) 100vw, 40px\" \/><\/strong><br \/>\nPr\u00e9cision tpm : <strong>\u00b12 % tpm<\/strong> (+40 \u00e0 +190 \u00b0c)<br \/>\nTemp\u00e9rature de stockage : <strong>-20 \u00e0 +70\u00b0C<\/strong><br \/>\nCapteur de temp\u00e9rature : <strong>CTP<\/strong><br \/>\nR\u00e9solution tpm : <strong>0.5 % tpm<\/strong> (+40 \u00e0 +190 \u00b0c)<br \/>\nPlage de mesure tpm : <strong>0.0 \u00e0 40.0 %<\/strong> <strong>tpm<\/strong><br \/>\nPlage de mesure : <strong>\u00b11.5 \u00b0c.<\/strong><br \/>\nAutonomie : <strong>env. 25 h<\/strong> en fonctionnement continu; env. 500 mesures<br \/>\nType de pile : <strong>2 piles<\/strong> Micro AAA<br \/>\nApplication : restaurant, cuisine commerciale&#8230;<br \/>\nFournis : <strong>testeur<\/strong> d&rsquo;huile Testo 270, mode d&#8217;emploi, <strong>\u00e9tui<\/strong> de protection TopSafe, <strong>mallette<\/strong> en alu, <strong>huile de r\u00e9f\u00e9rence<\/strong>, protocole d&rsquo;\u00e9talonnage et <strong>pile<\/strong>.<\/p>\n","protected":false},"featured_media":4958,"comment_status":"open","ping_status":"closed","template":"","meta":{"site-sidebar-layout":"default","site-content-layout":"default","ast-site-content-layout":"default","site-content-style":"default","site-sidebar-style":"default","ast-global-header-display":"","ast-banner-title-visibility":"","ast-main-header-display":"","ast-hfb-above-header-display":"","ast-hfb-below-header-display":"","ast-hfb-mobile-header-display":"","site-post-title":"","ast-breadcrumbs-content":"","ast-featured-img":"","footer-sml-layout":"","ast-disable-related-posts":"","theme-transparent-header-meta":"default","adv-header-id-meta":"","stick-header-meta":"","header-above-stick-meta":"","header-main-stick-meta":"","header-below-stick-meta":"","astra-migrate-meta-layouts":"set","ast-page-background-enabled":"default","ast-page-background-meta":{"desktop":{"background-color":"var(--ast-global-color-4)","background-image":"","background-repeat":"repeat","background-position":"center center","background-size":"auto","background-attachment":"scroll","background-type":"","background-media":"","overlay-type":"","overlay-color":"","overlay-opacity":"","overlay-gradient":""},"tablet":{"background-color":"","background-image":"","background-repeat":"repeat","background-position":"center center","background-size":"auto","background-attachment":"scroll","background-type":"","background-media":"","overlay-type":"","overlay-color":"","overlay-opacity":"","overlay-gradient":""},"mobile":{"background-color":"","background-image":"","background-repeat":"repeat","background-position":"center center","background-size":"auto","background-attachment":"scroll","background-type":"","background-media":"","overlay-type":"","overlay-color":"","overlay-opacity":"","overlay-gradient":""}},"ast-content-background-meta":{"desktop":{"background-color":"var(--ast-global-color-5)","background-image":"","background-repeat":"repeat","background-position":"center center","background-size":"auto","background-attachment":"scroll","background-type":"","background-media":"","overlay-type":"","overlay-color":"","overlay-opacity":"","overlay-gradient":""},"tablet":{"background-color":"var(--ast-global-color-5)","background-image":"","background-repeat":"repeat","background-position":"center center","background-size":"auto","background-attachment":"scroll","background-type":"","background-media":"","overlay-type":"","overlay-color":"","overlay-opacity":"","overlay-gradient":""},"mobile":{"background-color":"var(--ast-global-color-5)","background-image":"","background-repeat":"repeat","background-position":"center center","background-size":"auto","background-attachment":"scroll","background-type":"","background-media":"","overlay-type":"","overlay-color":"","overlay-opacity":"","overlay-gradient":""}},"jetpack_post_was_ever_published":false},"product_brand":[],"product_cat":[238],"product_tag":[1311,1315,1312,1313,1314],"class_list":{"0":"post-4957","1":"product","2":"type-product","3":"status-publish","4":"has-post-thumbnail","6":"product_cat-equipements","7":"product_tag-f107","8":"product_tag-friture","9":"product_tag-huile","10":"product_tag-testeur","11":"product_tag-testeur-dhuile","12":"product_shipping_class-temperature-ambiante","13":"desktop-align-center","14":"tablet-align-left","15":"mobile-align-left","17":"first","18":"outofstock","19":"sale","20":"taxable","21":"shipping-taxable","22":"purchasable","23":"product-type-simple"},"yoast_head":"<!-- This site is optimized with the Yoast SEO plugin v27.4 - https:\/\/yoast.com\/product\/yoast-seo-wordpress\/ -->\n<title>Testeur \u00e9lectronique d\u2019huile de friture Testo - La Boutique en ligne<\/title>\n<meta name=\"description\" content=\"Avec le Testeur \u00e9lectronique d\u2019huile de friture Testo, contr\u00f4lez r\u00e9guli\u00e8rement de la qualit\u00e9 de votre huile. Il vous indique de mani\u00e8re fiable la valeur TPM\" \/>\n<meta name=\"robots\" content=\"index, follow, max-snippet:-1, max-image-preview:large, max-video-preview:-1\" \/>\n<link rel=\"canonical\" href=\"https:\/\/store.microbiotech.dz\/index.php\/produit\/testeur-electronique-dhuile-de-friture-testo\/\" \/>\n<meta property=\"og:locale\" content=\"fr_FR\" \/>\n<meta property=\"og:type\" content=\"article\" \/>\n<meta property=\"og:title\" content=\"Testeur \u00e9lectronique d\u2019huile de friture Testo - La Boutique en ligne\" \/>\n<meta property=\"og:description\" content=\"Avec le Testeur \u00e9lectronique d\u2019huile de friture Testo, contr\u00f4lez r\u00e9guli\u00e8rement de la qualit\u00e9 de votre huile. Il vous indique de mani\u00e8re fiable la valeur TPM\" \/>\n<meta property=\"og:url\" content=\"https:\/\/store.microbiotech.dz\/index.php\/produit\/testeur-electronique-dhuile-de-friture-testo\/\" \/>\n<meta property=\"og:site_name\" content=\"La Boutique en ligne\" \/>\n<meta property=\"article:publisher\" content=\"https:\/\/www.facebook.com\/MicroBiotech.dz\" \/>\n<meta property=\"article:modified_time\" content=\"2024-04-07T08:23:48+00:00\" \/>\n<meta property=\"og:image\" content=\"https:\/\/store.microbiotech.dz\/wp-content\/uploads\/2023\/06\/Design-sans-titre-3.png\" \/>\n\t<meta property=\"og:image:width\" content=\"600\" \/>\n\t<meta property=\"og:image:height\" content=\"600\" \/>\n\t<meta property=\"og:image:type\" content=\"image\/png\" \/>\n<meta name=\"twitter:card\" content=\"summary_large_image\" \/>\n<meta name=\"twitter:site\" content=\"@MicrobiotechD\" \/>\n<meta name=\"twitter:label1\" content=\"Dur\u00e9e de lecture estim\u00e9e\" \/>\n\t<meta name=\"twitter:data1\" content=\"1 minute\" \/>\n<script type=\"application\/ld+json\" class=\"yoast-schema-graph\">{\"@context\":\"https:\\\/\\\/schema.org\",\"@graph\":[{\"@type\":\"WebPage\",\"@id\":\"https:\\\/\\\/store.microbiotech.dz\\\/index.php\\\/produit\\\/testeur-electronique-dhuile-de-friture-testo\\\/\",\"url\":\"https:\\\/\\\/store.microbiotech.dz\\\/index.php\\\/produit\\\/testeur-electronique-dhuile-de-friture-testo\\\/\",\"name\":\"Testeur \u00e9lectronique d\u2019huile de friture Testo - La Boutique en ligne\",\"isPartOf\":{\"@id\":\"https:\\\/\\\/store.microbiotech.dz\\\/#website\"},\"primaryImageOfPage\":{\"@id\":\"https:\\\/\\\/store.microbiotech.dz\\\/index.php\\\/produit\\\/testeur-electronique-dhuile-de-friture-testo\\\/#primaryimage\"},\"image\":{\"@id\":\"https:\\\/\\\/store.microbiotech.dz\\\/index.php\\\/produit\\\/testeur-electronique-dhuile-de-friture-testo\\\/#primaryimage\"},\"thumbnailUrl\":\"https:\\\/\\\/store.microbiotech.dz\\\/wp-content\\\/uploads\\\/2023\\\/06\\\/Design-sans-titre-3.png\",\"datePublished\":\"2023-06-25T09:38:12+00:00\",\"dateModified\":\"2024-04-07T08:23:48+00:00\",\"description\":\"Avec le Testeur \u00e9lectronique d\u2019huile de friture Testo, contr\u00f4lez r\u00e9guli\u00e8rement de la qualit\u00e9 de votre huile. Il vous indique de mani\u00e8re fiable la valeur TPM\",\"breadcrumb\":{\"@id\":\"https:\\\/\\\/store.microbiotech.dz\\\/index.php\\\/produit\\\/testeur-electronique-dhuile-de-friture-testo\\\/#breadcrumb\"},\"inLanguage\":\"fr-FR\",\"potentialAction\":[{\"@type\":\"ReadAction\",\"target\":[\"https:\\\/\\\/store.microbiotech.dz\\\/index.php\\\/produit\\\/testeur-electronique-dhuile-de-friture-testo\\\/\"]}]},{\"@type\":\"ImageObject\",\"inLanguage\":\"fr-FR\",\"@id\":\"https:\\\/\\\/store.microbiotech.dz\\\/index.php\\\/produit\\\/testeur-electronique-dhuile-de-friture-testo\\\/#primaryimage\",\"url\":\"https:\\\/\\\/store.microbiotech.dz\\\/wp-content\\\/uploads\\\/2023\\\/06\\\/Design-sans-titre-3.png\",\"contentUrl\":\"https:\\\/\\\/store.microbiotech.dz\\\/wp-content\\\/uploads\\\/2023\\\/06\\\/Design-sans-titre-3.png\",\"width\":600,\"height\":600,\"caption\":\"Testeur \u00e9lectronique d\u2019huile de friture Testo\"},{\"@type\":\"BreadcrumbList\",\"@id\":\"https:\\\/\\\/store.microbiotech.dz\\\/index.php\\\/produit\\\/testeur-electronique-dhuile-de-friture-testo\\\/#breadcrumb\",\"itemListElement\":[{\"@type\":\"ListItem\",\"position\":1,\"name\":\"Accueil\",\"item\":\"https:\\\/\\\/store.microbiotech.dz\\\/\"},{\"@type\":\"ListItem\",\"position\":2,\"name\":\"Nos Produits\",\"item\":\"https:\\\/\\\/store.microbiotech.dz\\\/index.php\\\/nos-produits\\\/\"},{\"@type\":\"ListItem\",\"position\":3,\"name\":\"Testeur \u00e9lectronique d\u2019huile de friture Testo\"}]},{\"@type\":\"WebSite\",\"@id\":\"https:\\\/\\\/store.microbiotech.dz\\\/#website\",\"url\":\"https:\\\/\\\/store.microbiotech.dz\\\/\",\"name\":\"La Boutique en ligne\",\"description\":\"Qualit\u00e9 - Rapidit\u00e9 - Tranquillit\u00e9\",\"publisher\":{\"@id\":\"https:\\\/\\\/store.microbiotech.dz\\\/#organization\"},\"potentialAction\":[{\"@type\":\"SearchAction\",\"target\":{\"@type\":\"EntryPoint\",\"urlTemplate\":\"https:\\\/\\\/store.microbiotech.dz\\\/?s={search_term_string}\"},\"query-input\":{\"@type\":\"PropertyValueSpecification\",\"valueRequired\":true,\"valueName\":\"search_term_string\"}}],\"inLanguage\":\"fr-FR\"},{\"@type\":\"Organization\",\"@id\":\"https:\\\/\\\/store.microbiotech.dz\\\/#organization\",\"name\":\"Microbiotech EURL\",\"url\":\"https:\\\/\\\/store.microbiotech.dz\\\/\",\"logo\":{\"@type\":\"ImageObject\",\"inLanguage\":\"fr-FR\",\"@id\":\"https:\\\/\\\/store.microbiotech.dz\\\/#\\\/schema\\\/logo\\\/image\\\/\",\"url\":\"https:\\\/\\\/store.microbiotech.dz\\\/wp-content\\\/uploads\\\/2021\\\/09\\\/cropped-logo-microbiotech-2.jpg\",\"contentUrl\":\"https:\\\/\\\/store.microbiotech.dz\\\/wp-content\\\/uploads\\\/2021\\\/09\\\/cropped-logo-microbiotech-2.jpg\",\"width\":815,\"height\":586,\"caption\":\"Microbiotech EURL\"},\"image\":{\"@id\":\"https:\\\/\\\/store.microbiotech.dz\\\/#\\\/schema\\\/logo\\\/image\\\/\"},\"sameAs\":[\"https:\\\/\\\/www.facebook.com\\\/MicroBiotech.dz\",\"https:\\\/\\\/x.com\\\/MicrobiotechD\",\"https:\\\/\\\/www.linkedin.com\\\/in\\\/microbiotech\\\/\",\"https:\\\/\\\/www.youtube.com\\\/channel\\\/UCTxc3VIiX7LXD2LQYfZEcDg\"]}]}<\/script>\n<!-- \/ Yoast SEO plugin. -->","yoast_head_json":{"title":"Testeur \u00e9lectronique d\u2019huile de friture Testo - La Boutique en ligne","description":"Avec le Testeur \u00e9lectronique d\u2019huile de friture Testo, contr\u00f4lez r\u00e9guli\u00e8rement de la qualit\u00e9 de votre huile. Il vous indique de mani\u00e8re fiable la valeur TPM","robots":{"index":"index","follow":"follow","max-snippet":"max-snippet:-1","max-image-preview":"max-image-preview:large","max-video-preview":"max-video-preview:-1"},"canonical":"https:\/\/store.microbiotech.dz\/index.php\/produit\/testeur-electronique-dhuile-de-friture-testo\/","og_locale":"fr_FR","og_type":"article","og_title":"Testeur \u00e9lectronique d\u2019huile de friture Testo - La Boutique en ligne","og_description":"Avec le Testeur \u00e9lectronique d\u2019huile de friture Testo, contr\u00f4lez r\u00e9guli\u00e8rement de la qualit\u00e9 de votre huile. Il vous indique de mani\u00e8re fiable la valeur TPM","og_url":"https:\/\/store.microbiotech.dz\/index.php\/produit\/testeur-electronique-dhuile-de-friture-testo\/","og_site_name":"La Boutique en ligne","article_publisher":"https:\/\/www.facebook.com\/MicroBiotech.dz","article_modified_time":"2024-04-07T08:23:48+00:00","og_image":[{"width":600,"height":600,"url":"https:\/\/store.microbiotech.dz\/wp-content\/uploads\/2023\/06\/Design-sans-titre-3.png","type":"image\/png"}],"twitter_card":"summary_large_image","twitter_site":"@MicrobiotechD","twitter_misc":{"Dur\u00e9e de lecture estim\u00e9e":"1 minute"},"schema":{"@context":"https:\/\/schema.org","@graph":[{"@type":"WebPage","@id":"https:\/\/store.microbiotech.dz\/index.php\/produit\/testeur-electronique-dhuile-de-friture-testo\/","url":"https:\/\/store.microbiotech.dz\/index.php\/produit\/testeur-electronique-dhuile-de-friture-testo\/","name":"Testeur \u00e9lectronique d\u2019huile de friture Testo - La Boutique en ligne","isPartOf":{"@id":"https:\/\/store.microbiotech.dz\/#website"},"primaryImageOfPage":{"@id":"https:\/\/store.microbiotech.dz\/index.php\/produit\/testeur-electronique-dhuile-de-friture-testo\/#primaryimage"},"image":{"@id":"https:\/\/store.microbiotech.dz\/index.php\/produit\/testeur-electronique-dhuile-de-friture-testo\/#primaryimage"},"thumbnailUrl":"https:\/\/store.microbiotech.dz\/wp-content\/uploads\/2023\/06\/Design-sans-titre-3.png","datePublished":"2023-06-25T09:38:12+00:00","dateModified":"2024-04-07T08:23:48+00:00","description":"Avec le Testeur \u00e9lectronique d\u2019huile de friture Testo, contr\u00f4lez r\u00e9guli\u00e8rement de la qualit\u00e9 de votre huile. Il vous indique de mani\u00e8re fiable la valeur TPM","breadcrumb":{"@id":"https:\/\/store.microbiotech.dz\/index.php\/produit\/testeur-electronique-dhuile-de-friture-testo\/#breadcrumb"},"inLanguage":"fr-FR","potentialAction":[{"@type":"ReadAction","target":["https:\/\/store.microbiotech.dz\/index.php\/produit\/testeur-electronique-dhuile-de-friture-testo\/"]}]},{"@type":"ImageObject","inLanguage":"fr-FR","@id":"https:\/\/store.microbiotech.dz\/index.php\/produit\/testeur-electronique-dhuile-de-friture-testo\/#primaryimage","url":"https:\/\/store.microbiotech.dz\/wp-content\/uploads\/2023\/06\/Design-sans-titre-3.png","contentUrl":"https:\/\/store.microbiotech.dz\/wp-content\/uploads\/2023\/06\/Design-sans-titre-3.png","width":600,"height":600,"caption":"Testeur \u00e9lectronique d\u2019huile de friture Testo"},{"@type":"BreadcrumbList","@id":"https:\/\/store.microbiotech.dz\/index.php\/produit\/testeur-electronique-dhuile-de-friture-testo\/#breadcrumb","itemListElement":[{"@type":"ListItem","position":1,"name":"Accueil","item":"https:\/\/store.microbiotech.dz\/"},{"@type":"ListItem","position":2,"name":"Nos Produits","item":"https:\/\/store.microbiotech.dz\/index.php\/nos-produits\/"},{"@type":"ListItem","position":3,"name":"Testeur \u00e9lectronique d\u2019huile de friture Testo"}]},{"@type":"WebSite","@id":"https:\/\/store.microbiotech.dz\/#website","url":"https:\/\/store.microbiotech.dz\/","name":"La Boutique en ligne","description":"Qualit\u00e9 - Rapidit\u00e9 - Tranquillit\u00e9","publisher":{"@id":"https:\/\/store.microbiotech.dz\/#organization"},"potentialAction":[{"@type":"SearchAction","target":{"@type":"EntryPoint","urlTemplate":"https:\/\/store.microbiotech.dz\/?s={search_term_string}"},"query-input":{"@type":"PropertyValueSpecification","valueRequired":true,"valueName":"search_term_string"}}],"inLanguage":"fr-FR"},{"@type":"Organization","@id":"https:\/\/store.microbiotech.dz\/#organization","name":"Microbiotech EURL","url":"https:\/\/store.microbiotech.dz\/","logo":{"@type":"ImageObject","inLanguage":"fr-FR","@id":"https:\/\/store.microbiotech.dz\/#\/schema\/logo\/image\/","url":"https:\/\/store.microbiotech.dz\/wp-content\/uploads\/2021\/09\/cropped-logo-microbiotech-2.jpg","contentUrl":"https:\/\/store.microbiotech.dz\/wp-content\/uploads\/2021\/09\/cropped-logo-microbiotech-2.jpg","width":815,"height":586,"caption":"Microbiotech EURL"},"image":{"@id":"https:\/\/store.microbiotech.dz\/#\/schema\/logo\/image\/"},"sameAs":["https:\/\/www.facebook.com\/MicroBiotech.dz","https:\/\/x.com\/MicrobiotechD","https:\/\/www.linkedin.com\/in\/microbiotech\/","https:\/\/www.youtube.com\/channel\/UCTxc3VIiX7LXD2LQYfZEcDg"]}]}},"jetpack_sharing_enabled":true,"_links":{"self":[{"href":"https:\/\/store.microbiotech.dz\/index.php\/wp-json\/wp\/v2\/product\/4957","targetHints":{"allow":["GET"]}}],"collection":[{"href":"https:\/\/store.microbiotech.dz\/index.php\/wp-json\/wp\/v2\/product"}],"about":[{"href":"https:\/\/store.microbiotech.dz\/index.php\/wp-json\/wp\/v2\/types\/product"}],"replies":[{"embeddable":true,"href":"https:\/\/store.microbiotech.dz\/index.php\/wp-json\/wp\/v2\/comments?post=4957"}],"wp:featuredmedia":[{"embeddable":true,"href":"https:\/\/store.microbiotech.dz\/index.php\/wp-json\/wp\/v2\/media\/4958"}],"wp:attachment":[{"href":"https:\/\/store.microbiotech.dz\/index.php\/wp-json\/wp\/v2\/media?parent=4957"}],"wp:term":[{"taxonomy":"product_brand","embeddable":true,"href":"https:\/\/store.microbiotech.dz\/index.php\/wp-json\/wp\/v2\/product_brand?post=4957"},{"taxonomy":"product_cat","embeddable":true,"href":"https:\/\/store.microbiotech.dz\/index.php\/wp-json\/wp\/v2\/product_cat?post=4957"},{"taxonomy":"product_tag","embeddable":true,"href":"https:\/\/store.microbiotech.dz\/index.php\/wp-json\/wp\/v2\/product_tag?post=4957"}],"curies":[{"name":"wp","href":"https:\/\/api.w.org\/{rel}","templated":true}]}}