{"id":1852,"date":"2022-04-20T15:38:08","date_gmt":"2022-04-20T14:38:08","guid":{"rendered":"https:\/\/store.microbiotech.dz\/?post_type=product&#038;p=1852"},"modified":"2023-05-18T15:11:19","modified_gmt":"2023-05-18T14:11:19","slug":"compteur-de-cellules-somatiques-du-lait-lactoscan-milkotronic","status":"publish","type":"product","link":"https:\/\/store.microbiotech.dz\/index.php\/produit\/compteur-de-cellules-somatiques-du-lait-lactoscan-milkotronic\/","title":{"rendered":"Compteur de cellules somatiques du lait LACTOSCAN MILKOTRONIC"},"content":{"rendered":"<div class=\"ast-oembed-container \" style=\"height: 100%;\"><iframe loading=\"lazy\" title=\"LACTOSCAN SCC - Somatic cell counter\" width=\"500\" height=\"281\" src=\"https:\/\/www.youtube.com\/embed\/_aIw5dSKSDU?feature=oembed\" frameborder=\"0\" allow=\"accelerometer; autoplay; clipboard-write; encrypted-media; gyroscope; picture-in-picture; web-share\" referrerpolicy=\"strict-origin-when-cross-origin\" allowfullscreen><\/iframe><\/div>\n<p>&nbsp;<\/p>\n<p>Le Compteur de cellules somatiques du lait LACTOSCAN MILKOTRONIC est un cytom\u00e8tre d&rsquo;image de haute qualit\u00e9, id\u00e9al pour la production laiti\u00e8re. Le SCC mesure le nombre de cellules somatiques dans un \u00e9chantillon de lait avec grande pr\u00e9cision et exactitude.<\/p>\n","protected":false},"excerpt":{"rendered":"<p>Marque: <strong>MILKOTRONIC\/ Lactoscan <img loading=\"lazy\" decoding=\"async\" class=\"alignnone wp-image-1860\" src=\"https:\/\/store.microbiotech.dz\/wp-content\/uploads\/2022\/04\/telechargement-2.png\" alt=\"\" width=\"40\" height=\"40\" srcset=\"https:\/\/store.microbiotech.dz\/wp-content\/uploads\/2022\/04\/telechargement-2.png 225w, https:\/\/store.microbiotech.dz\/wp-content\/uploads\/2022\/04\/telechargement-2-150x150.png 150w, https:\/\/store.microbiotech.dz\/wp-content\/uploads\/2022\/04\/telechargement-2-100x100.png 100w\" sizes=\"auto, (max-width: 40px) 100vw, 40px\" \/><\/strong><\/p>\n<p>Le nombre de cellules somatiques (CCS) est une des normes internationalement reconnues pour le contr\u00f4le de la qualit\u00e9 du lait et est \u00e9galement un indicateur utile de la pr\u00e9sence de mammites.<br \/>\nLa d\u00e9tection des cellules somatiques est bas\u00e9e sur une mesure de la fluorescence, sous un faible grossissement microscopique. Le Lactoscan SCC utilise un colorant fluorescent tr\u00e8s sensible (le vert Sofia) et une technologie optiques CCD avec \u00e9clairage LED pour la capture des images afin de rendre l\u2019analyse des cellules plus pr\u00e9cise, fiable et rapide. L\u2019appareil assure une excellente s\u00e9lectivit\u00e9 et des r\u00e9sultats reproductibles gr\u00e2ce \u00e0 la qualit\u00e9 de ses composants m\u00e9caniques, \u00e9lectroniques, optiques et chimiques.<br \/>\nTemps d\u2019analyse: &lt;1 minute<br \/>\nCapacit\u00e9:&gt; 60 tests par heure<br \/>\nPlage de mesure: 10 000 \u00e0 10 000 000 cellules \/ ml<br \/>\nD\u00e9viation: SCC (cellules \/ ml) CV%<br \/>\n100 000 5%<br \/>\n400 000 3%<br \/>\n600 000 2%<br \/>\nPoids: 5.3 kg<\/p>\n<p>T\u00e9l\u00e9chargements : <a href=\"https:\/\/drive.google.com\/file\/d\/1TdmnS_Ihb-GyUx2cBtKEAeRvPHfBJPXS\/view\" target=\"_blank\" rel=\"noopener\"><strong>Manuel d&rsquo;utilisation <\/strong><\/a><br \/>\n<strong>\u00a0 \u00a0 \u00a0 \u00a0 \u00a0 \u00a0 \u00a0 \u00a0 \u00a0 \u00a0 \u00a0 \u00a0 \u00a0 \u00a0 \u00a0 <a href=\"https:\/\/store.microbiotech.dz\/wp-content\/uploads\/2022\/04\/brochure-compteur-de-cellules.pdf\">Brochure compteur de cellules<\/a><\/strong><\/p>\n<p><img loading=\"lazy\" decoding=\"async\" class=\"alignnone wp-image-1861\" src=\"https:\/\/store.microbiotech.dz\/wp-content\/uploads\/2022\/04\/images-1-1.png\" alt=\"\" width=\"146\" height=\"103\" \/><\/p>\n","protected":false},"featured_media":1870,"comment_status":"open","ping_status":"closed","template":"","meta":{"site-sidebar-layout":"default","site-content-layout":"default","ast-site-content-layout":"default","site-content-style":"default","site-sidebar-style":"default","ast-global-header-display":"","ast-banner-title-visibility":"","ast-main-header-display":"","ast-hfb-above-header-display":"","ast-hfb-below-header-display":"","ast-hfb-mobile-header-display":"","site-post-title":"","ast-breadcrumbs-content":"","ast-featured-img":"","footer-sml-layout":"","ast-disable-related-posts":"","theme-transparent-header-meta":"default","adv-header-id-meta":"","stick-header-meta":"","header-above-stick-meta":"","header-main-stick-meta":"","header-below-stick-meta":"","astra-migrate-meta-layouts":"default","ast-page-background-enabled":"default","ast-page-background-meta":{"desktop":{"background-color":"var(--ast-global-color-4)","background-image":"","background-repeat":"repeat","background-position":"center center","background-size":"auto","background-attachment":"scroll","background-type":"","background-media":"","overlay-type":"","overlay-color":"","overlay-opacity":"","overlay-gradient":""},"tablet":{"background-color":"","background-image":"","background-repeat":"repeat","background-position":"center center","background-size":"auto","background-attachment":"scroll","background-type":"","background-media":"","overlay-type":"","overlay-color":"","overlay-opacity":"","overlay-gradient":""},"mobile":{"background-color":"","background-image":"","background-repeat":"repeat","background-position":"center center","background-size":"auto","background-attachment":"scroll","background-type":"","background-media":"","overlay-type":"","overlay-color":"","overlay-opacity":"","overlay-gradient":""}},"ast-content-background-meta":{"desktop":{"background-color":"var(--ast-global-color-5)","background-image":"","background-repeat":"repeat","background-position":"center center","background-size":"auto","background-attachment":"scroll","background-type":"","background-media":"","overlay-type":"","overlay-color":"","overlay-opacity":"","overlay-gradient":""},"tablet":{"background-color":"var(--ast-global-color-5)","background-image":"","background-repeat":"repeat","background-position":"center center","background-size":"auto","background-attachment":"scroll","background-type":"","background-media":"","overlay-type":"","overlay-color":"","overlay-opacity":"","overlay-gradient":""},"mobile":{"background-color":"var(--ast-global-color-5)","background-image":"","background-repeat":"repeat","background-position":"center center","background-size":"auto","background-attachment":"scroll","background-type":"","background-media":"","overlay-type":"","overlay-color":"","overlay-opacity":"","overlay-gradient":""}},"jetpack_post_was_ever_published":false},"product_brand":[],"product_cat":[238],"product_tag":[664,661,662,581,663,628],"class_list":{"0":"post-1852","1":"product","2":"type-product","3":"status-publish","4":"has-post-thumbnail","6":"product_cat-equipements","7":"product_tag-analyse-du-lait","8":"product_tag-compteur-de-cellules","9":"product_tag-compteur-de-cellules-somatiques","10":"product_tag-f06","11":"product_tag-lactoscan-scc","12":"product_tag-lait","13":"product_shipping_class-temperature-ambiante","14":"desktop-align-center","15":"tablet-align-left","16":"mobile-align-left","18":"first","19":"outofstock","20":"taxable","21":"shipping-taxable","22":"purchasable","23":"product-type-simple"},"yoast_head":"<!-- This site is optimized with the Yoast SEO plugin v27.4 - https:\/\/yoast.com\/product\/yoast-seo-wordpress\/ -->\n<title>Compteur de cellules somatiques du lait LACTOSCAN MILKOTRONIC<\/title>\n<meta name=\"description\" content=\"Le Compteur de cellules somatiques du lait LACTOSCAN MILKOTRONIC est tr\u00e8s pr\u00e9cis et exact. Il est d&#039;excellente qualit\u00e9 et est disponible !\" \/>\n<meta name=\"robots\" content=\"index, follow, max-snippet:-1, max-image-preview:large, max-video-preview:-1\" \/>\n<link rel=\"canonical\" href=\"https:\/\/store.microbiotech.dz\/index.php\/produit\/compteur-de-cellules-somatiques-du-lait-lactoscan-milkotronic\/\" \/>\n<meta property=\"og:locale\" content=\"fr_FR\" \/>\n<meta property=\"og:type\" content=\"article\" \/>\n<meta property=\"og:title\" content=\"Compteur de cellules somatiques du lait LACTOSCAN MILKOTRONIC\" \/>\n<meta property=\"og:description\" content=\"Le Compteur de cellules somatiques du lait LACTOSCAN MILKOTRONIC est tr\u00e8s pr\u00e9cis et exact. Il est d&#039;excellente qualit\u00e9 et est disponible !\" \/>\n<meta property=\"og:url\" content=\"https:\/\/store.microbiotech.dz\/index.php\/produit\/compteur-de-cellules-somatiques-du-lait-lactoscan-milkotronic\/\" \/>\n<meta property=\"og:site_name\" content=\"La Boutique en ligne\" \/>\n<meta property=\"article:publisher\" content=\"https:\/\/www.facebook.com\/MicroBiotech.dz\" \/>\n<meta property=\"article:modified_time\" content=\"2023-05-18T14:11:19+00:00\" \/>\n<meta property=\"og:image\" content=\"https:\/\/store.microbiotech.dz\/wp-content\/uploads\/2022\/04\/Lactoscan-ssc-2.jpg\" \/>\n\t<meta property=\"og:image:width\" content=\"766\" \/>\n\t<meta property=\"og:image:height\" content=\"676\" \/>\n\t<meta property=\"og:image:type\" content=\"image\/jpeg\" \/>\n<meta name=\"twitter:card\" content=\"summary_large_image\" \/>\n<meta name=\"twitter:site\" content=\"@MicrobiotechD\" \/>\n<script type=\"application\/ld+json\" class=\"yoast-schema-graph\">{\"@context\":\"https:\\\/\\\/schema.org\",\"@graph\":[{\"@type\":\"WebPage\",\"@id\":\"https:\\\/\\\/store.microbiotech.dz\\\/index.php\\\/produit\\\/compteur-de-cellules-somatiques-du-lait-lactoscan-milkotronic\\\/\",\"url\":\"https:\\\/\\\/store.microbiotech.dz\\\/index.php\\\/produit\\\/compteur-de-cellules-somatiques-du-lait-lactoscan-milkotronic\\\/\",\"name\":\"Compteur de cellules somatiques du lait LACTOSCAN MILKOTRONIC\",\"isPartOf\":{\"@id\":\"https:\\\/\\\/store.microbiotech.dz\\\/#website\"},\"primaryImageOfPage\":{\"@id\":\"https:\\\/\\\/store.microbiotech.dz\\\/index.php\\\/produit\\\/compteur-de-cellules-somatiques-du-lait-lactoscan-milkotronic\\\/#primaryimage\"},\"image\":{\"@id\":\"https:\\\/\\\/store.microbiotech.dz\\\/index.php\\\/produit\\\/compteur-de-cellules-somatiques-du-lait-lactoscan-milkotronic\\\/#primaryimage\"},\"thumbnailUrl\":\"https:\\\/\\\/store.microbiotech.dz\\\/wp-content\\\/uploads\\\/2022\\\/04\\\/Lactoscan-ssc-2.jpg\",\"datePublished\":\"2022-04-20T14:38:08+00:00\",\"dateModified\":\"2023-05-18T14:11:19+00:00\",\"description\":\"Le Compteur de cellules somatiques du lait LACTOSCAN MILKOTRONIC est tr\u00e8s pr\u00e9cis et exact. Il est d'excellente qualit\u00e9 et est disponible !\",\"breadcrumb\":{\"@id\":\"https:\\\/\\\/store.microbiotech.dz\\\/index.php\\\/produit\\\/compteur-de-cellules-somatiques-du-lait-lactoscan-milkotronic\\\/#breadcrumb\"},\"inLanguage\":\"fr-FR\",\"potentialAction\":[{\"@type\":\"ReadAction\",\"target\":[\"https:\\\/\\\/store.microbiotech.dz\\\/index.php\\\/produit\\\/compteur-de-cellules-somatiques-du-lait-lactoscan-milkotronic\\\/\"]}]},{\"@type\":\"ImageObject\",\"inLanguage\":\"fr-FR\",\"@id\":\"https:\\\/\\\/store.microbiotech.dz\\\/index.php\\\/produit\\\/compteur-de-cellules-somatiques-du-lait-lactoscan-milkotronic\\\/#primaryimage\",\"url\":\"https:\\\/\\\/store.microbiotech.dz\\\/wp-content\\\/uploads\\\/2022\\\/04\\\/Lactoscan-ssc-2.jpg\",\"contentUrl\":\"https:\\\/\\\/store.microbiotech.dz\\\/wp-content\\\/uploads\\\/2022\\\/04\\\/Lactoscan-ssc-2.jpg\",\"width\":766,\"height\":676,\"caption\":\"Compteur de cellules somatiques du lait LACTOSCAN MILKOTRONIC\"},{\"@type\":\"BreadcrumbList\",\"@id\":\"https:\\\/\\\/store.microbiotech.dz\\\/index.php\\\/produit\\\/compteur-de-cellules-somatiques-du-lait-lactoscan-milkotronic\\\/#breadcrumb\",\"itemListElement\":[{\"@type\":\"ListItem\",\"position\":1,\"name\":\"Accueil\",\"item\":\"https:\\\/\\\/store.microbiotech.dz\\\/\"},{\"@type\":\"ListItem\",\"position\":2,\"name\":\"Nos Produits\",\"item\":\"https:\\\/\\\/store.microbiotech.dz\\\/index.php\\\/nos-produits\\\/\"},{\"@type\":\"ListItem\",\"position\":3,\"name\":\"Compteur de cellules somatiques du lait LACTOSCAN MILKOTRONIC\"}]},{\"@type\":\"WebSite\",\"@id\":\"https:\\\/\\\/store.microbiotech.dz\\\/#website\",\"url\":\"https:\\\/\\\/store.microbiotech.dz\\\/\",\"name\":\"La Boutique en ligne\",\"description\":\"Qualit\u00e9 - Rapidit\u00e9 - Tranquillit\u00e9\",\"publisher\":{\"@id\":\"https:\\\/\\\/store.microbiotech.dz\\\/#organization\"},\"potentialAction\":[{\"@type\":\"SearchAction\",\"target\":{\"@type\":\"EntryPoint\",\"urlTemplate\":\"https:\\\/\\\/store.microbiotech.dz\\\/?s={search_term_string}\"},\"query-input\":{\"@type\":\"PropertyValueSpecification\",\"valueRequired\":true,\"valueName\":\"search_term_string\"}}],\"inLanguage\":\"fr-FR\"},{\"@type\":\"Organization\",\"@id\":\"https:\\\/\\\/store.microbiotech.dz\\\/#organization\",\"name\":\"Microbiotech EURL\",\"url\":\"https:\\\/\\\/store.microbiotech.dz\\\/\",\"logo\":{\"@type\":\"ImageObject\",\"inLanguage\":\"fr-FR\",\"@id\":\"https:\\\/\\\/store.microbiotech.dz\\\/#\\\/schema\\\/logo\\\/image\\\/\",\"url\":\"https:\\\/\\\/store.microbiotech.dz\\\/wp-content\\\/uploads\\\/2021\\\/09\\\/cropped-logo-microbiotech-2.jpg\",\"contentUrl\":\"https:\\\/\\\/store.microbiotech.dz\\\/wp-content\\\/uploads\\\/2021\\\/09\\\/cropped-logo-microbiotech-2.jpg\",\"width\":815,\"height\":586,\"caption\":\"Microbiotech EURL\"},\"image\":{\"@id\":\"https:\\\/\\\/store.microbiotech.dz\\\/#\\\/schema\\\/logo\\\/image\\\/\"},\"sameAs\":[\"https:\\\/\\\/www.facebook.com\\\/MicroBiotech.dz\",\"https:\\\/\\\/x.com\\\/MicrobiotechD\",\"https:\\\/\\\/www.linkedin.com\\\/in\\\/microbiotech\\\/\",\"https:\\\/\\\/www.youtube.com\\\/channel\\\/UCTxc3VIiX7LXD2LQYfZEcDg\"]}]}<\/script>\n<!-- \/ Yoast SEO plugin. -->","yoast_head_json":{"title":"Compteur de cellules somatiques du lait LACTOSCAN MILKOTRONIC","description":"Le Compteur de cellules somatiques du lait LACTOSCAN MILKOTRONIC est tr\u00e8s pr\u00e9cis et exact. Il est d'excellente qualit\u00e9 et est disponible !","robots":{"index":"index","follow":"follow","max-snippet":"max-snippet:-1","max-image-preview":"max-image-preview:large","max-video-preview":"max-video-preview:-1"},"canonical":"https:\/\/store.microbiotech.dz\/index.php\/produit\/compteur-de-cellules-somatiques-du-lait-lactoscan-milkotronic\/","og_locale":"fr_FR","og_type":"article","og_title":"Compteur de cellules somatiques du lait LACTOSCAN MILKOTRONIC","og_description":"Le Compteur de cellules somatiques du lait LACTOSCAN MILKOTRONIC est tr\u00e8s pr\u00e9cis et exact. Il est d'excellente qualit\u00e9 et est disponible !","og_url":"https:\/\/store.microbiotech.dz\/index.php\/produit\/compteur-de-cellules-somatiques-du-lait-lactoscan-milkotronic\/","og_site_name":"La Boutique en ligne","article_publisher":"https:\/\/www.facebook.com\/MicroBiotech.dz","article_modified_time":"2023-05-18T14:11:19+00:00","og_image":[{"width":766,"height":676,"url":"https:\/\/store.microbiotech.dz\/wp-content\/uploads\/2022\/04\/Lactoscan-ssc-2.jpg","type":"image\/jpeg"}],"twitter_card":"summary_large_image","twitter_site":"@MicrobiotechD","schema":{"@context":"https:\/\/schema.org","@graph":[{"@type":"WebPage","@id":"https:\/\/store.microbiotech.dz\/index.php\/produit\/compteur-de-cellules-somatiques-du-lait-lactoscan-milkotronic\/","url":"https:\/\/store.microbiotech.dz\/index.php\/produit\/compteur-de-cellules-somatiques-du-lait-lactoscan-milkotronic\/","name":"Compteur de cellules somatiques du lait LACTOSCAN MILKOTRONIC","isPartOf":{"@id":"https:\/\/store.microbiotech.dz\/#website"},"primaryImageOfPage":{"@id":"https:\/\/store.microbiotech.dz\/index.php\/produit\/compteur-de-cellules-somatiques-du-lait-lactoscan-milkotronic\/#primaryimage"},"image":{"@id":"https:\/\/store.microbiotech.dz\/index.php\/produit\/compteur-de-cellules-somatiques-du-lait-lactoscan-milkotronic\/#primaryimage"},"thumbnailUrl":"https:\/\/store.microbiotech.dz\/wp-content\/uploads\/2022\/04\/Lactoscan-ssc-2.jpg","datePublished":"2022-04-20T14:38:08+00:00","dateModified":"2023-05-18T14:11:19+00:00","description":"Le Compteur de cellules somatiques du lait LACTOSCAN MILKOTRONIC est tr\u00e8s pr\u00e9cis et exact. Il est d'excellente qualit\u00e9 et est disponible !","breadcrumb":{"@id":"https:\/\/store.microbiotech.dz\/index.php\/produit\/compteur-de-cellules-somatiques-du-lait-lactoscan-milkotronic\/#breadcrumb"},"inLanguage":"fr-FR","potentialAction":[{"@type":"ReadAction","target":["https:\/\/store.microbiotech.dz\/index.php\/produit\/compteur-de-cellules-somatiques-du-lait-lactoscan-milkotronic\/"]}]},{"@type":"ImageObject","inLanguage":"fr-FR","@id":"https:\/\/store.microbiotech.dz\/index.php\/produit\/compteur-de-cellules-somatiques-du-lait-lactoscan-milkotronic\/#primaryimage","url":"https:\/\/store.microbiotech.dz\/wp-content\/uploads\/2022\/04\/Lactoscan-ssc-2.jpg","contentUrl":"https:\/\/store.microbiotech.dz\/wp-content\/uploads\/2022\/04\/Lactoscan-ssc-2.jpg","width":766,"height":676,"caption":"Compteur de cellules somatiques du lait LACTOSCAN MILKOTRONIC"},{"@type":"BreadcrumbList","@id":"https:\/\/store.microbiotech.dz\/index.php\/produit\/compteur-de-cellules-somatiques-du-lait-lactoscan-milkotronic\/#breadcrumb","itemListElement":[{"@type":"ListItem","position":1,"name":"Accueil","item":"https:\/\/store.microbiotech.dz\/"},{"@type":"ListItem","position":2,"name":"Nos Produits","item":"https:\/\/store.microbiotech.dz\/index.php\/nos-produits\/"},{"@type":"ListItem","position":3,"name":"Compteur de cellules somatiques du lait LACTOSCAN MILKOTRONIC"}]},{"@type":"WebSite","@id":"https:\/\/store.microbiotech.dz\/#website","url":"https:\/\/store.microbiotech.dz\/","name":"La Boutique en ligne","description":"Qualit\u00e9 - Rapidit\u00e9 - Tranquillit\u00e9","publisher":{"@id":"https:\/\/store.microbiotech.dz\/#organization"},"potentialAction":[{"@type":"SearchAction","target":{"@type":"EntryPoint","urlTemplate":"https:\/\/store.microbiotech.dz\/?s={search_term_string}"},"query-input":{"@type":"PropertyValueSpecification","valueRequired":true,"valueName":"search_term_string"}}],"inLanguage":"fr-FR"},{"@type":"Organization","@id":"https:\/\/store.microbiotech.dz\/#organization","name":"Microbiotech EURL","url":"https:\/\/store.microbiotech.dz\/","logo":{"@type":"ImageObject","inLanguage":"fr-FR","@id":"https:\/\/store.microbiotech.dz\/#\/schema\/logo\/image\/","url":"https:\/\/store.microbiotech.dz\/wp-content\/uploads\/2021\/09\/cropped-logo-microbiotech-2.jpg","contentUrl":"https:\/\/store.microbiotech.dz\/wp-content\/uploads\/2021\/09\/cropped-logo-microbiotech-2.jpg","width":815,"height":586,"caption":"Microbiotech EURL"},"image":{"@id":"https:\/\/store.microbiotech.dz\/#\/schema\/logo\/image\/"},"sameAs":["https:\/\/www.facebook.com\/MicroBiotech.dz","https:\/\/x.com\/MicrobiotechD","https:\/\/www.linkedin.com\/in\/microbiotech\/","https:\/\/www.youtube.com\/channel\/UCTxc3VIiX7LXD2LQYfZEcDg"]}]}},"jetpack_sharing_enabled":true,"_links":{"self":[{"href":"https:\/\/store.microbiotech.dz\/index.php\/wp-json\/wp\/v2\/product\/1852","targetHints":{"allow":["GET"]}}],"collection":[{"href":"https:\/\/store.microbiotech.dz\/index.php\/wp-json\/wp\/v2\/product"}],"about":[{"href":"https:\/\/store.microbiotech.dz\/index.php\/wp-json\/wp\/v2\/types\/product"}],"replies":[{"embeddable":true,"href":"https:\/\/store.microbiotech.dz\/index.php\/wp-json\/wp\/v2\/comments?post=1852"}],"wp:featuredmedia":[{"embeddable":true,"href":"https:\/\/store.microbiotech.dz\/index.php\/wp-json\/wp\/v2\/media\/1870"}],"wp:attachment":[{"href":"https:\/\/store.microbiotech.dz\/index.php\/wp-json\/wp\/v2\/media?parent=1852"}],"wp:term":[{"taxonomy":"product_brand","embeddable":true,"href":"https:\/\/store.microbiotech.dz\/index.php\/wp-json\/wp\/v2\/product_brand?post=1852"},{"taxonomy":"product_cat","embeddable":true,"href":"https:\/\/store.microbiotech.dz\/index.php\/wp-json\/wp\/v2\/product_cat?post=1852"},{"taxonomy":"product_tag","embeddable":true,"href":"https:\/\/store.microbiotech.dz\/index.php\/wp-json\/wp\/v2\/product_tag?post=1852"}],"curies":[{"name":"wp","href":"https:\/\/api.w.org\/{rel}","templated":true}]}}