{"id":16801,"date":"2025-09-18T10:21:36","date_gmt":"2025-09-18T09:21:36","guid":{"rendered":"https:\/\/store.microbiotech.dz\/?post_type=product&#038;p=16801"},"modified":"2026-04-27T13:40:15","modified_gmt":"2026-04-27T12:40:15","slug":"etuve-a-vide-memmert","status":"publish","type":"product","link":"https:\/\/store.microbiotech.dz\/index.php\/produit\/etuve-a-vide-memmert\/","title":{"rendered":"\u00c9tuve \u00e0 vide MEMMERT"},"content":{"rendered":"<p><strong data-start=\"128\" data-end=\"215\"><a href=\"https:\/\/store.microbiotech.dz\/index.php\/etiquette-produit\/etuve\/\" target=\"_blank\" rel=\"noopener\">L&rsquo;\u00e9tuve<\/a> \u00e0 vide VO29 de <a href=\"https:\/\/www.memmert.com\/fr\/home\" target=\"_blank\" rel=\"noopener\">Memmert<\/a> allie fiabilit\u00e9, confort et performance \u00e9nerg\u00e9tique.<\/strong><br data-start=\"215\" data-end=\"218\" \/>Elle garantit un s\u00e9chage sous vide rapide, pr\u00e9cis et moderne.<br data-start=\"279\" data-end=\"282\" \/>Les thermo-plateaux chauffent directement et se r\u00e8glent ind\u00e9pendamment.<br data-start=\"353\" data-end=\"356\" \/>Vous contr\u00f4lez la temp\u00e9rature avec une pr\u00e9cision maximale.<br data-start=\"414\" data-end=\"417\" \/>La r\u00e9gulation num\u00e9rique de la pression optimise chaque cycle de s\u00e9chage.<br data-start=\"489\" data-end=\"492\" \/>Vous s\u00e9chez rapidement tout en pr\u00e9servant la qualit\u00e9 des \u00e9chantillons.<br data-start=\"562\" data-end=\"565\" \/>La structure robuste offre puissance et durabilit\u00e9 \u00e0 chaque utilisation.<br data-start=\"637\" data-end=\"640\" \/>Connectez une pompe \u00e0 vide \u00e0 d\u00e9bit variable pour r\u00e9duire la consommation \u00e9nerg\u00e9tique.<br data-start=\"725\" data-end=\"728\" \/>L\u2019\u00e9tuve VO atteint une efficience \u00e9nerg\u00e9tique exceptionnelle.<br data-start=\"789\" data-end=\"792\" \/>L\u2019armoire inf\u00e9rieure offre un rangement pratique et accessible.<br data-start=\"855\" data-end=\"858\" \/>Les cycles de vide exclusifs \u00e0 Memmert am\u00e9liorent le s\u00e9chage de poudres et granul\u00e9s en grande quantit\u00e9.<br data-start=\"961\" data-end=\"964\" \/>Aucun autre fabricant ne propose cette technologie unique.<\/p>\n","protected":false},"excerpt":{"rendered":"<p>Marque :\u00a0<strong>Memmert\u00a0<img loading=\"lazy\" decoding=\"async\" class=\"alignnone wp-image-1649 lazyloaded\" src=\"https:\/\/store.microbiotech.dz\/wp-content\/uploads\/2022\/04\/51968274-le-drapeau-allemand-icone-matte-ronde-isole-sur-fond-blanc--300x300.webp\" sizes=\"auto, (max-width: 50px) 100vw, 50px\" srcset=\"https:\/\/store.microbiotech.dz\/wp-content\/uploads\/2022\/04\/51968274-le-drapeau-allemand-icone-matte-ronde-isole-sur-fond-blanc--300x300.webp 300w, https:\/\/store.microbiotech.dz\/wp-content\/uploads\/2022\/04\/51968274-le-drapeau-allemand-icone-matte-ronde-isole-sur-fond-blanc--150x150.webp 150w, https:\/\/store.microbiotech.dz\/wp-content\/uploads\/2022\/04\/51968274-le-drapeau-allemand-icone-matte-ronde-isole-sur-fond-blanc--100x100.webp 100w, https:\/\/store.microbiotech.dz\/wp-content\/uploads\/2022\/04\/51968274-le-drapeau-allemand-icone-matte-ronde-isole-sur-fond-blanc-.webp 450w\" alt=\"\" width=\"45\" height=\"45\" data-srcset=\"https:\/\/store.microbiotech.dz\/wp-content\/uploads\/2022\/04\/51968274-le-drapeau-allemand-icone-matte-ronde-isole-sur-fond-blanc--300x300.webp 300w, https:\/\/store.microbiotech.dz\/wp-content\/uploads\/2022\/04\/51968274-le-drapeau-allemand-icone-matte-ronde-isole-sur-fond-blanc--150x150.webp 150w, https:\/\/store.microbiotech.dz\/wp-content\/uploads\/2022\/04\/51968274-le-drapeau-allemand-icone-matte-ronde-isole-sur-fond-blanc--100x100.webp 100w, https:\/\/store.microbiotech.dz\/wp-content\/uploads\/2022\/04\/51968274-le-drapeau-allemand-icone-matte-ronde-isole-sur-fond-blanc-.webp 450w\" data-src=\"https:\/\/store.microbiotech.dz\/wp-content\/uploads\/2022\/04\/51968274-le-drapeau-allemand-icone-matte-ronde-isole-sur-fond-blanc--300x300.webp\" data-sizes=\"(max-width: 50px) 100vw, 50px\" \/><\/strong><\/p>\n<p><strong>Caract\u00e9ristique:<\/strong><br \/>\nGamme de vide : <strong>de 5 \u00e0 1100 mbar<\/strong><br \/>\nGamme des temp\u00e9ratures r\u00e9glables : <strong>+20 \u00e0 +200\u00b0C<\/strong><br \/>\nPorte transparente en verre, int\u00e9rieur avec verre de s\u00e9curit\u00e9 de 15 mm d&rsquo;\u00e9paisseur mont\u00e9 sur ressort,<br \/>\next\u00e9rieur avec protection anti-\u00e9clat<br \/>\nTiroirs 1 thermo-plateau en aluminium 3.3547 (ASTM B209) avec chauffage pour grandes surfaces<br \/>\nVolume : <strong>29 l<\/strong><br \/>\nNombre max. clayettes : <strong>2<\/strong><br \/>\nCharge maximale de l&rsquo;appareil : <strong>40 kg<\/strong><br \/>\nCharge max. par clayette: <strong>20 kg<\/strong><\/p>\n<p>dim. int.: <strong>385 x 305 x 250 mm<\/strong><br \/>\n<strong>Hygrom\u00e9trie h.r. max. 80 %, non condens\u00e9e<\/strong><br \/>\nT\u00e9l\u00e9chargements :<br \/>\n<a href=\"https:\/\/www.memmert.com\/fr\/produit\/etuves-etuves-de-sechage\/etuve-a-vide\/VO29\/pdf\/\" target=\"_blank\" rel=\"noopener\">Etuves de-sechage VO29\/pdf\/<\/a><\/p>\n","protected":false},"featured_media":16802,"comment_status":"open","ping_status":"closed","template":"","meta":{"site-sidebar-layout":"default","site-content-layout":"","ast-site-content-layout":"default","site-content-style":"default","site-sidebar-style":"default","ast-global-header-display":"","ast-banner-title-visibility":"","ast-main-header-display":"","ast-hfb-above-header-display":"","ast-hfb-below-header-display":"","ast-hfb-mobile-header-display":"","site-post-title":"","ast-breadcrumbs-content":"","ast-featured-img":"","footer-sml-layout":"","ast-disable-related-posts":"","theme-transparent-header-meta":"default","adv-header-id-meta":"","stick-header-meta":"","header-above-stick-meta":"","header-main-stick-meta":"","header-below-stick-meta":"","astra-migrate-meta-layouts":"set","ast-page-background-enabled":"default","ast-page-background-meta":{"desktop":{"background-color":"var(--ast-global-color-4)","background-image":"","background-repeat":"repeat","background-position":"center center","background-size":"auto","background-attachment":"scroll","background-type":"","background-media":"","overlay-type":"","overlay-color":"","overlay-opacity":"","overlay-gradient":""},"tablet":{"background-color":"","background-image":"","background-repeat":"repeat","background-position":"center center","background-size":"auto","background-attachment":"scroll","background-type":"","background-media":"","overlay-type":"","overlay-color":"","overlay-opacity":"","overlay-gradient":""},"mobile":{"background-color":"","background-image":"","background-repeat":"repeat","background-position":"center center","background-size":"auto","background-attachment":"scroll","background-type":"","background-media":"","overlay-type":"","overlay-color":"","overlay-opacity":"","overlay-gradient":""}},"ast-content-background-meta":{"desktop":{"background-color":"var(--ast-global-color-5)","background-image":"","background-repeat":"repeat","background-position":"center center","background-size":"auto","background-attachment":"scroll","background-type":"","background-media":"","overlay-type":"","overlay-color":"","overlay-opacity":"","overlay-gradient":""},"tablet":{"background-color":"var(--ast-global-color-5)","background-image":"","background-repeat":"repeat","background-position":"center center","background-size":"auto","background-attachment":"scroll","background-type":"","background-media":"","overlay-type":"","overlay-color":"","overlay-opacity":"","overlay-gradient":""},"mobile":{"background-color":"var(--ast-global-color-5)","background-image":"","background-repeat":"repeat","background-position":"center center","background-size":"auto","background-attachment":"scroll","background-type":"","background-media":"","overlay-type":"","overlay-color":"","overlay-opacity":"","overlay-gradient":""}},"jetpack_post_was_ever_published":false},"product_brand":[],"product_cat":[238],"product_tag":[514,541,501,2100],"class_list":{"0":"post-16801","1":"product","2":"type-product","3":"status-publish","4":"has-post-thumbnail","6":"product_cat-equipements","7":"product_tag-etuve","8":"product_tag-f10","9":"product_tag-memmert","10":"product_tag-sous-vide","11":"desktop-align-center","12":"tablet-align-left","13":"mobile-align-left","15":"first","16":"outofstock","17":"taxable","18":"shipping-taxable","19":"purchasable","20":"product-type-simple"},"yoast_head":"<!-- This site is optimized with the Yoast SEO plugin v27.5 - https:\/\/yoast.com\/product\/yoast-seo-wordpress\/ -->\n<title>\u00c9tuve \u00e0 vide MEMMERT - La Boutique en ligne<\/title>\n<meta name=\"description\" content=\"L&#039;\u00e9tuve \u00e0 vide VO29 de Memmert allie fiabilit\u00e9, confort et performance \u00e9nerg\u00e9tique.Elle garantit un s\u00e9chage sous vide rapide, pr\u00e9cis et moderne.\" \/>\n<meta name=\"robots\" content=\"index, follow, max-snippet:-1, max-image-preview:large, max-video-preview:-1\" \/>\n<link rel=\"canonical\" href=\"https:\/\/store.microbiotech.dz\/index.php\/produit\/etuve-a-vide-memmert\/\" \/>\n<meta property=\"og:locale\" content=\"fr_FR\" \/>\n<meta property=\"og:type\" content=\"article\" \/>\n<meta property=\"og:title\" content=\"\u00c9tuve \u00e0 vide MEMMERT - La Boutique en ligne\" \/>\n<meta property=\"og:description\" content=\"L&#039;\u00e9tuve \u00e0 vide VO29 de Memmert allie fiabilit\u00e9, confort et performance \u00e9nerg\u00e9tique.Elle garantit un s\u00e9chage sous vide rapide, pr\u00e9cis et moderne.\" \/>\n<meta property=\"og:url\" content=\"https:\/\/store.microbiotech.dz\/index.php\/produit\/etuve-a-vide-memmert\/\" \/>\n<meta property=\"og:site_name\" content=\"La Boutique en ligne\" \/>\n<meta property=\"article:publisher\" content=\"https:\/\/www.facebook.com\/MicroBiotech.dz\" \/>\n<meta property=\"article:modified_time\" content=\"2026-04-27T12:40:15+00:00\" \/>\n<meta property=\"og:image\" content=\"https:\/\/store.microbiotech.dz\/wp-content\/uploads\/2025\/09\/Design-sans-titre-8.png\" \/>\n\t<meta property=\"og:image:width\" content=\"600\" \/>\n\t<meta property=\"og:image:height\" content=\"600\" \/>\n\t<meta property=\"og:image:type\" content=\"image\/png\" \/>\n<meta name=\"twitter:card\" content=\"summary_large_image\" \/>\n<meta name=\"twitter:site\" content=\"@MicrobiotechD\" \/>\n<meta name=\"twitter:label1\" content=\"Dur\u00e9e de lecture estim\u00e9e\" \/>\n\t<meta name=\"twitter:data1\" content=\"1 minute\" \/>\n<script type=\"application\/ld+json\" class=\"yoast-schema-graph\">{\"@context\":\"https:\\\/\\\/schema.org\",\"@graph\":[{\"@type\":\"WebPage\",\"@id\":\"https:\\\/\\\/store.microbiotech.dz\\\/index.php\\\/produit\\\/etuve-a-vide-memmert\\\/\",\"url\":\"https:\\\/\\\/store.microbiotech.dz\\\/index.php\\\/produit\\\/etuve-a-vide-memmert\\\/\",\"name\":\"\u00c9tuve \u00e0 vide MEMMERT - La Boutique en ligne\",\"isPartOf\":{\"@id\":\"https:\\\/\\\/store.microbiotech.dz\\\/#website\"},\"primaryImageOfPage\":{\"@id\":\"https:\\\/\\\/store.microbiotech.dz\\\/index.php\\\/produit\\\/etuve-a-vide-memmert\\\/#primaryimage\"},\"image\":{\"@id\":\"https:\\\/\\\/store.microbiotech.dz\\\/index.php\\\/produit\\\/etuve-a-vide-memmert\\\/#primaryimage\"},\"thumbnailUrl\":\"https:\\\/\\\/store.microbiotech.dz\\\/wp-content\\\/uploads\\\/2025\\\/09\\\/Design-sans-titre-8.png\",\"datePublished\":\"2025-09-18T09:21:36+00:00\",\"dateModified\":\"2026-04-27T12:40:15+00:00\",\"description\":\"L'\u00e9tuve \u00e0 vide VO29 de Memmert allie fiabilit\u00e9, confort et performance \u00e9nerg\u00e9tique.Elle garantit un s\u00e9chage sous vide rapide, pr\u00e9cis et moderne.\",\"breadcrumb\":{\"@id\":\"https:\\\/\\\/store.microbiotech.dz\\\/index.php\\\/produit\\\/etuve-a-vide-memmert\\\/#breadcrumb\"},\"inLanguage\":\"fr-FR\",\"potentialAction\":[{\"@type\":\"ReadAction\",\"target\":[\"https:\\\/\\\/store.microbiotech.dz\\\/index.php\\\/produit\\\/etuve-a-vide-memmert\\\/\"]}]},{\"@type\":\"ImageObject\",\"inLanguage\":\"fr-FR\",\"@id\":\"https:\\\/\\\/store.microbiotech.dz\\\/index.php\\\/produit\\\/etuve-a-vide-memmert\\\/#primaryimage\",\"url\":\"https:\\\/\\\/store.microbiotech.dz\\\/wp-content\\\/uploads\\\/2025\\\/09\\\/Design-sans-titre-8.png\",\"contentUrl\":\"https:\\\/\\\/store.microbiotech.dz\\\/wp-content\\\/uploads\\\/2025\\\/09\\\/Design-sans-titre-8.png\",\"width\":600,\"height\":600},{\"@type\":\"BreadcrumbList\",\"@id\":\"https:\\\/\\\/store.microbiotech.dz\\\/index.php\\\/produit\\\/etuve-a-vide-memmert\\\/#breadcrumb\",\"itemListElement\":[{\"@type\":\"ListItem\",\"position\":1,\"name\":\"Accueil\",\"item\":\"https:\\\/\\\/store.microbiotech.dz\\\/\"},{\"@type\":\"ListItem\",\"position\":2,\"name\":\"Nos Produits\",\"item\":\"https:\\\/\\\/store.microbiotech.dz\\\/index.php\\\/nos-produits\\\/\"},{\"@type\":\"ListItem\",\"position\":3,\"name\":\"\u00c9tuve \u00e0 vide MEMMERT\"}]},{\"@type\":\"WebSite\",\"@id\":\"https:\\\/\\\/store.microbiotech.dz\\\/#website\",\"url\":\"https:\\\/\\\/store.microbiotech.dz\\\/\",\"name\":\"La Boutique en ligne\",\"description\":\"Qualit\u00e9 - Rapidit\u00e9 - Tranquillit\u00e9\",\"publisher\":{\"@id\":\"https:\\\/\\\/store.microbiotech.dz\\\/#organization\"},\"potentialAction\":[{\"@type\":\"SearchAction\",\"target\":{\"@type\":\"EntryPoint\",\"urlTemplate\":\"https:\\\/\\\/store.microbiotech.dz\\\/?s={search_term_string}\"},\"query-input\":{\"@type\":\"PropertyValueSpecification\",\"valueRequired\":true,\"valueName\":\"search_term_string\"}}],\"inLanguage\":\"fr-FR\"},{\"@type\":\"Organization\",\"@id\":\"https:\\\/\\\/store.microbiotech.dz\\\/#organization\",\"name\":\"Microbiotech EURL\",\"url\":\"https:\\\/\\\/store.microbiotech.dz\\\/\",\"logo\":{\"@type\":\"ImageObject\",\"inLanguage\":\"fr-FR\",\"@id\":\"https:\\\/\\\/store.microbiotech.dz\\\/#\\\/schema\\\/logo\\\/image\\\/\",\"url\":\"https:\\\/\\\/store.microbiotech.dz\\\/wp-content\\\/uploads\\\/2021\\\/09\\\/cropped-logo-microbiotech-2.jpg\",\"contentUrl\":\"https:\\\/\\\/store.microbiotech.dz\\\/wp-content\\\/uploads\\\/2021\\\/09\\\/cropped-logo-microbiotech-2.jpg\",\"width\":815,\"height\":586,\"caption\":\"Microbiotech EURL\"},\"image\":{\"@id\":\"https:\\\/\\\/store.microbiotech.dz\\\/#\\\/schema\\\/logo\\\/image\\\/\"},\"sameAs\":[\"https:\\\/\\\/www.facebook.com\\\/MicroBiotech.dz\",\"https:\\\/\\\/x.com\\\/MicrobiotechD\",\"https:\\\/\\\/www.linkedin.com\\\/in\\\/microbiotech\\\/\",\"https:\\\/\\\/www.youtube.com\\\/channel\\\/UCTxc3VIiX7LXD2LQYfZEcDg\"]}]}<\/script>\n<!-- \/ Yoast SEO plugin. -->","yoast_head_json":{"title":"\u00c9tuve \u00e0 vide MEMMERT - La Boutique en ligne","description":"L'\u00e9tuve \u00e0 vide VO29 de Memmert allie fiabilit\u00e9, confort et performance \u00e9nerg\u00e9tique.Elle garantit un s\u00e9chage sous vide rapide, pr\u00e9cis et moderne.","robots":{"index":"index","follow":"follow","max-snippet":"max-snippet:-1","max-image-preview":"max-image-preview:large","max-video-preview":"max-video-preview:-1"},"canonical":"https:\/\/store.microbiotech.dz\/index.php\/produit\/etuve-a-vide-memmert\/","og_locale":"fr_FR","og_type":"article","og_title":"\u00c9tuve \u00e0 vide MEMMERT - La Boutique en ligne","og_description":"L'\u00e9tuve \u00e0 vide VO29 de Memmert allie fiabilit\u00e9, confort et performance \u00e9nerg\u00e9tique.Elle garantit un s\u00e9chage sous vide rapide, pr\u00e9cis et moderne.","og_url":"https:\/\/store.microbiotech.dz\/index.php\/produit\/etuve-a-vide-memmert\/","og_site_name":"La Boutique en ligne","article_publisher":"https:\/\/www.facebook.com\/MicroBiotech.dz","article_modified_time":"2026-04-27T12:40:15+00:00","og_image":[{"width":600,"height":600,"url":"https:\/\/store.microbiotech.dz\/wp-content\/uploads\/2025\/09\/Design-sans-titre-8.png","type":"image\/png"}],"twitter_card":"summary_large_image","twitter_site":"@MicrobiotechD","twitter_misc":{"Dur\u00e9e de lecture estim\u00e9e":"1 minute"},"schema":{"@context":"https:\/\/schema.org","@graph":[{"@type":"WebPage","@id":"https:\/\/store.microbiotech.dz\/index.php\/produit\/etuve-a-vide-memmert\/","url":"https:\/\/store.microbiotech.dz\/index.php\/produit\/etuve-a-vide-memmert\/","name":"\u00c9tuve \u00e0 vide MEMMERT - La Boutique en ligne","isPartOf":{"@id":"https:\/\/store.microbiotech.dz\/#website"},"primaryImageOfPage":{"@id":"https:\/\/store.microbiotech.dz\/index.php\/produit\/etuve-a-vide-memmert\/#primaryimage"},"image":{"@id":"https:\/\/store.microbiotech.dz\/index.php\/produit\/etuve-a-vide-memmert\/#primaryimage"},"thumbnailUrl":"https:\/\/store.microbiotech.dz\/wp-content\/uploads\/2025\/09\/Design-sans-titre-8.png","datePublished":"2025-09-18T09:21:36+00:00","dateModified":"2026-04-27T12:40:15+00:00","description":"L'\u00e9tuve \u00e0 vide VO29 de Memmert allie fiabilit\u00e9, confort et performance \u00e9nerg\u00e9tique.Elle garantit un s\u00e9chage sous vide rapide, pr\u00e9cis et moderne.","breadcrumb":{"@id":"https:\/\/store.microbiotech.dz\/index.php\/produit\/etuve-a-vide-memmert\/#breadcrumb"},"inLanguage":"fr-FR","potentialAction":[{"@type":"ReadAction","target":["https:\/\/store.microbiotech.dz\/index.php\/produit\/etuve-a-vide-memmert\/"]}]},{"@type":"ImageObject","inLanguage":"fr-FR","@id":"https:\/\/store.microbiotech.dz\/index.php\/produit\/etuve-a-vide-memmert\/#primaryimage","url":"https:\/\/store.microbiotech.dz\/wp-content\/uploads\/2025\/09\/Design-sans-titre-8.png","contentUrl":"https:\/\/store.microbiotech.dz\/wp-content\/uploads\/2025\/09\/Design-sans-titre-8.png","width":600,"height":600},{"@type":"BreadcrumbList","@id":"https:\/\/store.microbiotech.dz\/index.php\/produit\/etuve-a-vide-memmert\/#breadcrumb","itemListElement":[{"@type":"ListItem","position":1,"name":"Accueil","item":"https:\/\/store.microbiotech.dz\/"},{"@type":"ListItem","position":2,"name":"Nos Produits","item":"https:\/\/store.microbiotech.dz\/index.php\/nos-produits\/"},{"@type":"ListItem","position":3,"name":"\u00c9tuve \u00e0 vide MEMMERT"}]},{"@type":"WebSite","@id":"https:\/\/store.microbiotech.dz\/#website","url":"https:\/\/store.microbiotech.dz\/","name":"La Boutique en ligne","description":"Qualit\u00e9 - Rapidit\u00e9 - Tranquillit\u00e9","publisher":{"@id":"https:\/\/store.microbiotech.dz\/#organization"},"potentialAction":[{"@type":"SearchAction","target":{"@type":"EntryPoint","urlTemplate":"https:\/\/store.microbiotech.dz\/?s={search_term_string}"},"query-input":{"@type":"PropertyValueSpecification","valueRequired":true,"valueName":"search_term_string"}}],"inLanguage":"fr-FR"},{"@type":"Organization","@id":"https:\/\/store.microbiotech.dz\/#organization","name":"Microbiotech EURL","url":"https:\/\/store.microbiotech.dz\/","logo":{"@type":"ImageObject","inLanguage":"fr-FR","@id":"https:\/\/store.microbiotech.dz\/#\/schema\/logo\/image\/","url":"https:\/\/store.microbiotech.dz\/wp-content\/uploads\/2021\/09\/cropped-logo-microbiotech-2.jpg","contentUrl":"https:\/\/store.microbiotech.dz\/wp-content\/uploads\/2021\/09\/cropped-logo-microbiotech-2.jpg","width":815,"height":586,"caption":"Microbiotech EURL"},"image":{"@id":"https:\/\/store.microbiotech.dz\/#\/schema\/logo\/image\/"},"sameAs":["https:\/\/www.facebook.com\/MicroBiotech.dz","https:\/\/x.com\/MicrobiotechD","https:\/\/www.linkedin.com\/in\/microbiotech\/","https:\/\/www.youtube.com\/channel\/UCTxc3VIiX7LXD2LQYfZEcDg"]}]}},"jetpack_sharing_enabled":true,"_links":{"self":[{"href":"https:\/\/store.microbiotech.dz\/index.php\/wp-json\/wp\/v2\/product\/16801","targetHints":{"allow":["GET"]}}],"collection":[{"href":"https:\/\/store.microbiotech.dz\/index.php\/wp-json\/wp\/v2\/product"}],"about":[{"href":"https:\/\/store.microbiotech.dz\/index.php\/wp-json\/wp\/v2\/types\/product"}],"replies":[{"embeddable":true,"href":"https:\/\/store.microbiotech.dz\/index.php\/wp-json\/wp\/v2\/comments?post=16801"}],"wp:featuredmedia":[{"embeddable":true,"href":"https:\/\/store.microbiotech.dz\/index.php\/wp-json\/wp\/v2\/media\/16802"}],"wp:attachment":[{"href":"https:\/\/store.microbiotech.dz\/index.php\/wp-json\/wp\/v2\/media?parent=16801"}],"wp:term":[{"taxonomy":"product_brand","embeddable":true,"href":"https:\/\/store.microbiotech.dz\/index.php\/wp-json\/wp\/v2\/product_brand?post=16801"},{"taxonomy":"product_cat","embeddable":true,"href":"https:\/\/store.microbiotech.dz\/index.php\/wp-json\/wp\/v2\/product_cat?post=16801"},{"taxonomy":"product_tag","embeddable":true,"href":"https:\/\/store.microbiotech.dz\/index.php\/wp-json\/wp\/v2\/product_tag?post=16801"}],"curies":[{"name":"wp","href":"https:\/\/api.w.org\/{rel}","templated":true}]}}