{"id":16117,"date":"2025-07-16T15:15:37","date_gmt":"2025-07-16T14:15:37","guid":{"rendered":"https:\/\/store.microbiotech.dz\/?post_type=product&#038;p=16117"},"modified":"2025-07-17T14:14:38","modified_gmt":"2025-07-17T13:14:38","slug":"thermocycleur-biorad-bonne-occase","status":"publish","type":"product","link":"https:\/\/store.microbiotech.dz\/index.php\/produit\/thermocycleur-biorad-bonne-occase\/","title":{"rendered":"Thermocycleur BIORAD ( Bonne occase )"},"content":{"rendered":"<p>Le <a href=\"https:\/\/store.microbiotech.dz\/?s=thermocy\" target=\"_blank\" rel=\"noopener\">Thermocycleur<\/a> <a href=\"https:\/\/www.bio-rad.com\/\" target=\"_blank\" rel=\"noopener\">BIORAD<\/a> ( Bonne occase ) T100 est un appareil compact et performant, id\u00e9al pour les PCR en laboratoire. Son \u00e9cran tactile couleur simplifie la programmation gr\u00e2ce \u00e0 une interface claire et intuitive. La technologie de gradient thermique permet d\u2019optimiser rapidement les r\u00e9actions en une seule analyse. Il offre une mont\u00e9e en temp\u00e9rature rapide, assurant un gain de temps sans compromettre la pr\u00e9cision. Ce mod\u00e8le de Thermocycleur BIORAD ( Bonne occase ) dispose de 96 puits et permet une gestion efficace des protocoles via dossiers personnalis\u00e9s ou cl\u00e9 USB. Sa conception robuste garantit des r\u00e9sultats fiables \u00e0 chaque cycle. Pratique, \u00e9conome en \u00e9nergie et facile \u00e0 int\u00e9grer dans tout espace de travail.<\/p>\n<p>&nbsp;<\/p>\n","protected":false},"excerpt":{"rendered":"<p>&nbsp;<\/p>\n<p><span style=\"color: #ff0000;\"><strong>Prix affich\u00e9 en Hors Taxes<\/strong><\/span><\/p>\n<p><span style=\"color: #ff0000;\"><span style=\"color: #000000;\">Etat :<\/span><strong> tr\u00e8s bon \u00e9tat \/ 2400 h de marche seulement<\/strong><\/span><\/p>\n<p>Marque : <strong>BIORAD <img loading=\"lazy\" decoding=\"async\" class=\"wp-image-1507 alignnone lazyloaded\" src=\"https:\/\/store.microbiotech.dz\/wp-content\/uploads\/2022\/02\/Sans-titre-1.png\" alt=\"\" width=\"34\" height=\"32\" data-src=\"https:\/\/store.microbiotech.dz\/wp-content\/uploads\/2022\/02\/Sans-titre-1.png\" \/><br \/>\n<\/strong><span style=\"font-size: 16px;\">Capacit\u00e9 d&rsquo;\u00e9chantillonnage : <\/span><strong style=\"font-size: 16px;\">96 puits (tubes de 0,2 ml, bandes de tubes ou plaque 96 puits)<br \/>\n<\/strong>Plage de temp\u00e9rature : <strong style=\"background-color: rgba(0, 0, 0, 0); font-size: 1em;\">4 \u00e0 100 \u00b0C<\/strong><br \/>\n<span style=\"background-color: rgba(0, 0, 0, 0); font-size: 1em;\">Pr\u00e9cision : <\/span><strong style=\"background-color: rgba(0, 0, 0, 0); font-size: 1em;\">\u00b10,5 \u00b0C de la temp\u00e9rature programm\u00e9e<\/strong><br \/>\n<span style=\"background-color: rgba(0, 0, 0, 0); font-size: 1em;\">Homog\u00e9n\u00e9it\u00e9 thermique : <\/span><strong style=\"background-color: rgba(0, 0, 0, 0); font-size: 1em;\">\u00b10,5 \u00b0C entre les puits apr\u00e8s 30 secondes<\/strong><br \/>\n<span style=\"background-color: rgba(0, 0, 0, 0); font-size: 1em;\">Gradient thermique : <\/span><strong style=\"background-color: rgba(0, 0, 0, 0); font-size: 1em;\">oui (plage de 30 \u00e0 100 \u00b0C, diff\u00e9rentiel de 1 \u00e0 25 \u00b0C)<\/strong><br \/>\n<span style=\"background-color: rgba(0, 0, 0, 0); font-size: 1em;\">Vitesse de mont\u00e9e en temp\u00e9rature : <\/span><strong style=\"background-color: rgba(0, 0, 0, 0); font-size: 1em;\">jusqu\u2019\u00e0 4 \u00b0C\/s<\/strong><br \/>\n<span style=\"background-color: rgba(0, 0, 0, 0); font-size: 1em;\">Modes de contr\u00f4le : <\/span><strong style=\"background-color: rgba(0, 0, 0, 0); font-size: 1em;\">calcul\u00e9 et par bloc thermique<\/strong><br \/>\n<span style=\"background-color: rgba(0, 0, 0, 0); font-size: 1em;\">Connectivit\u00e9 :<\/span><strong style=\"background-color: rgba(0, 0, 0, 0); font-size: 1em;\"> port USB pour transfert de fichiers<\/strong><br \/>\n<span style=\"background-color: rgba(0, 0, 0, 0); font-size: 1em;\">M\u00e9moire : <\/span><strong style=\"background-color: rgba(0, 0, 0, 0); font-size: 1em;\">500 programmes internes, extensible avec cl\u00e9 USB<\/strong><br \/>\n<span style=\"background-color: rgba(0, 0, 0, 0); font-size: 1em;\">Affichage : <\/span><strong style=\"background-color: rgba(0, 0, 0, 0); font-size: 1em;\">\u00c9cran tactile couleur VGA 5,7\u00a0\u00bb<\/strong><br \/>\n<span style=\"background-color: rgba(0, 0, 0, 0); font-size: 1em;\">T\u00e9l\u00e9chargement : <\/span><a style=\"font-size: 1em;\" href=\"https:\/\/store.microbiotech.dz\/wp-content\/uploads\/2025\/04\/01jk645zfm7cn3ffv696ndh5yj.pdf\">Fiche technique<\/a><\/p>\n","protected":false},"featured_media":16137,"comment_status":"open","ping_status":"closed","template":"","meta":{"site-sidebar-layout":"default","site-content-layout":"","ast-site-content-layout":"default","site-content-style":"default","site-sidebar-style":"default","ast-global-header-display":"","ast-banner-title-visibility":"","ast-main-header-display":"","ast-hfb-above-header-display":"","ast-hfb-below-header-display":"","ast-hfb-mobile-header-display":"","site-post-title":"","ast-breadcrumbs-content":"","ast-featured-img":"","footer-sml-layout":"","ast-disable-related-posts":"","theme-transparent-header-meta":"default","adv-header-id-meta":"","stick-header-meta":"","header-above-stick-meta":"","header-main-stick-meta":"","header-below-stick-meta":"","astra-migrate-meta-layouts":"set","ast-page-background-enabled":"default","ast-page-background-meta":{"desktop":{"background-color":"var(--ast-global-color-4)","background-image":"","background-repeat":"repeat","background-position":"center center","background-size":"auto","background-attachment":"scroll","background-type":"","background-media":"","overlay-type":"","overlay-color":"","overlay-opacity":"","overlay-gradient":""},"tablet":{"background-color":"","background-image":"","background-repeat":"repeat","background-position":"center center","background-size":"auto","background-attachment":"scroll","background-type":"","background-media":"","overlay-type":"","overlay-color":"","overlay-opacity":"","overlay-gradient":""},"mobile":{"background-color":"","background-image":"","background-repeat":"repeat","background-position":"center center","background-size":"auto","background-attachment":"scroll","background-type":"","background-media":"","overlay-type":"","overlay-color":"","overlay-opacity":"","overlay-gradient":""}},"ast-content-background-meta":{"desktop":{"background-color":"var(--ast-global-color-5)","background-image":"","background-repeat":"repeat","background-position":"center center","background-size":"auto","background-attachment":"scroll","background-type":"","background-media":"","overlay-type":"","overlay-color":"","overlay-opacity":"","overlay-gradient":""},"tablet":{"background-color":"var(--ast-global-color-5)","background-image":"","background-repeat":"repeat","background-position":"center center","background-size":"auto","background-attachment":"scroll","background-type":"","background-media":"","overlay-type":"","overlay-color":"","overlay-opacity":"","overlay-gradient":""},"mobile":{"background-color":"var(--ast-global-color-5)","background-image":"","background-repeat":"repeat","background-position":"center center","background-size":"auto","background-attachment":"scroll","background-type":"","background-media":"","overlay-type":"","overlay-color":"","overlay-opacity":"","overlay-gradient":""}},"jetpack_post_was_ever_published":false},"product_brand":[],"product_cat":[87,3163,238],"product_tag":[2948,3169,2949,85,335,92,1810],"class_list":{"0":"post-16117","1":"product","2":"type-product","3":"status-publish","4":"has-post-thumbnail","6":"product_cat-biomol","7":"product_cat-bonne-occase","8":"product_cat-equipements","9":"product_tag-biorad","10":"product_tag-bonne-occase","11":"product_tag-f102","12":"product_tag-pcr","13":"product_tag-rt-pcr","14":"product_tag-rtpcr","15":"product_tag-thermocycleur","16":"desktop-align-center","17":"tablet-align-left","18":"mobile-align-left","20":"first","21":"instock","22":"taxable","23":"shipping-taxable","24":"purchasable","25":"product-type-simple"},"yoast_head":"<!-- This site is optimized with the Yoast SEO plugin v27.5 - https:\/\/yoast.com\/product\/yoast-seo-wordpress\/ -->\n<title>Thermocycleur BIORAD ( Bonne occase ) - La Boutique en ligne<\/title>\n<meta name=\"description\" content=\"Le Thermocycleur BIORAD ( Bonne occase ) T100 est un appareil compact et performant, id\u00e9al pour les PCR en laboratoire. Commandez sur microbiotech.dz\" \/>\n<meta name=\"robots\" content=\"index, follow, max-snippet:-1, max-image-preview:large, max-video-preview:-1\" \/>\n<link rel=\"canonical\" href=\"https:\/\/store.microbiotech.dz\/index.php\/produit\/thermocycleur-biorad-bonne-occase\/\" \/>\n<meta property=\"og:locale\" content=\"fr_FR\" \/>\n<meta property=\"og:type\" content=\"article\" \/>\n<meta property=\"og:title\" content=\"Thermocycleur BIORAD ( Bonne occase ) - La Boutique en ligne\" \/>\n<meta property=\"og:description\" content=\"Le Thermocycleur BIORAD ( Bonne occase ) T100 est un appareil compact et performant, id\u00e9al pour les PCR en laboratoire. Commandez sur microbiotech.dz\" \/>\n<meta property=\"og:url\" content=\"https:\/\/store.microbiotech.dz\/index.php\/produit\/thermocycleur-biorad-bonne-occase\/\" \/>\n<meta property=\"og:site_name\" content=\"La Boutique en ligne\" \/>\n<meta property=\"article:publisher\" content=\"https:\/\/www.facebook.com\/MicroBiotech.dz\" \/>\n<meta property=\"article:modified_time\" content=\"2025-07-17T13:14:38+00:00\" \/>\n<meta property=\"og:image\" content=\"https:\/\/store.microbiotech.dz\/wp-content\/uploads\/2025\/07\/lsr_T100-thermal-cycler-P9.webp\" \/>\n\t<meta property=\"og:image:width\" content=\"600\" \/>\n\t<meta property=\"og:image:height\" content=\"600\" \/>\n\t<meta property=\"og:image:type\" content=\"image\/webp\" \/>\n<meta name=\"twitter:card\" content=\"summary_large_image\" \/>\n<meta name=\"twitter:site\" content=\"@MicrobiotechD\" \/>\n<meta name=\"twitter:label1\" content=\"Dur\u00e9e de lecture estim\u00e9e\" \/>\n\t<meta name=\"twitter:data1\" content=\"1 minute\" \/>\n<script type=\"application\/ld+json\" class=\"yoast-schema-graph\">{\"@context\":\"https:\\\/\\\/schema.org\",\"@graph\":[{\"@type\":\"WebPage\",\"@id\":\"https:\\\/\\\/store.microbiotech.dz\\\/index.php\\\/produit\\\/thermocycleur-biorad-bonne-occase\\\/\",\"url\":\"https:\\\/\\\/store.microbiotech.dz\\\/index.php\\\/produit\\\/thermocycleur-biorad-bonne-occase\\\/\",\"name\":\"Thermocycleur BIORAD ( Bonne occase ) - La Boutique en ligne\",\"isPartOf\":{\"@id\":\"https:\\\/\\\/store.microbiotech.dz\\\/#website\"},\"primaryImageOfPage\":{\"@id\":\"https:\\\/\\\/store.microbiotech.dz\\\/index.php\\\/produit\\\/thermocycleur-biorad-bonne-occase\\\/#primaryimage\"},\"image\":{\"@id\":\"https:\\\/\\\/store.microbiotech.dz\\\/index.php\\\/produit\\\/thermocycleur-biorad-bonne-occase\\\/#primaryimage\"},\"thumbnailUrl\":\"https:\\\/\\\/store.microbiotech.dz\\\/wp-content\\\/uploads\\\/2025\\\/07\\\/lsr_T100-thermal-cycler-P9.webp\",\"datePublished\":\"2025-07-16T14:15:37+00:00\",\"dateModified\":\"2025-07-17T13:14:38+00:00\",\"description\":\"Le Thermocycleur BIORAD ( Bonne occase ) T100 est un appareil compact et performant, id\u00e9al pour les PCR en laboratoire. Commandez sur microbiotech.dz\",\"breadcrumb\":{\"@id\":\"https:\\\/\\\/store.microbiotech.dz\\\/index.php\\\/produit\\\/thermocycleur-biorad-bonne-occase\\\/#breadcrumb\"},\"inLanguage\":\"fr-FR\",\"potentialAction\":[{\"@type\":\"ReadAction\",\"target\":[\"https:\\\/\\\/store.microbiotech.dz\\\/index.php\\\/produit\\\/thermocycleur-biorad-bonne-occase\\\/\"]}]},{\"@type\":\"ImageObject\",\"inLanguage\":\"fr-FR\",\"@id\":\"https:\\\/\\\/store.microbiotech.dz\\\/index.php\\\/produit\\\/thermocycleur-biorad-bonne-occase\\\/#primaryimage\",\"url\":\"https:\\\/\\\/store.microbiotech.dz\\\/wp-content\\\/uploads\\\/2025\\\/07\\\/lsr_T100-thermal-cycler-P9.webp\",\"contentUrl\":\"https:\\\/\\\/store.microbiotech.dz\\\/wp-content\\\/uploads\\\/2025\\\/07\\\/lsr_T100-thermal-cycler-P9.webp\",\"width\":600,\"height\":600,\"caption\":\"Thermocycleur BIORAD ( Bonne occase )\"},{\"@type\":\"BreadcrumbList\",\"@id\":\"https:\\\/\\\/store.microbiotech.dz\\\/index.php\\\/produit\\\/thermocycleur-biorad-bonne-occase\\\/#breadcrumb\",\"itemListElement\":[{\"@type\":\"ListItem\",\"position\":1,\"name\":\"Accueil\",\"item\":\"https:\\\/\\\/store.microbiotech.dz\\\/\"},{\"@type\":\"ListItem\",\"position\":2,\"name\":\"Nos Produits\",\"item\":\"https:\\\/\\\/store.microbiotech.dz\\\/index.php\\\/nos-produits\\\/\"},{\"@type\":\"ListItem\",\"position\":3,\"name\":\"Thermocycleur BIORAD ( Bonne occase )\"}]},{\"@type\":\"WebSite\",\"@id\":\"https:\\\/\\\/store.microbiotech.dz\\\/#website\",\"url\":\"https:\\\/\\\/store.microbiotech.dz\\\/\",\"name\":\"La Boutique en ligne\",\"description\":\"Qualit\u00e9 - Rapidit\u00e9 - Tranquillit\u00e9\",\"publisher\":{\"@id\":\"https:\\\/\\\/store.microbiotech.dz\\\/#organization\"},\"potentialAction\":[{\"@type\":\"SearchAction\",\"target\":{\"@type\":\"EntryPoint\",\"urlTemplate\":\"https:\\\/\\\/store.microbiotech.dz\\\/?s={search_term_string}\"},\"query-input\":{\"@type\":\"PropertyValueSpecification\",\"valueRequired\":true,\"valueName\":\"search_term_string\"}}],\"inLanguage\":\"fr-FR\"},{\"@type\":\"Organization\",\"@id\":\"https:\\\/\\\/store.microbiotech.dz\\\/#organization\",\"name\":\"Microbiotech EURL\",\"url\":\"https:\\\/\\\/store.microbiotech.dz\\\/\",\"logo\":{\"@type\":\"ImageObject\",\"inLanguage\":\"fr-FR\",\"@id\":\"https:\\\/\\\/store.microbiotech.dz\\\/#\\\/schema\\\/logo\\\/image\\\/\",\"url\":\"https:\\\/\\\/store.microbiotech.dz\\\/wp-content\\\/uploads\\\/2021\\\/09\\\/cropped-logo-microbiotech-2.jpg\",\"contentUrl\":\"https:\\\/\\\/store.microbiotech.dz\\\/wp-content\\\/uploads\\\/2021\\\/09\\\/cropped-logo-microbiotech-2.jpg\",\"width\":815,\"height\":586,\"caption\":\"Microbiotech EURL\"},\"image\":{\"@id\":\"https:\\\/\\\/store.microbiotech.dz\\\/#\\\/schema\\\/logo\\\/image\\\/\"},\"sameAs\":[\"https:\\\/\\\/www.facebook.com\\\/MicroBiotech.dz\",\"https:\\\/\\\/x.com\\\/MicrobiotechD\",\"https:\\\/\\\/www.linkedin.com\\\/in\\\/microbiotech\\\/\",\"https:\\\/\\\/www.youtube.com\\\/channel\\\/UCTxc3VIiX7LXD2LQYfZEcDg\"]}]}<\/script>\n<!-- \/ Yoast SEO plugin. -->","yoast_head_json":{"title":"Thermocycleur BIORAD ( Bonne occase ) - La Boutique en ligne","description":"Le Thermocycleur BIORAD ( Bonne occase ) T100 est un appareil compact et performant, id\u00e9al pour les PCR en laboratoire. Commandez sur microbiotech.dz","robots":{"index":"index","follow":"follow","max-snippet":"max-snippet:-1","max-image-preview":"max-image-preview:large","max-video-preview":"max-video-preview:-1"},"canonical":"https:\/\/store.microbiotech.dz\/index.php\/produit\/thermocycleur-biorad-bonne-occase\/","og_locale":"fr_FR","og_type":"article","og_title":"Thermocycleur BIORAD ( Bonne occase ) - La Boutique en ligne","og_description":"Le Thermocycleur BIORAD ( Bonne occase ) T100 est un appareil compact et performant, id\u00e9al pour les PCR en laboratoire. Commandez sur microbiotech.dz","og_url":"https:\/\/store.microbiotech.dz\/index.php\/produit\/thermocycleur-biorad-bonne-occase\/","og_site_name":"La Boutique en ligne","article_publisher":"https:\/\/www.facebook.com\/MicroBiotech.dz","article_modified_time":"2025-07-17T13:14:38+00:00","og_image":[{"width":600,"height":600,"url":"https:\/\/store.microbiotech.dz\/wp-content\/uploads\/2025\/07\/lsr_T100-thermal-cycler-P9.webp","type":"image\/webp"}],"twitter_card":"summary_large_image","twitter_site":"@MicrobiotechD","twitter_misc":{"Dur\u00e9e de lecture estim\u00e9e":"1 minute"},"schema":{"@context":"https:\/\/schema.org","@graph":[{"@type":"WebPage","@id":"https:\/\/store.microbiotech.dz\/index.php\/produit\/thermocycleur-biorad-bonne-occase\/","url":"https:\/\/store.microbiotech.dz\/index.php\/produit\/thermocycleur-biorad-bonne-occase\/","name":"Thermocycleur BIORAD ( Bonne occase ) - La Boutique en ligne","isPartOf":{"@id":"https:\/\/store.microbiotech.dz\/#website"},"primaryImageOfPage":{"@id":"https:\/\/store.microbiotech.dz\/index.php\/produit\/thermocycleur-biorad-bonne-occase\/#primaryimage"},"image":{"@id":"https:\/\/store.microbiotech.dz\/index.php\/produit\/thermocycleur-biorad-bonne-occase\/#primaryimage"},"thumbnailUrl":"https:\/\/store.microbiotech.dz\/wp-content\/uploads\/2025\/07\/lsr_T100-thermal-cycler-P9.webp","datePublished":"2025-07-16T14:15:37+00:00","dateModified":"2025-07-17T13:14:38+00:00","description":"Le Thermocycleur BIORAD ( Bonne occase ) T100 est un appareil compact et performant, id\u00e9al pour les PCR en laboratoire. Commandez sur microbiotech.dz","breadcrumb":{"@id":"https:\/\/store.microbiotech.dz\/index.php\/produit\/thermocycleur-biorad-bonne-occase\/#breadcrumb"},"inLanguage":"fr-FR","potentialAction":[{"@type":"ReadAction","target":["https:\/\/store.microbiotech.dz\/index.php\/produit\/thermocycleur-biorad-bonne-occase\/"]}]},{"@type":"ImageObject","inLanguage":"fr-FR","@id":"https:\/\/store.microbiotech.dz\/index.php\/produit\/thermocycleur-biorad-bonne-occase\/#primaryimage","url":"https:\/\/store.microbiotech.dz\/wp-content\/uploads\/2025\/07\/lsr_T100-thermal-cycler-P9.webp","contentUrl":"https:\/\/store.microbiotech.dz\/wp-content\/uploads\/2025\/07\/lsr_T100-thermal-cycler-P9.webp","width":600,"height":600,"caption":"Thermocycleur BIORAD ( Bonne occase )"},{"@type":"BreadcrumbList","@id":"https:\/\/store.microbiotech.dz\/index.php\/produit\/thermocycleur-biorad-bonne-occase\/#breadcrumb","itemListElement":[{"@type":"ListItem","position":1,"name":"Accueil","item":"https:\/\/store.microbiotech.dz\/"},{"@type":"ListItem","position":2,"name":"Nos Produits","item":"https:\/\/store.microbiotech.dz\/index.php\/nos-produits\/"},{"@type":"ListItem","position":3,"name":"Thermocycleur BIORAD ( Bonne occase )"}]},{"@type":"WebSite","@id":"https:\/\/store.microbiotech.dz\/#website","url":"https:\/\/store.microbiotech.dz\/","name":"La Boutique en ligne","description":"Qualit\u00e9 - Rapidit\u00e9 - Tranquillit\u00e9","publisher":{"@id":"https:\/\/store.microbiotech.dz\/#organization"},"potentialAction":[{"@type":"SearchAction","target":{"@type":"EntryPoint","urlTemplate":"https:\/\/store.microbiotech.dz\/?s={search_term_string}"},"query-input":{"@type":"PropertyValueSpecification","valueRequired":true,"valueName":"search_term_string"}}],"inLanguage":"fr-FR"},{"@type":"Organization","@id":"https:\/\/store.microbiotech.dz\/#organization","name":"Microbiotech EURL","url":"https:\/\/store.microbiotech.dz\/","logo":{"@type":"ImageObject","inLanguage":"fr-FR","@id":"https:\/\/store.microbiotech.dz\/#\/schema\/logo\/image\/","url":"https:\/\/store.microbiotech.dz\/wp-content\/uploads\/2021\/09\/cropped-logo-microbiotech-2.jpg","contentUrl":"https:\/\/store.microbiotech.dz\/wp-content\/uploads\/2021\/09\/cropped-logo-microbiotech-2.jpg","width":815,"height":586,"caption":"Microbiotech EURL"},"image":{"@id":"https:\/\/store.microbiotech.dz\/#\/schema\/logo\/image\/"},"sameAs":["https:\/\/www.facebook.com\/MicroBiotech.dz","https:\/\/x.com\/MicrobiotechD","https:\/\/www.linkedin.com\/in\/microbiotech\/","https:\/\/www.youtube.com\/channel\/UCTxc3VIiX7LXD2LQYfZEcDg"]}]}},"jetpack_sharing_enabled":true,"_links":{"self":[{"href":"https:\/\/store.microbiotech.dz\/index.php\/wp-json\/wp\/v2\/product\/16117","targetHints":{"allow":["GET"]}}],"collection":[{"href":"https:\/\/store.microbiotech.dz\/index.php\/wp-json\/wp\/v2\/product"}],"about":[{"href":"https:\/\/store.microbiotech.dz\/index.php\/wp-json\/wp\/v2\/types\/product"}],"replies":[{"embeddable":true,"href":"https:\/\/store.microbiotech.dz\/index.php\/wp-json\/wp\/v2\/comments?post=16117"}],"wp:featuredmedia":[{"embeddable":true,"href":"https:\/\/store.microbiotech.dz\/index.php\/wp-json\/wp\/v2\/media\/16137"}],"wp:attachment":[{"href":"https:\/\/store.microbiotech.dz\/index.php\/wp-json\/wp\/v2\/media?parent=16117"}],"wp:term":[{"taxonomy":"product_brand","embeddable":true,"href":"https:\/\/store.microbiotech.dz\/index.php\/wp-json\/wp\/v2\/product_brand?post=16117"},{"taxonomy":"product_cat","embeddable":true,"href":"https:\/\/store.microbiotech.dz\/index.php\/wp-json\/wp\/v2\/product_cat?post=16117"},{"taxonomy":"product_tag","embeddable":true,"href":"https:\/\/store.microbiotech.dz\/index.php\/wp-json\/wp\/v2\/product_tag?post=16117"}],"curies":[{"name":"wp","href":"https:\/\/api.w.org\/{rel}","templated":true}]}}