{"id":1505,"date":"2022-03-03T16:40:23","date_gmt":"2022-03-03T15:40:23","guid":{"rendered":"https:\/\/store.microbiotech.dz\/?post_type=product&#038;p=1505"},"modified":"2025-02-11T11:32:50","modified_gmt":"2025-02-11T10:32:50","slug":"ph-temperature-metre-portable-000-a-1200-ph-pour-agro-alimentaires","status":"publish","type":"product","link":"https:\/\/store.microbiotech.dz\/index.php\/produit\/ph-temperature-metre-portable-000-a-1200-ph-pour-agro-alimentaires\/","title":{"rendered":"PH\/Temperature-M\u00e8tre portable"},"content":{"rendered":"<p>Un pH-m\u00e8tre est un instrument utilis\u00e9 pour mesurer l&rsquo;acidit\u00e9 ou l&rsquo;alcalinit\u00e9 d&rsquo;une solution, \u00e9galement appel\u00e9e pH. Le pH est l&rsquo;unit\u00e9 de mesure qui d\u00e9crit le degr\u00e9 d&rsquo;acidit\u00e9 ou d&rsquo;alcalinit\u00e9. Elle est mesur\u00e9e sur une \u00e9chelle de 0 \u00e0 14<\/p>\n","protected":false},"excerpt":{"rendered":"<p>Marque: <strong>Milwaukee<\/strong><strong><img loading=\"lazy\" decoding=\"async\" class=\"wp-image-1507 alignnone\" src=\"https:\/\/store.microbiotech.dz\/wp-content\/uploads\/2022\/02\/Sans-titre-1.png\" alt=\"\" width=\"29\" height=\"27\" \/>\u00a0<\/strong><\/p>\n<ul>\n<li>Pr\u00e9cision : \u00b10.02 pH<\/li>\n<li>Compensation de temp\u00e9rature : automatique<\/li>\n<li>Calibrage : automatique<\/li>\n<li>Poids: 500g avec batterie<\/li>\n<li>Autonomie de la batterie: environ 300 heures d&rsquo;utilisation continue<\/li>\n<li>Arr\u00eat automatique: apr\u00e8s 8 minutes d&rsquo;utilisation<\/li>\n<li>PH-METRE PORTABLE AVEC MALLETTE ANTI CHOC, pH- m\u00e8tre\/temp\u00e9rature \u00e0 microprocesseur avec une plage \u00e9tendue (0,00 \u00e0 14,00 pH) (-5\u00b0C \u00e0 70\u00b0C) pour agro-alimentaires viandes, fromages, produits laitiers, aliments et boissons.<\/li>\n<\/ul>\n","protected":false},"featured_media":1506,"comment_status":"open","ping_status":"closed","template":"","meta":{"site-sidebar-layout":"default","site-content-layout":"default","ast-site-content-layout":"default","site-content-style":"default","site-sidebar-style":"default","ast-global-header-display":"","ast-banner-title-visibility":"","ast-main-header-display":"","ast-hfb-above-header-display":"","ast-hfb-below-header-display":"","ast-hfb-mobile-header-display":"","site-post-title":"","ast-breadcrumbs-content":"","ast-featured-img":"","footer-sml-layout":"","ast-disable-related-posts":"","theme-transparent-header-meta":"default","adv-header-id-meta":"","stick-header-meta":"","header-above-stick-meta":"","header-main-stick-meta":"","header-below-stick-meta":"","astra-migrate-meta-layouts":"set","ast-page-background-enabled":"default","ast-page-background-meta":{"desktop":{"background-color":"var(--ast-global-color-4)","background-image":"","background-repeat":"repeat","background-position":"center center","background-size":"auto","background-attachment":"scroll","background-type":"","background-media":"","overlay-type":"","overlay-color":"","overlay-opacity":"","overlay-gradient":""},"tablet":{"background-color":"","background-image":"","background-repeat":"repeat","background-position":"center center","background-size":"auto","background-attachment":"scroll","background-type":"","background-media":"","overlay-type":"","overlay-color":"","overlay-opacity":"","overlay-gradient":""},"mobile":{"background-color":"","background-image":"","background-repeat":"repeat","background-position":"center center","background-size":"auto","background-attachment":"scroll","background-type":"","background-media":"","overlay-type":"","overlay-color":"","overlay-opacity":"","overlay-gradient":""}},"ast-content-background-meta":{"desktop":{"background-color":"var(--ast-global-color-5)","background-image":"","background-repeat":"repeat","background-position":"center center","background-size":"auto","background-attachment":"scroll","background-type":"","background-media":"","overlay-type":"","overlay-color":"","overlay-opacity":"","overlay-gradient":""},"tablet":{"background-color":"var(--ast-global-color-5)","background-image":"","background-repeat":"repeat","background-position":"center center","background-size":"auto","background-attachment":"scroll","background-type":"","background-media":"","overlay-type":"","overlay-color":"","overlay-opacity":"","overlay-gradient":""},"mobile":{"background-color":"var(--ast-global-color-5)","background-image":"","background-repeat":"repeat","background-position":"center center","background-size":"auto","background-attachment":"scroll","background-type":"","background-media":"","overlay-type":"","overlay-color":"","overlay-opacity":"","overlay-gradient":""}},"jetpack_post_was_ever_published":false},"product_brand":[],"product_cat":[238],"product_tag":[541,1228,549,550,546,547,548],"class_list":{"0":"post-1505","1":"product","2":"type-product","3":"status-publish","4":"has-post-thumbnail","6":"product_cat-equipements","7":"product_tag-f10","8":"product_tag-f104","9":"product_tag-f21","10":"product_tag-milwaukee","11":"product_tag-ph","12":"product_tag-ph-metre","13":"product_tag-temperature-meter","14":"product_shipping_class-temperature-ambiante","15":"desktop-align-center","16":"tablet-align-left","17":"mobile-align-left","19":"first","20":"instock","21":"taxable","22":"shipping-taxable","23":"purchasable","24":"product-type-simple"},"yoast_head":"<!-- This site is optimized with the Yoast SEO plugin v27.5 - https:\/\/yoast.com\/product\/yoast-seo-wordpress\/ -->\n<title>PH\/Temperature-M\u00e8tre portable - La Boutique en ligne<\/title>\n<meta name=\"description\" content=\"Un pH-m\u00e8tre est un instrument utilis\u00e9 pour mesurer l&#039;acidit\u00e9 ou l&#039;alcalinit\u00e9 d&#039;une solution, \u00e9galement appel\u00e9e pH. Le pH est l&#039;unit\u00e9 de mesure qui d\u00e9crit le degr\u00e9 d&#039;acidit\u00e9 ou d&#039;alcalinit\u00e9. Elle est mesur\u00e9e sur une \u00e9chelle de 0 \u00e0 14\" \/>\n<meta name=\"robots\" content=\"index, follow, max-snippet:-1, max-image-preview:large, max-video-preview:-1\" \/>\n<link rel=\"canonical\" href=\"https:\/\/store.microbiotech.dz\/index.php\/produit\/ph-temperature-metre-portable-000-a-1200-ph-pour-agro-alimentaires\/\" \/>\n<meta property=\"og:locale\" content=\"fr_FR\" \/>\n<meta property=\"og:type\" content=\"article\" \/>\n<meta property=\"og:title\" content=\"PH\/Temperature-M\u00e8tre portable - La Boutique en ligne\" \/>\n<meta property=\"og:description\" content=\"Un pH-m\u00e8tre est un instrument utilis\u00e9 pour mesurer l&#039;acidit\u00e9 ou l&#039;alcalinit\u00e9 d&#039;une solution, \u00e9galement appel\u00e9e pH. Le pH est l&#039;unit\u00e9 de mesure qui d\u00e9crit le degr\u00e9 d&#039;acidit\u00e9 ou d&#039;alcalinit\u00e9. Elle est mesur\u00e9e sur une \u00e9chelle de 0 \u00e0 14\" \/>\n<meta property=\"og:url\" content=\"https:\/\/store.microbiotech.dz\/index.php\/produit\/ph-temperature-metre-portable-000-a-1200-ph-pour-agro-alimentaires\/\" \/>\n<meta property=\"og:site_name\" content=\"La Boutique en ligne\" \/>\n<meta property=\"article:publisher\" content=\"https:\/\/www.facebook.com\/MicroBiotech.dz\" \/>\n<meta property=\"article:modified_time\" content=\"2025-02-11T10:32:50+00:00\" \/>\n<meta property=\"og:image\" content=\"https:\/\/store.microbiotech.dz\/wp-content\/uploads\/2022\/02\/MW102Food-inc__36451.1609434950.jpg\" \/>\n\t<meta property=\"og:image:width\" content=\"1000\" \/>\n\t<meta property=\"og:image:height\" content=\"1000\" \/>\n\t<meta property=\"og:image:type\" content=\"image\/jpeg\" \/>\n<meta name=\"twitter:card\" content=\"summary_large_image\" \/>\n<meta name=\"twitter:site\" content=\"@MicrobiotechD\" \/>\n<script type=\"application\/ld+json\" class=\"yoast-schema-graph\">{\"@context\":\"https:\\\/\\\/schema.org\",\"@graph\":[{\"@type\":\"WebPage\",\"@id\":\"https:\\\/\\\/store.microbiotech.dz\\\/index.php\\\/produit\\\/ph-temperature-metre-portable-000-a-1200-ph-pour-agro-alimentaires\\\/\",\"url\":\"https:\\\/\\\/store.microbiotech.dz\\\/index.php\\\/produit\\\/ph-temperature-metre-portable-000-a-1200-ph-pour-agro-alimentaires\\\/\",\"name\":\"PH\\\/Temperature-M\u00e8tre portable - La Boutique en ligne\",\"isPartOf\":{\"@id\":\"https:\\\/\\\/store.microbiotech.dz\\\/#website\"},\"primaryImageOfPage\":{\"@id\":\"https:\\\/\\\/store.microbiotech.dz\\\/index.php\\\/produit\\\/ph-temperature-metre-portable-000-a-1200-ph-pour-agro-alimentaires\\\/#primaryimage\"},\"image\":{\"@id\":\"https:\\\/\\\/store.microbiotech.dz\\\/index.php\\\/produit\\\/ph-temperature-metre-portable-000-a-1200-ph-pour-agro-alimentaires\\\/#primaryimage\"},\"thumbnailUrl\":\"https:\\\/\\\/store.microbiotech.dz\\\/wp-content\\\/uploads\\\/2022\\\/02\\\/MW102Food-inc__36451.1609434950.jpg\",\"datePublished\":\"2022-03-03T15:40:23+00:00\",\"dateModified\":\"2025-02-11T10:32:50+00:00\",\"description\":\"Un pH-m\u00e8tre est un instrument utilis\u00e9 pour mesurer l'acidit\u00e9 ou l'alcalinit\u00e9 d'une solution, \u00e9galement appel\u00e9e pH. Le pH est l'unit\u00e9 de mesure qui d\u00e9crit le degr\u00e9 d'acidit\u00e9 ou d'alcalinit\u00e9. Elle est mesur\u00e9e sur une \u00e9chelle de 0 \u00e0 14\",\"breadcrumb\":{\"@id\":\"https:\\\/\\\/store.microbiotech.dz\\\/index.php\\\/produit\\\/ph-temperature-metre-portable-000-a-1200-ph-pour-agro-alimentaires\\\/#breadcrumb\"},\"inLanguage\":\"fr-FR\",\"potentialAction\":[{\"@type\":\"ReadAction\",\"target\":[\"https:\\\/\\\/store.microbiotech.dz\\\/index.php\\\/produit\\\/ph-temperature-metre-portable-000-a-1200-ph-pour-agro-alimentaires\\\/\"]}]},{\"@type\":\"ImageObject\",\"inLanguage\":\"fr-FR\",\"@id\":\"https:\\\/\\\/store.microbiotech.dz\\\/index.php\\\/produit\\\/ph-temperature-metre-portable-000-a-1200-ph-pour-agro-alimentaires\\\/#primaryimage\",\"url\":\"https:\\\/\\\/store.microbiotech.dz\\\/wp-content\\\/uploads\\\/2022\\\/02\\\/MW102Food-inc__36451.1609434950.jpg\",\"contentUrl\":\"https:\\\/\\\/store.microbiotech.dz\\\/wp-content\\\/uploads\\\/2022\\\/02\\\/MW102Food-inc__36451.1609434950.jpg\",\"width\":1000,\"height\":1000},{\"@type\":\"BreadcrumbList\",\"@id\":\"https:\\\/\\\/store.microbiotech.dz\\\/index.php\\\/produit\\\/ph-temperature-metre-portable-000-a-1200-ph-pour-agro-alimentaires\\\/#breadcrumb\",\"itemListElement\":[{\"@type\":\"ListItem\",\"position\":1,\"name\":\"Accueil\",\"item\":\"https:\\\/\\\/store.microbiotech.dz\\\/\"},{\"@type\":\"ListItem\",\"position\":2,\"name\":\"Nos Produits\",\"item\":\"https:\\\/\\\/store.microbiotech.dz\\\/index.php\\\/nos-produits\\\/\"},{\"@type\":\"ListItem\",\"position\":3,\"name\":\"PH\\\/Temperature-M\u00e8tre portable\"}]},{\"@type\":\"WebSite\",\"@id\":\"https:\\\/\\\/store.microbiotech.dz\\\/#website\",\"url\":\"https:\\\/\\\/store.microbiotech.dz\\\/\",\"name\":\"La Boutique en ligne\",\"description\":\"Qualit\u00e9 - Rapidit\u00e9 - Tranquillit\u00e9\",\"publisher\":{\"@id\":\"https:\\\/\\\/store.microbiotech.dz\\\/#organization\"},\"potentialAction\":[{\"@type\":\"SearchAction\",\"target\":{\"@type\":\"EntryPoint\",\"urlTemplate\":\"https:\\\/\\\/store.microbiotech.dz\\\/?s={search_term_string}\"},\"query-input\":{\"@type\":\"PropertyValueSpecification\",\"valueRequired\":true,\"valueName\":\"search_term_string\"}}],\"inLanguage\":\"fr-FR\"},{\"@type\":\"Organization\",\"@id\":\"https:\\\/\\\/store.microbiotech.dz\\\/#organization\",\"name\":\"Microbiotech EURL\",\"url\":\"https:\\\/\\\/store.microbiotech.dz\\\/\",\"logo\":{\"@type\":\"ImageObject\",\"inLanguage\":\"fr-FR\",\"@id\":\"https:\\\/\\\/store.microbiotech.dz\\\/#\\\/schema\\\/logo\\\/image\\\/\",\"url\":\"https:\\\/\\\/store.microbiotech.dz\\\/wp-content\\\/uploads\\\/2021\\\/09\\\/cropped-logo-microbiotech-2.jpg\",\"contentUrl\":\"https:\\\/\\\/store.microbiotech.dz\\\/wp-content\\\/uploads\\\/2021\\\/09\\\/cropped-logo-microbiotech-2.jpg\",\"width\":815,\"height\":586,\"caption\":\"Microbiotech EURL\"},\"image\":{\"@id\":\"https:\\\/\\\/store.microbiotech.dz\\\/#\\\/schema\\\/logo\\\/image\\\/\"},\"sameAs\":[\"https:\\\/\\\/www.facebook.com\\\/MicroBiotech.dz\",\"https:\\\/\\\/x.com\\\/MicrobiotechD\",\"https:\\\/\\\/www.linkedin.com\\\/in\\\/microbiotech\\\/\",\"https:\\\/\\\/www.youtube.com\\\/channel\\\/UCTxc3VIiX7LXD2LQYfZEcDg\"]}]}<\/script>\n<!-- \/ Yoast SEO plugin. -->","yoast_head_json":{"title":"PH\/Temperature-M\u00e8tre portable - La Boutique en ligne","description":"Un pH-m\u00e8tre est un instrument utilis\u00e9 pour mesurer l'acidit\u00e9 ou l'alcalinit\u00e9 d'une solution, \u00e9galement appel\u00e9e pH. Le pH est l'unit\u00e9 de mesure qui d\u00e9crit le degr\u00e9 d'acidit\u00e9 ou d'alcalinit\u00e9. Elle est mesur\u00e9e sur une \u00e9chelle de 0 \u00e0 14","robots":{"index":"index","follow":"follow","max-snippet":"max-snippet:-1","max-image-preview":"max-image-preview:large","max-video-preview":"max-video-preview:-1"},"canonical":"https:\/\/store.microbiotech.dz\/index.php\/produit\/ph-temperature-metre-portable-000-a-1200-ph-pour-agro-alimentaires\/","og_locale":"fr_FR","og_type":"article","og_title":"PH\/Temperature-M\u00e8tre portable - La Boutique en ligne","og_description":"Un pH-m\u00e8tre est un instrument utilis\u00e9 pour mesurer l'acidit\u00e9 ou l'alcalinit\u00e9 d'une solution, \u00e9galement appel\u00e9e pH. Le pH est l'unit\u00e9 de mesure qui d\u00e9crit le degr\u00e9 d'acidit\u00e9 ou d'alcalinit\u00e9. Elle est mesur\u00e9e sur une \u00e9chelle de 0 \u00e0 14","og_url":"https:\/\/store.microbiotech.dz\/index.php\/produit\/ph-temperature-metre-portable-000-a-1200-ph-pour-agro-alimentaires\/","og_site_name":"La Boutique en ligne","article_publisher":"https:\/\/www.facebook.com\/MicroBiotech.dz","article_modified_time":"2025-02-11T10:32:50+00:00","og_image":[{"width":1000,"height":1000,"url":"https:\/\/store.microbiotech.dz\/wp-content\/uploads\/2022\/02\/MW102Food-inc__36451.1609434950.jpg","type":"image\/jpeg"}],"twitter_card":"summary_large_image","twitter_site":"@MicrobiotechD","schema":{"@context":"https:\/\/schema.org","@graph":[{"@type":"WebPage","@id":"https:\/\/store.microbiotech.dz\/index.php\/produit\/ph-temperature-metre-portable-000-a-1200-ph-pour-agro-alimentaires\/","url":"https:\/\/store.microbiotech.dz\/index.php\/produit\/ph-temperature-metre-portable-000-a-1200-ph-pour-agro-alimentaires\/","name":"PH\/Temperature-M\u00e8tre portable - La Boutique en ligne","isPartOf":{"@id":"https:\/\/store.microbiotech.dz\/#website"},"primaryImageOfPage":{"@id":"https:\/\/store.microbiotech.dz\/index.php\/produit\/ph-temperature-metre-portable-000-a-1200-ph-pour-agro-alimentaires\/#primaryimage"},"image":{"@id":"https:\/\/store.microbiotech.dz\/index.php\/produit\/ph-temperature-metre-portable-000-a-1200-ph-pour-agro-alimentaires\/#primaryimage"},"thumbnailUrl":"https:\/\/store.microbiotech.dz\/wp-content\/uploads\/2022\/02\/MW102Food-inc__36451.1609434950.jpg","datePublished":"2022-03-03T15:40:23+00:00","dateModified":"2025-02-11T10:32:50+00:00","description":"Un pH-m\u00e8tre est un instrument utilis\u00e9 pour mesurer l'acidit\u00e9 ou l'alcalinit\u00e9 d'une solution, \u00e9galement appel\u00e9e pH. Le pH est l'unit\u00e9 de mesure qui d\u00e9crit le degr\u00e9 d'acidit\u00e9 ou d'alcalinit\u00e9. Elle est mesur\u00e9e sur une \u00e9chelle de 0 \u00e0 14","breadcrumb":{"@id":"https:\/\/store.microbiotech.dz\/index.php\/produit\/ph-temperature-metre-portable-000-a-1200-ph-pour-agro-alimentaires\/#breadcrumb"},"inLanguage":"fr-FR","potentialAction":[{"@type":"ReadAction","target":["https:\/\/store.microbiotech.dz\/index.php\/produit\/ph-temperature-metre-portable-000-a-1200-ph-pour-agro-alimentaires\/"]}]},{"@type":"ImageObject","inLanguage":"fr-FR","@id":"https:\/\/store.microbiotech.dz\/index.php\/produit\/ph-temperature-metre-portable-000-a-1200-ph-pour-agro-alimentaires\/#primaryimage","url":"https:\/\/store.microbiotech.dz\/wp-content\/uploads\/2022\/02\/MW102Food-inc__36451.1609434950.jpg","contentUrl":"https:\/\/store.microbiotech.dz\/wp-content\/uploads\/2022\/02\/MW102Food-inc__36451.1609434950.jpg","width":1000,"height":1000},{"@type":"BreadcrumbList","@id":"https:\/\/store.microbiotech.dz\/index.php\/produit\/ph-temperature-metre-portable-000-a-1200-ph-pour-agro-alimentaires\/#breadcrumb","itemListElement":[{"@type":"ListItem","position":1,"name":"Accueil","item":"https:\/\/store.microbiotech.dz\/"},{"@type":"ListItem","position":2,"name":"Nos Produits","item":"https:\/\/store.microbiotech.dz\/index.php\/nos-produits\/"},{"@type":"ListItem","position":3,"name":"PH\/Temperature-M\u00e8tre portable"}]},{"@type":"WebSite","@id":"https:\/\/store.microbiotech.dz\/#website","url":"https:\/\/store.microbiotech.dz\/","name":"La Boutique en ligne","description":"Qualit\u00e9 - Rapidit\u00e9 - Tranquillit\u00e9","publisher":{"@id":"https:\/\/store.microbiotech.dz\/#organization"},"potentialAction":[{"@type":"SearchAction","target":{"@type":"EntryPoint","urlTemplate":"https:\/\/store.microbiotech.dz\/?s={search_term_string}"},"query-input":{"@type":"PropertyValueSpecification","valueRequired":true,"valueName":"search_term_string"}}],"inLanguage":"fr-FR"},{"@type":"Organization","@id":"https:\/\/store.microbiotech.dz\/#organization","name":"Microbiotech EURL","url":"https:\/\/store.microbiotech.dz\/","logo":{"@type":"ImageObject","inLanguage":"fr-FR","@id":"https:\/\/store.microbiotech.dz\/#\/schema\/logo\/image\/","url":"https:\/\/store.microbiotech.dz\/wp-content\/uploads\/2021\/09\/cropped-logo-microbiotech-2.jpg","contentUrl":"https:\/\/store.microbiotech.dz\/wp-content\/uploads\/2021\/09\/cropped-logo-microbiotech-2.jpg","width":815,"height":586,"caption":"Microbiotech EURL"},"image":{"@id":"https:\/\/store.microbiotech.dz\/#\/schema\/logo\/image\/"},"sameAs":["https:\/\/www.facebook.com\/MicroBiotech.dz","https:\/\/x.com\/MicrobiotechD","https:\/\/www.linkedin.com\/in\/microbiotech\/","https:\/\/www.youtube.com\/channel\/UCTxc3VIiX7LXD2LQYfZEcDg"]}]}},"jetpack_sharing_enabled":true,"_links":{"self":[{"href":"https:\/\/store.microbiotech.dz\/index.php\/wp-json\/wp\/v2\/product\/1505","targetHints":{"allow":["GET"]}}],"collection":[{"href":"https:\/\/store.microbiotech.dz\/index.php\/wp-json\/wp\/v2\/product"}],"about":[{"href":"https:\/\/store.microbiotech.dz\/index.php\/wp-json\/wp\/v2\/types\/product"}],"replies":[{"embeddable":true,"href":"https:\/\/store.microbiotech.dz\/index.php\/wp-json\/wp\/v2\/comments?post=1505"}],"wp:featuredmedia":[{"embeddable":true,"href":"https:\/\/store.microbiotech.dz\/index.php\/wp-json\/wp\/v2\/media\/1506"}],"wp:attachment":[{"href":"https:\/\/store.microbiotech.dz\/index.php\/wp-json\/wp\/v2\/media?parent=1505"}],"wp:term":[{"taxonomy":"product_brand","embeddable":true,"href":"https:\/\/store.microbiotech.dz\/index.php\/wp-json\/wp\/v2\/product_brand?post=1505"},{"taxonomy":"product_cat","embeddable":true,"href":"https:\/\/store.microbiotech.dz\/index.php\/wp-json\/wp\/v2\/product_cat?post=1505"},{"taxonomy":"product_tag","embeddable":true,"href":"https:\/\/store.microbiotech.dz\/index.php\/wp-json\/wp\/v2\/product_tag?post=1505"}],"curies":[{"name":"wp","href":"https:\/\/api.w.org\/{rel}","templated":true}]}}